000
CXUS56 KOTX 010900
CF6EAT
PRELIMINARY LOCAL CLIMATOLOGICAL DATA (WS FORM: F-6)
STATION: WENATCHEE WA PANGBORN FIELD
MONTH: FEBRUARY
YEAR: 2020
LATITUDE: 47 23 N
LONGITUDE: 120 12 W
TEMPERATURE IN F: :PCPN: SNOW: WIND :SUNSHINE: SKY :PK WND
================================================================================
1 2 3 4 5 6A 6B 7 8 9 10 11 12 13 14 15 16 17 18
12Z AVG MX 2MIN
DY MAX MIN AVG DEP HDD CDD WTR SNW DPTH SPD SPD DIR MIN PSBL S-S WX SPD DR
================================================================================
1 57 32 45 13 20 0 T M M 12.4 39 280 M M 5 49 300
2 41 28 35 3 30 0 0.00 M M 7.3 15 290 M M 0 17 310
3 41 24 33 1 32 0 0.00 M M 4.7 14 300 M M 2 8 15 300
4 30 23 27 -6 38 0 0.00 M M 2.3 12 90 M M 5 14 90
5 40 27 34 1 31 0 T M M 3.2 9 100 M M 4 1 11 70
6 42 30 36 3 29 0 0.07 M M 2.8 9 320 M M 6 1 10 320
7 43 33 38 5 27 0 0.01 M M 6.5 22 320 M M 10 12 28 330
8 50 32 41 8 24 0 0.00 M M 9.9 24 290 M M 4 29 280
9 46 27 37 3 28 0 0.00 M M 6.1 24 310 M M 0 29 300
10 48 28 38 4 27 0 0.00 M M 3.1 10 270 M M 0 11 270
11 55 30 43 9 22 0 0.00 M M 9.2 33 290 M M 0 42 290
12 50 31 41 7 24 0 0.00 M M 4.9 10 270 M M 0 12 150
13 40 27 34 0 31 0 0.00 M M 3.4 14 300 M M 2 15 300
14 49 30 40 6 25 0 0.00 M M 7.5 18 270 M M 1 26 330
15 45 28 37 2 28 0 0.00 M M 3.0 8 70 M M 1 9 130
16 48 31 40 5 25 0 0.00 M M 12.7 26 290 M M 2 33 280
17 47 29 38 3 27 0 0.00 M M 8.9 18 290 M M 0 24 290
18 44 23 34 -1 31 0 0.00 M M 5.2 12 280 M M 0 14 270
19 44 21 33 -3 32 0 0.00 M M 4.1 12 140 M M 0 14 140
20 44 23 34 -2 31 0 0.00 M M 3.4 9 130 M M 0 11 140
21 45 23 34 -2 31 0 0.00 M M 3.4 8 260 M M 0 11 310
22 56 27 42 6 23 0 0.00 M M 5.4 13 340 M M 1 18 330
23 48 32 40 3 25 0 0.02 M M 13.3 32 290 M M 4 1 42 270
24 49 32 41 4 24 0 0.00 M M 8.0 22 290 M M 0 27 280
25 46 27 37 -1 28 0 0.00 M M 4.8 9 90 M M 4 12 100
26 57 30 44 6 21 0 0.00 M M 7.3 22 300 M M 1 27 300
27 57 38 48 10 17 0 0.00 M M 6.9 14 110 M M 0 18 120
28 56 30 43 5 22 0 0.00 M M 8.9 37 270 M M 0 44 260
29 52 34 43 4 22 0 0.00 M M 14.3 30 320 M M 1 38 280
================================================================================
SM 1370 830 775 0 0.10 M 192.9 M 53
================================================================================
AV 47.2 28.6 6.7 FASTST M M 2 MAX(MPH)
MISC ----> # 39 280 # 49 300
================================================================================
NOTES:
# LAST OF SEVERAL OCCURRENCES
COLUMN 17 PEAK WIND IN M.P.H.
PRELIMINARY LOCAL CLIMATOLOGICAL DATA (WS FORM: F-6) , PAGE 2
STATION: WENATCHEE WA PANGBORN FIELD
MONTH: FEBRUARY
YEAR: 2020
LATITUDE: 47 23 N
LONGITUDE: 120 12 W
[TEMPERATURE DATA] [PRECIPITATION DATA] SYMBOLS USED IN COLUMN 16
AVERAGE MONTHLY: 37.9 TOTAL FOR MONTH: 0.10 1 = FOG OR MIST
DPTR FM NORMAL: 3.1 DPTR FM NORMAL: -0.71 2 = FOG REDUCING VISIBILITY
HIGHEST: 57 ON 27,26 GRTST 24HR 0.07 ON 6- 6 TO 1/4 MILE OR LESS
LOWEST: 21 ON 19 3 = THUNDER
SNOW, ICE PELLETS, HAIL 4 = ICE PELLETS
TOTAL MONTH: M 5 = HAIL
GRTST 24HR M ON M 6 = FREEZING RAIN OR DRIZZLE
GRTST DEPTH: M ON M 7 = DUSTSTORM OR SANDSTORM:
VSBY 1/2 MILE OR LESS
8 = SMOKE OR HAZE
[NO. OF DAYS WITH] [WEATHER - DAYS WITH] 9 = BLOWING SNOW
X = TORNADO
MAX 32 OR BELOW: 1 0.01 INCH OR MORE: 3
MAX 90 OR ABOVE: 0 0.10 INCH OR MORE: 0
MIN 32 OR BELOW: 26 0.50 INCH OR MORE: 0
MIN 0 OR BELOW: 0 1.00 INCH OR MORE: 0
[HDD (BASE 65) ]
TOTAL THIS MO. 775 CLEAR (SCALE 0-3) 21
DPTR FM NORMAL -69 PTCLDY (SCALE 4-7) 7
TOTAL FM JUL 1 4426 CLOUDY (SCALE 8-10) 1
DPTR FM NORMAL -64
[CDD (BASE 65) ]
TOTAL THIS MO. 0
DPTR FM NORMAL 0 [PRESSURE DATA]
TOTAL FM JAN 1 0 HIGHEST SLP M ON M
DPTR FM NORMAL 0 LOWEST SLP 29.76 ON M
[REMARKS]
#FINAL-02-20#