000
CXUS53 KMPX 011735
CF6EAU
PRELIMINARY LOCAL CLIMATOLOGICAL DATA (WS FORM: F-6)
STATION: EAU CLAIRE WI
MONTH: MARCH
YEAR: 2020
LATITUDE: 44 52 N
LONGITUDE: 91 29 W
TEMPERATURE IN F: :PCPN: SNOW: WIND :SUNSHINE: SKY :PK WND
================================================================================
1 2 3 4 5 6A 6B 7 8 9 10 11 12 13 14 15 16 17 18
12Z AVG MX 2MIN
DY MAX MIN AVG DEP HDD CDD WTR SNW DPTH SPD SPD DIR MIN PSBL S-S WX SPD DR
================================================================================
1 46 24 35 10 30 0 0.00 0.0 6 9.0 20 270 M M 1 27 260
2 37 27 32 7 33 0 0.00 0.0 5 9.2 17 320 M M 4 24 330
3 41 27 34 8 31 0 T T 5 9.9 22 260 M M 5 18 29 260
4 40 24 32 6 33 0 T 0.0 4 7.1 15 150 M M 2 24 150
5 41 29 35 9 30 0 0.17 T 2 12.8 24 10 M M 9 1 39 360
6 37 19 28 1 37 0 0.00 0.0 2 4.8 16 340 M M 0 24 340
7 51 19 35 8 30 0 0.00 0.0 1 11.3 23 200 M M 0 32 220
8 58 38 48 20 17 0 T 0.0 T 9.2 23 210 M M 0 33 190
9 47 29 38 10 27 0 T 0.0 T 7.2 17 280 M M 6 23 280
10 44 20 32 3 33 0 0.11 0.8 0 3.3 13 200 M M 4 1 15 210
11 43 33 38 9 27 0 0.03 0.2 1 5.5 13 160 M M 8 1 17 150
12 42 32 37 7 28 0 0.04 0.0 0 9.5 28 290 M M 9 1 37 300
13 39 26 33 3 32 0 0.00 0.0 0 13.2 25 280 M M 3 36 290
14 33 19 26 -4 39 0 0.00 0.0 0 4.7 10 330 M M 3 17 360
15 40 15 28 -3 37 0 0.00 0.0 0 5.3 13 160 M M 1 20 110
16 38 27 33 2 32 0 T T 0 10.0 24 300 M M 8 18 34 300
17 45 20 33 1 32 0 T T 0 7.1 18 240 M M 2 25 290
18 45 35 40 8 25 0 0.00 0.0 0 6.7 13 150 M M 10 1 17 160
19 40 33 37 4 28 0 0.86 0.2 0 7.0 20 350 M M 10 1 29 360
20 35 19 27 -6 38 0 T T 0 13.0 25 330 M M 6 38 320
21 37 15 26 -8 39 0 0.00 0.0 0 7.6 16 140 M M 3 21 140
22 44 28 36 2 29 0 T T 0 12.4 23 140 M M 10 28 130
23 40 31 36 2 29 0 0.08 0.8 1 3.2 9 200 M M 10 1 13 200
24 53 30 42 7 23 0 T 0.0 0 7.3 17 180 M M 10 1 23 160
25 47 37 42 7 23 0 0.52 0.0 0 5.9 14 200 M M 10 18 18 200
26 53 29 41 5 24 0 0.00 0.0 0 4.3 9 160 M M 3 18 14 10
27 58 30 44 8 21 0 0.02 0.0 0 4.0 15 160 M M 3 1 18 160
28 50 42 46 9 19 0 0.36 0.0 0 13.7 30 70 M M 10 138 46 80
29 43 36 40 3 25 0 0.25 0.0 0 11.6 24 330 M M 10 1 34 340
30 57 28 43 5 22 0 0.00 0.0 0 5.3 14 40 M M 0 1 20 40
31 52 27 40 2 25 0 0.00 0.0 0 6.9 16 90 M M 3 23 100
================================================================================
SM 1376 848 898 0 2.44 2.0 248.0 M 163
================================================================================
AV 44.4 27.4 8.0 FASTST M M 5 MAX(MPH)
MISC ----> 30 70 46 80
================================================================================
NOTES:
# LAST OF SEVERAL OCCURRENCES
COLUMN 17 PEAK WIND IN M.P.H.
PRELIMINARY LOCAL CLIMATOLOGICAL DATA (WS FORM: F-6) , PAGE 2
STATION: EAU CLAIRE WI
MONTH: MARCH
YEAR: 2020
LATITUDE: 44 52 N
LONGITUDE: 91 29 W
[TEMPERATURE DATA] [PRECIPITATION DATA] SYMBOLS USED IN COLUMN 16
AVERAGE MONTHLY: 35.9 TOTAL FOR MONTH: 2.44 1 = FOG OR MIST
DPTR FM NORMAL: 4.5 DPTR FM NORMAL: 0.71 2 = FOG REDUCING VISIBILITY
HIGHEST: 58 ON 27, 8 GRTST 24HR 0.86 ON 19-19 TO 1/4 MILE OR LESS
LOWEST: 15 ON 21,15 3 = THUNDER
SNOW, ICE PELLETS, HAIL 4 = ICE PELLETS
TOTAL MONTH: 2.0 INCHES 5 = HAIL
GRTST 24HR 0.8 ON 10-10 6 = FREEZING RAIN OR DRIZZLE
GRTST DEPTH: 7 ON M 7 = DUSTSTORM OR SANDSTORM:
VSBY 1/2 MILE OR LESS
8 = SMOKE OR HAZE
[NO. OF DAYS WITH] [WEATHER - DAYS WITH] 9 = BLOWING SNOW
X = TORNADO
MAX 32 OR BELOW: 0 0.01 INCH OR MORE: 10
MAX 90 OR ABOVE: 0 0.10 INCH OR MORE: 6
MIN 32 OR BELOW: 24 0.50 INCH OR MORE: 2
MIN 0 OR BELOW: 0 1.00 INCH OR MORE: 0
[HDD (BASE 65) ]
TOTAL THIS MO. 898 CLEAR (SCALE 0-3) 12
DPTR FM NORMAL -146 PTCLDY (SCALE 4-7) 7
TOTAL FM JUL 1 6671 CLOUDY (SCALE 8-10) 12
DPTR FM NORMAL -393
[CDD (BASE 65) ]
TOTAL THIS MO. 0
DPTR FM NORMAL 0 [PRESSURE DATA]
TOTAL FM JAN 1 0 HIGHEST SLP 30.76 ON 15
DPTR FM NORMAL 0 LOWEST SLP 29.28 ON 29
[REMARKS]
#FINAL-03-20#