000
CXUS54 KEWX 011110
CF6ECU
PRELIMINARY LOCAL CLIMATOLOGICAL DATA (WS FORM: F-6)
STATION: EDWARDS COUNTY AIRPORT
MONTH: JANUARY
YEAR: 2023
LATITUDE: 29 57 N
LONGITUDE: 100 10 W
TEMPERATURE IN F: :PCPN: SNOW: WIND :SUNSHINE: SKY :PK WND
================================================================================
1 2 3 4 5 6A 6B 7 8 9 10 11 12 13 14 15 16 17 18
12Z AVG MX 2MIN
DY MAX MIN AVG DEP HDD CDD WTR SNW DPTH SPD SPD DIR MIN PSBL S-S WX SPD DR
================================================================================
1 81 52 67 M 0 2 0.00 M M 7.5 14 130 M M 0 20 130
2 77 55 66 M 0 1 0.00 M M 11.1 16 150 M M 5 1 28 100
3 66 48 57 M 8 0 0.00 M M 7.7 15 330 M M 0 17 330
4 70 45 58 M 7 0 0.00 M M 10.1 20 310 M M 0 27 310
5 72 46 59 M 6 0 0.00 M M 5.7 9 150 M M 0 15 220
6 70 52 61 M 4 0 0.00 M M 12.8 18 170 M M 3 2 24 160
7 70 54 62 M 3 0 0.00 M M 6.3 12 30 M M 9 12 18 50
8 66 41 54 M 11 0 0.00 M M 7.5 12 40 M M 2 18 20
9 72 46 59 M 6 0 0.00 M M 7.0 10 210 M M 3 16 210
10 79 52 66 M 0 1 0.00 M M 8.2 14 180 M M 0 15 240
11 81 55 68 M 0 3 0.00 M M 9.2 14 210 M M 0 18 190
12 64 43 54 M 11 0 0.00 M M 13.7 21 340 M M 0 30 340
13 64 36 50 M 15 0 0.00 M M 3.7 7 190 M M 0 M M
14 61 37 49 M 16 0 0.00 M M 13.1 18 170 M M 0 27 170
15 61 48 55 M 10 0 0.00 M M 13.7 22 150 M M 0 29 170
16 73 52 63 M 2 0 0.00 M M 5.4 14 280 M M 2 1 18 280
17 79 52 66 M 0 1 0.00 M M 8.5 20 180 M M 0 25 180
18 68 50 59 M 6 0 0.00 M M 13.2 24 300 M M 3 1 31 300
19 64 43 54 M 11 0 0.00 M M 8.6 20 320 M M 2 23 320
20 64 46 55 M 10 0 0.00 M M 10.7 16 150 M M 8 25 140
21 66 46 56 M 9 0 0.00 M M 9.4 16 150 M M 4 25 150
22 59 32 46 M 19 0 0.00 M M 7.0 12 300 M M 0 17 360
23 54 37 46 M 19 0 0.00 M M 14.0 21 130 M M 5 1 29 130
24 54 37 46 M 19 0 0.11 M M 15.6 29 290 M M 7 1 37 300
25 52 34 43 M 22 0 0.00 M M 12.0 17 300 M M 1 23 330
26 52 32 42 M 23 0 0.00 M M 4.7 7 99 M M 0 15 99
27 57 34 46 M 19 0 0.00 M M 9.1 15 160 M M 3 22 190
28 59 45 52 M 13 0 0.00 M M 8.9 13 170 M M 8 12 20 150
29 73 43 58 M 7 0 0.05 M M 7.5 13 280 M M 6 12 18 60
30 43 27 35 M 30 0 0.00 M M 11.4 18 30 M M 10 12 24 30
31 27 25 26 M 39 0 0.00 M M 10.8 15 20 M M 10 1 22 20
================================================================================
SM 1998 1345 345 8 0.16 M 294.0 M 91
================================================================================
AV 64.5 43.4 9.5 FASTST M M 3 MAX(MPH)
MISC ----> 29 290 37 300
================================================================================
NOTES:
# LAST OF SEVERAL OCCURRENCES
COLUMN 17 PEAK WIND IN M.P.H.
PRELIMINARY LOCAL CLIMATOLOGICAL DATA (WS FORM: F-6) , PAGE 2
STATION: EDWARDS COUNTY AIRPORT
MONTH: JANUARY
YEAR: 2023
LATITUDE: 29 57 N
LONGITUDE: 100 10 W
[TEMPERATURE DATA] [PRECIPITATION DATA] SYMBOLS USED IN COLUMN 16
AVERAGE MONTHLY: 53.9 TOTAL FOR MONTH: 0.16 1 = FOG OR MIST
DPTR FM NORMAL: 0.0 DPTR FM NORMAL: M 2 = FOG REDUCING VISIBILITY
HIGHEST: 81 ON 11, 1 GRTST 24HR 1.23 ON 24-24 TO 1/4 MILE OR LESS
LOWEST: 25 ON 31 3 = THUNDER
SNOW, ICE PELLETS, HAIL 4 = ICE PELLETS
TOTAL MONTH: M 5 = HAIL
GRTST 24HR M ON M 6 = FREEZING RAIN OR DRIZZLE
GRTST DEPTH: M ON M 7 = DUSTSTORM OR SANDSTORM:
VSBY 1/2 MILE OR LESS
8 = SMOKE OR HAZE
[NO. OF DAYS WITH] [WEATHER - DAYS WITH] 9 = BLOWING SNOW
X = TORNADO
MAX 32 OR BELOW: 1 0.01 INCH OR MORE: 2
MAX 90 OR ABOVE: 0 0.10 INCH OR MORE: 1
MIN 32 OR BELOW: 4 0.50 INCH OR MORE: 0
MIN 0 OR BELOW: 0 1.00 INCH OR MORE: 0
[HDD (BASE 65) ]
TOTAL THIS MO. 345 CLEAR (SCALE 0-3) 19
DPTR FM NORMAL M PTCLDY (SCALE 4-7) 8
TOTAL FM JUL 1 1129 CLOUDY (SCALE 8-10) 4
DPTR FM NORMAL M
[CDD (BASE 65) ]
TOTAL THIS MO. 8
DPTR FM NORMAL M [PRESSURE DATA]
TOTAL FM JAN 1 8 HIGHEST SLP M ON M
DPTR FM NORMAL M LOWEST SLP M ON M
[REMARKS]
#FINAL-01-23#