000
CXUS54 KEWX 011010
CF6ECU
PRELIMINARY LOCAL CLIMATOLOGICAL DATA (WS FORM: F-6)
STATION: Edwards County Airport
MONTH: JULY
YEAR: 2020
LATITUDE: 29 57 N
LONGITUDE: 100 10 W
TEMPERATURE IN F: :PCPN: SNOW: WIND :SUNSHINE: SKY :PK WND
================================================================================
1 2 3 4 5 6A 6B 7 8 9 10 11 12 13 14 15 16 17 18
12Z AVG MX 2MIN
DY MAX MIN AVG DEP HDD CDD WTR SNW DPTH SPD SPD DIR MIN PSBL S-S WX SPD DR
================================================================================
1 95 70 83 M 0 18 0.01 M M 12.1 17 150 M M 6 24 10
2 93 70 82 M 0 17 0.01 M M 10.3 21 140 M M 5 27 150
3 95 70 83 M 0 18 0.00 M M 9.4 14 130 M M 2 22 150
4 97 72 85 M 0 20 0.00 M M 7.7 15 150 M M 0 18 130
5 99 73 86 M 0 21 0.00 M M 9.5 15 150 M M 1 20 160
6 95 75 85 M 0 20 0.00 M M 7.6 13 150 M M 1 16 140
7 91 73 82 M 0 17 0.06 M M 8.5 13 140 M M 4 20 140
8 95 75 85 M 0 20 0.00 M M 11.9 16 140 M M 4 24 140
9 95 75 85 M 0 20 0.00 M M 11.5 18 150 M M 4 27 150
10 99 73 86 M 0 21 0.00 M M 11.4 18 150 M M 3 27 150
11 100 73 87 M 0 22 0.00 M M 9.2 15 140 M M 1 22 140
12 102 73 88 M 0 23 0.00 M M 8.8 13 160 M M 0 17 140
13 104 73 89 M 0 24 0.00 M M 10.4 17 170 M M 0 23 170
14 102 73 88 M 0 23 0.00 M M 13.2 20 150 M M 0 29 150
15 97 72 85 M 0 20 0.00 M M 13.5 20 150 M M 0 28 150
16 97 72 85 M 0 20 0.00 M M 10.6 15 160 M M 2 25 150
17 97 73 85 M 0 20 0.00 M M 8.5 14 140 M M 1 24 140
18 91 70 81 M 0 16 0.00 M M 10.7 16 150 M M 6 27 140
19 93 72 83 M 0 18 0.00 M M 11.0 18 160 M M 4 21 160
20 97 70 84 M 0 19 0.00 M M 8.4 16 120 M M 2 24 120
21 95 73 84 M 0 19 0.04 M M 8.4 16 120 M M 3 3 23 140
22 97 72 85 M 0 20 0.20 M M 9.0 23 80 M M 2 3 38 80
23 93 72 83 M 0 18 0.01 M M 7.9 15 160 M M 1 25 160
24 95 72 84 M 0 19 0.00 M M 6.9 13 70 M M 1 8 18 60
25 91 72 82 M 0 17 0.00 M M 9.6 15 100 M M 3 8 29 90
26 91 70 81 M 0 16 0.04 M M 9.5 16 160 M M 7 23 110
27 93 72 83 M 0 18 0.00 M M 7.8 15 160 M M 7 23 160
28 95 70 83 M 0 18 0.00 M M 9.0 21 150 M M 3 29 150
29 93 70 82 M 0 17 0.00 M M 11.5 18 150 M M 4 29 150
30 88 70 79 M 0 14 0.00 M M 12.1 16 150 M M 7 24 160
31 97 70 84 M 0 19 1.29 M M 6.1 15 120 M M 7 24 120
================================================================================
SM 2962 2230 0 592 1.66 M 302.0 M 91
================================================================================
AV 95.6 71.9 9.7 FASTST M M 3 MAX(MPH)
MISC ----> # 23 80 # 38 80
================================================================================
NOTES:
# LAST OF SEVERAL OCCURRENCES
COLUMN 17 PEAK WIND IN M.P.H.
PRELIMINARY LOCAL CLIMATOLOGICAL DATA (WS FORM: F-6) , PAGE 2
STATION: Edwards County Airport
MONTH: JULY
YEAR: 2020
LATITUDE: 29 57 N
LONGITUDE: 100 10 W
[TEMPERATURE DATA] [PRECIPITATION DATA] SYMBOLS USED IN COLUMN 16
AVERAGE MONTHLY: 83.7 TOTAL FOR MONTH: 1.66 1 = FOG OR MIST
DPTR FM NORMAL: M DPTR FM NORMAL: M 2 = FOG REDUCING VISIBILITY
HIGHEST: 104 ON 13 GRTST 24HR 1.29 ON 31-31 TO 1/4 MILE OR LESS
LOWEST: 70 ON 31,30 3 = THUNDER
SNOW, ICE PELLETS, HAIL 4 = ICE PELLETS
TOTAL MONTH: M 5 = HAIL
GRTST 24HR M ON M 6 = FREEZING RAIN OR DRIZZLE
GRTST DEPTH: M ON M 7 = DUSTSTORM OR SANDSTORM:
VSBY 1/2 MILE OR LESS
8 = SMOKE OR HAZE
[NO. OF DAYS WITH] [WEATHER - DAYS WITH] 9 = BLOWING SNOW
X = TORNADO
MAX 32 OR BELOW: 0 0.01 INCH OR MORE: 8
MAX 90 OR ABOVE: 30 0.10 INCH OR MORE: 2
MIN 32 OR BELOW: 0 0.50 INCH OR MORE: 1
MIN 0 OR BELOW: 0 1.00 INCH OR MORE: 1
[HDD (BASE 65) ]
TOTAL THIS MO. 0 CLEAR (SCALE 0-3) 18
DPTR FM NORMAL M PTCLDY (SCALE 4-7) 13
TOTAL FM JUL 1 0 CLOUDY (SCALE 8-10) 0
DPTR FM NORMAL M
[CDD (BASE 65) ]
TOTAL THIS MO. 592
DPTR FM NORMAL M [PRESSURE DATA]
TOTAL FM JAN 1 1523 HIGHEST SLP M ON M
DPTR FM NORMAL M LOWEST SLP M ON M
[REMARKS]
#FINAL-07-20#