000
CXUS55 KGJT 011010
CF6EEO
PRELIMINARY LOCAL CLIMATOLOGICAL DATA (WS FORM: F-6)
STATION: MEEKER CO
MONTH: FEBRUARY
YEAR: 2023
LATITUDE: 40 2 N
LONGITUDE: 107 53 W
TEMPERATURE IN F: :PCPN: SNOW: WIND :SUNSHINE: SKY :PK WND
================================================================================
1 2 3 4 5 6A 6B 7 8 9 10 11 12 13 14 15 16 17 18
12Z AVG MX 2MIN
DY MAX MIN AVG DEP HDD CDD WTR SNW DPTH SPD SPD DIR MIN PSBL S-S WX SPD DR
================================================================================
1 18 -20 -1 -24 66 0 0.00 M M 0.6 6 60 M M 1 1 11 210
2 26 -13 7 -16 58 0 0.00 M M 1.2 6 60 M M 0 9 210
3 31 -11 10 -13 55 0 0.00 M M 1.7 9 60 M M 0 12 100
4 36 -2 17 -6 48 0 0.00 M M 1.3 8 20 M M 1 14 180
5 46 7 27 3 38 0 0.11 M M 7.7 30 230 M M 2 12 39 220
6 32 9 21 -3 44 0 0.02 M M 3.4 15 320 M M 9 18 21 310
7 27 -2 13 -11 52 0 T M M 1.9 8 30 M M 2 1 9 50
8 33 -3 15 -9 50 0 0.09 M M 4.7 32 320 M M 6 12 45 340
9 23 -4 10 -15 55 0 0.03 M M 5.4 22 360 M M 5 1 34 350
10 28 -10 9 -16 56 0 0.00 M M 2.3 8 40 M M 0 15 70
11 29 -9 10 -15 55 0 0.00 M M 0.8 7 30 M M 0 10 40
12 36 0 18 -7 47 0 0.00 M M 1.3 6 60 M M 1 7 200
13 34 -5 15 -11 50 0 T M M 1.4 15 30 M M 2 17 40
14 27 13 20 -6 45 0 0.01 M M 8.6 25 30 M M 7 1 33 30
15 19 -5 7 -19 58 0 0.15 M M 7.4 22 30 M M 10 1 30 30
16 15 -21 -3 -29 68 0 T M M 1.6 8 30 M M 1 1 10 30
17 27 -17 5 -22 60 0 0.00 M M 1.3 7 20 M M 0 10 80
18 35 -10 13 -14 52 0 0.00 M M 5.2 17 230 M M 0 26 240
19 37 18 28 0 37 0 T M M 7.5 21 270 M M 5 35 250
20 39 27 33 5 32 0 0.00 M M 8.8 18 210 M M 9 26 190
21 43 18 31 3 34 0 T M M 10.6 29 240 M M 5 42 230
22 39 -2 19 -10 46 0 0.13 M M 13.5 41 220 M M 8 128 59 230
23 25 -7 9 -20 56 0 T M M 6.0 22 210 M M 5 18 30 220
24 31 12 22 -7 43 0 0.01 M M 9.3 28 210 M M 5 18 42 240
25 45 14 30 0 35 0 0.00 M M 4.1 21 220 M M 3 28 220
26 42 13 28 -2 37 0 0.00 M M 8.1 23 250 M M 4 28 210
27 33 24 29 -1 36 0 T M M 12.1 29 210 M M 9 8 36 220
28 29 10 20 -11 45 0 0.25 M M 12.6 35 260 M M 7 128 63 230
================================================================================
SM 885 24 1358 0 0.80 M 150.4 M 107
================================================================================
AV 31.6 0.9 5.4 FASTST M M 4 MAX(MPH)
MISC ----> 41 220 63 230
================================================================================
NOTES:
# LAST OF SEVERAL OCCURRENCES
COLUMN 17 PEAK WIND IN M.P.H.
PRELIMINARY LOCAL CLIMATOLOGICAL DATA (WS FORM: F-6) , PAGE 2
STATION: MEEKER CO
MONTH: FEBRUARY
YEAR: 2023
LATITUDE: 40 2 N
LONGITUDE: 107 53 W
[TEMPERATURE DATA] [PRECIPITATION DATA] SYMBOLS USED IN COLUMN 16
AVERAGE MONTHLY: 16.2 TOTAL FOR MONTH: 0.80 1 = FOG OR MIST
DPTR FM NORMAL: -10.2 DPTR FM NORMAL: 0.04 2 = FOG REDUCING VISIBILITY
HIGHEST: 46 ON 5 GRTST 24HR 0.25 ON 28-28 TO 1/4 MILE OR LESS
LOWEST: -21 ON 16 3 = THUNDER
SNOW, ICE PELLETS, HAIL 4 = ICE PELLETS
TOTAL MONTH: M 5 = HAIL
GRTST 24HR M ON M 6 = FREEZING RAIN OR DRIZZLE
GRTST DEPTH: M ON M 7 = DUSTSTORM OR SANDSTORM:
VSBY 1/2 MILE OR LESS
8 = SMOKE OR HAZE
[NO. OF DAYS WITH] [WEATHER - DAYS WITH] 9 = BLOWING SNOW
X = TORNADO
MAX 32 OR BELOW: 15 0.01 INCH OR MORE: 9
MAX 90 OR ABOVE: 0 0.10 INCH OR MORE: 4
MIN 32 OR BELOW: 28 0.50 INCH OR MORE: 0
MIN 0 OR BELOW: 17 1.00 INCH OR MORE: 0
[HDD (BASE 65) ]
TOTAL THIS MO. 1358 CLEAR (SCALE 0-3) 13
DPTR FM NORMAL 276 PTCLDY (SCALE 4-7) 10
TOTAL FM JUL 1 6161 CLOUDY (SCALE 8-10) 5
DPTR FM NORMAL 611
[CDD (BASE 65) ]
TOTAL THIS MO. 0
DPTR FM NORMAL 0 [PRESSURE DATA]
TOTAL FM JAN 1 0 HIGHEST SLP 30.88 ON 2
DPTR FM NORMAL 0 LOWEST SLP 28.89 ON 22
[REMARKS]
#FINAL-02-23#