000
CXUS54 KBMX 011010
CF6EET
PRELIMINARY LOCAL CLIMATOLOGICAL DATA (WS FORM: F-6)
STATION: SHELBY COUNTY AIRPORT
MONTH: SEPTEMBER
YEAR: 2020
LATITUDE: 33 10 N
LONGITUDE: 86 47 W
TEMPERATURE IN F: :PCPN: SNOW: WIND :SUNSHINE: SKY :PK WND
================================================================================
1 2 3 4 5 6A 6B 7 8 9 10 11 12 13 14 15 16 17 18
12Z AVG MX 2MIN
DY MAX MIN AVG DEP HDD CDD WTR SNW DPTH SPD SPD DIR MIN PSBL S-S WX SPD DR
================================================================================
1 89 73 81 3 0 16 T 0.0 0 3.7 14 200 M M 4 123 19 210
2 90 74 82 4 0 17 0.00 0.0 0 3.8 10 210 M M 4 1 14 230
3 91 74 83 5 0 18 0.00 0.0 0 3.6 12 290 M M 2 1 19 280
4 93 71 82 4 0 17 0.00 0.0 0 2.9 10 310 M M 0 1 14 320
5 90 68 79 1 0 14 0.00 0.0 0 2.7 9 10 M M 0 16 80
6 89 63 76 -1 0 11 0.00 0.0 0 1.9 8 130 M M 0 13 30
7 88 63 76 -1 0 11 0.00 0.0 0 1.7 10 170 M M 0 14 160
8 89 68 79 2 0 14 0.00 0.0 0 3.0 9 150 M M 1 15 140
9 90 67 79 3 0 14 0.00 0.0 0 2.0 9 50 M M 1 14 130
10 88 70 79 3 0 14 T 0.0 0 2.2 9 350 M M 6 14 360
11 92 72 82 6 0 17 T 0.0 0 2.9 15 150 M M 2 20 160
12 92 73 83 7 0 18 T 0.0 0 3.5 15 140 M M 3 25 140
13 91 73 82 7 0 17 0.00 0.0 0 3.3 10 140 M M 2 16 110
14 92 74 83 8 0 18 0.00 0.0 0 4.3 13 110 M M 2 19 110
15 86 71 79 4 0 14 0.00 0.0 0 5.8 14 80 M M 5 8 22 60
16 72 67 70 -4 0 5 0.46 0.0 0 7.7 14 30 M M 9 18 25 40
17 88 68 78 4 0 13 0.11 0.0 0 6.6 14 330 M M 5 1 27 320
18 82 67 75 1 0 10 0.00 0.0 0 5.3 10 350 M M 0 17 60
19 76 65 71 -2 0 6 0.00 0.0 0 3.7 9 110 M M 3 14 70
20 77 59 68 -5 0 3 0.00 0.0 0 5.7 12 50 M M 0 19 40
21 74 56 65 -8 0 0 0.00 0.0 0 6.9 13 90 M M 0 22 90
22 72 54 63 -9 2 0 T 0.0 0 2.8 12 80 M M 3 17 100
23 80 63 72 0 0 7 0.02 0.0 0 3.6 10 130 M M 8 13 150
24 75 62 69 -3 0 4 1.13 0.0 0 6.0 12 250 M M 10 12 21 120
25 73 67 70 -1 0 5 T 0.0 M 2.6 9 310 M M 10 1 12 210
26 83 68 76 5 0 11 0.00 0.0 M 1.6 9 260 M M 9 14 250
27 86 65 76 6 0 11 T 0.0 M 2.8 9 200 M M 3 1 M M
28 86 61 74 4 0 9 0.07 0.0 M 6.5 17 320 M M 9 13 24 310
29 71 50 61 -9 4 0 0.19 0.0 M 4.9 15 320 M M 5 13 24 310
30 77 48 63 -6 2 0 0.00 0.0 M 2.2 12 200 M M 0 17 200
================================================================================
SM 2522 1974 8 314 1.98 0.0 116.2 M 106
================================================================================
AV 84.1 65.8 3.9 FASTST M M 4 MAX(MPH)
MISC ----> 17 320 27 320
================================================================================
NOTES:
# LAST OF SEVERAL OCCURRENCES
COLUMN 17 PEAK WIND IN M.P.H.
PRELIMINARY LOCAL CLIMATOLOGICAL DATA (WS FORM: F-6) , PAGE 2
STATION: SHELBY COUNTY AIRPORT
MONTH: SEPTEMBER
YEAR: 2020
LATITUDE: 33 10 N
LONGITUDE: 86 47 W
[TEMPERATURE DATA] [PRECIPITATION DATA] SYMBOLS USED IN COLUMN 16
AVERAGE MONTHLY: 74.9 TOTAL FOR MONTH: 1.98 1 = FOG OR MIST
DPTR FM NORMAL: 0.6 DPTR FM NORMAL: -1.85 2 = FOG REDUCING VISIBILITY
HIGHEST: 93 ON 4 GRTST 24HR 1.15 ON 23-24 TO 1/4 MILE OR LESS
LOWEST: 48 ON 30 3 = THUNDER
SNOW, ICE PELLETS, HAIL 4 = ICE PELLETS
TOTAL MONTH: 0.0 INCH 5 = HAIL
GRTST 24HR 0.0 6 = FREEZING RAIN OR DRIZZLE
GRTST DEPTH: 0 7 = DUSTSTORM OR SANDSTORM:
VSBY 1/2 MILE OR LESS
8 = SMOKE OR HAZE
[NO. OF DAYS WITH] [WEATHER - DAYS WITH] 9 = BLOWING SNOW
X = TORNADO
MAX 32 OR BELOW: 0 0.01 INCH OR MORE: 6
MAX 90 OR ABOVE: 9 0.10 INCH OR MORE: 4
MIN 32 OR BELOW: 0 0.50 INCH OR MORE: 1
MIN 0 OR BELOW: 0 1.00 INCH OR MORE: 1
[HDD (BASE 65) ]
TOTAL THIS MO. 8 CLEAR (SCALE 0-3) 16
DPTR FM NORMAL 1 PTCLDY (SCALE 4-7) 9
TOTAL FM JUL 1 8 CLOUDY (SCALE 8-10) 5
DPTR FM NORMAL 3
[CDD (BASE 65) ]
TOTAL THIS MO. 314
DPTR FM NORMAL 28 [PRESSURE DATA]
TOTAL FM JAN 1 2021 HIGHEST SLP 30.32 ON 21
DPTR FM NORMAL 137 LOWEST SLP 29.73 ON 24
[REMARKS]
#FINAL-09-20#