000
CXUS56 KLKN 011210
CF6EKO
PRELIMINARY LOCAL CLIMATOLOGICAL DATA (WS FORM: F-6)
STATION: ELKO AIRPORT NV
MONTH: MARCH
YEAR: 2023
LATITUDE: 40 49 N
LONGITUDE: 115 47 W
TEMPERATURE IN F: :PCPN: SNOW: WIND :SUNSHINE: SKY :PK WND
================================================================================
1 2 3 4 5 6A 6B 7 8 9 10 11 12 13 14 15 16 17 18
12Z AVG MX 2MIN
DY MAX MIN AVG DEP HDD CDD WTR SNW DPTH SPD SPD DIR MIN PSBL S-S WX SPD DR
================================================================================
1 32 5 19 -17 46 0 0.11 1.5 11 7.6 23 290 M M 5 1 32 20
2 30 -2 14 -22 51 0 0.00 0.0 9 4.7 15 260 M M 3 23 260
3 34 19 27 -10 38 0 0.01 T 9 7.6 15 320 M M 6 1 21 210
4 41 18 30 -7 35 0 0.05 1.5 7 7.5 35 260 M M 7 1238 47 260
5 31 9 20 -17 45 0 0.03 1.3 9 5.8 14 260 M M 6 12 21 190
6 34 11 23 -15 42 0 T T 6 3.8 12 230 M M 4 1 16 240
7 27 6 17 -21 48 0 T T 6 6.3 13 80 M M 4 8 18 60
8 37 9 23 -15 42 0 0.09 1.4 6 3.1 24 270 M M 6 128 30 280
9 38 10 24 -14 41 0 0.05 T 7 9.4 24 200 M M 6 1 37 180
10 47 24 36 -3 29 0 0.18 T 5 10.7 44 230 M M 10 1 64 230
11 37 18 28 -11 37 0 0.15 1.7 4 2.9 8 60 M M M 10 60
12 48 31 40 1 25 0 0.10 0.3 5 3.8 14 200 M M M 6 20 210
13 50 32 41 1 24 0 T 0.0 2 5.9 17 190 M M M 26 200
14 47 30 39 -1 26 0 0.30 T 1 10.1 33 170 M M M 48 170
15 42 24 33 -7 32 0 0.01 0.0 1 6.6 20 330 M M M 27 330
16 39 20 30 -10 35 0 0.00 0.0 T 5.0 16 40 M M 0 21 30
17 40 18 29 -11 36 0 0.00 0.0 T 3.6 13 20 M M 0 19 360
18 43 20 32 -9 33 0 0.00 0.0 T 5.0 13 30 M M 0 19 10
19 46 26 36 -5 29 0 0.03 T T 8.4 20 180 M M 5 31 210
20 46 26 36 -5 29 0 0.17 0.6 T 7.7 28 290 M M 8 1 38 260
21 43 22 33 -8 32 0 0.04 0.2 T 8.2 21 30 M M 5 1 29 20
22 41 24 33 -9 32 0 0.02 T T 5.7 20 260 M M 8 12 25 260
23 42 29 36 -6 29 0 0.12 0.6 T 6.0 23 230 M M 9 12 28 280
24 33 21 27 -15 38 0 0.07 1.1 1 10.4 25 270 M M 6 12 33 290
25 32 15 24 -18 41 0 0.06 0.7 T 6.2 21 270 M M 7 128 27 250
26 32 14 23 -19 42 0 0.00 0.0 T 6.6 16 270 M M 3 22 240
27 38 18 28 -14 37 0 0.00 0.0 T 4.0 10 110 M M 2 17 130
28 53 32 43 1 22 0 0.00 0.0 T 12.5 28 170 M M 7 40 180
29 45 24 35 -7 30 0 0.06 0.3 T 7.0 25 330 M M 8 1 41 200
30 41 21 31 -12 34 0 0.01 T T 7.4 24 270 M M 7 8 33 240
31 48 28 38 -5 27 0 0.00 0.0 0 6.6 23 240 M M 6 32 240
================================================================================
SM 1237 602 1087 0 1.66 11.2 206.1 M 138
================================================================================
AV 39.9 19.4 6.6 FASTST M M 5 MAX(MPH)
MISC ----> 44 230 64 230
================================================================================
NOTES:
# LAST OF SEVERAL OCCURRENCES
COLUMN 17 PEAK WIND IN M.P.H.
PRELIMINARY LOCAL CLIMATOLOGICAL DATA (WS FORM: F-6) , PAGE 2
STATION: ELKO AIRPORT NV
MONTH: MARCH
YEAR: 2023
LATITUDE: 40 49 N
LONGITUDE: 115 47 W
[TEMPERATURE DATA] [PRECIPITATION DATA] SYMBOLS USED IN COLUMN 16
AVERAGE MONTHLY: 29.7 TOTAL FOR MONTH: 1.66 1 = FOG OR MIST
DPTR FM NORMAL: -10.2 DPTR FM NORMAL: 0.69 2 = FOG REDUCING VISIBILITY
HIGHEST: 53 ON 28 GRTST 24HR 0.30 ON 14-14 TO 1/4 MILE OR LESS
LOWEST: -2 ON 2 3 = THUNDER
SNOW, ICE PELLETS, HAIL 4 = ICE PELLETS
TOTAL MONTH: 12.6 INCHES 5 = HAIL
GRTST 24HR 1.7 ON 11-11 6 = FREEZING RAIN OR DRIZZLE
GRTST DEPTH: 11 ON 1 7 = DUSTSTORM OR SANDSTORM:
VSBY 1/2 MILE OR LESS
8 = SMOKE OR HAZE
[NO. OF DAYS WITH] [WEATHER - DAYS WITH] 9 = BLOWING SNOW
X = TORNADO
MAX 32 OR BELOW: 6 0.01 INCH OR MORE: 20
MAX 90 OR ABOVE: 0 0.10 INCH OR MORE: 7
MIN 32 OR BELOW: 31 0.50 INCH OR MORE: 0
MIN 0 OR BELOW: 1 1.00 INCH OR MORE: 0
[HDD (BASE 65) ]
TOTAL THIS MO. 1087 CLEAR (SCALE 0-3) 6
DPTR FM NORMAL 310 PTCLDY (SCALE 4-7) 17
TOTAL FM JUL 1 6531 CLOUDY (SCALE 8-10) 8
DPTR FM NORMAL 828
[CDD (BASE 65) ]
TOTAL THIS MO. 0
DPTR FM NORMAL 0 [PRESSURE DATA]
TOTAL FM JAN 1 0 HIGHEST SLP 30.41 ON 27
DPTR FM NORMAL 0 LOWEST SLP 29.50 ON 10
[REMARKS]
#FINAL-03-23#