000
CXUS56 KLKN 031648
CF6EKO
PRELIMINARY LOCAL CLIMATOLOGICAL DATA (WS FORM: F-6)
STATION: ELKO AIRPORT NV
MONTH: JUNE
YEAR: 2022
LATITUDE: 40 49 N
LONGITUDE: 115 47 W
TEMPERATURE IN F: :PCPN: SNOW: WIND :SUNSHINE: SKY :PK WND
================================================================================
1 2 3 4 5 6A 6B 7 8 9 10 11 12 13 14 15 16 17 18
12Z AVG MX 2MIN
DY MAX MIN AVG DEP HDD CDD WTR SNW DPTH SPD SPD DIR MIN PSBL S-S WX SPD DR
================================================================================
1 78 34 56 -3 9 0 0.00 0.0 0 3.7 12 250 M M 0 17 260
2 85 38 62 3 3 0 0.00 0.0 0 6.2 23 260 M M 1 37 270
3 84 47 66 7 0 1 0.00 0.0 0 7.4 22 250 M M 1 34 240
4 75 53 64 4 1 0 0.00 0.0 0 9.9 25 260 M M 6 32 280
5 79 46 63 3 2 0 0.01 0.0 0 8.1 26 270 M M 6 35 270
6 77 43 60 0 5 0 0.00 0.0 0 6.2 20 270 M M 1 27 220
7 82 38 60 0 5 0 0.00 0.0 0 4.7 15 260 M M 0 23 220
8 87 45 66 5 0 1 0.00 0.0 0 5.2 18 280 M M 0 25 290
9 93 46 70 9 0 5 0.00 0.0 0 4.1 18 280 M M 0 27 270
10 95 52 74 13 0 9 0.00 0.0 0 8.0 25 270 M M 0 34 260
11 94 53 74 12 0 9 0.00 0.0 0 10.7 31 260 M M 0 42 250
12 88 53 71 9 0 6 T 0.0 0 15.3 40 270 M M 4 8 55 270
13 66 35 51 -11 14 0 0.02 0.0 0 11.7 36 300 M M 4 47 270
14 72 28 50 -12 15 0 0.00 0.0 0 9.2 31 280 M M 0 41 290
15 82 31 57 -6 8 0 0.00 0.0 0 4.4 15 230 M M 0 21 240
16 98 41 70 7 0 5 0.00 0.0 0 11.1 28 200 M M 0 45 170
17 86 52 69 5 0 4 0.00 0.0 0 14.5 40 200 M M 1 8 59 200
18 74 44 59 -5 6 0 0.00 0.0 0 12.1 26 280 M M 0 8 40 250
19 64 41 53 -11 12 0 T 0.0 0 8.2 26 300 M M 6 3 36 300
20 72 37 55 -10 10 0 0.00 0.0 0 5.0 14 60 M M 2 23 290
21 85 39 62 -3 3 0 0.00 0.0 0 5.7 15 40 M M 0 19 30
22 89 44 67 2 0 2 0.00 0.0 0 3.1 12 190 M M 0 18 150
23 86 56 71 5 0 6 T 0.0 0 6.9 30 170 M M 1 38 41 170
24 88 47 68 2 0 3 0.00 0.0 0 7.9 21 250 M M 0 31 290
25 91 44 68 2 0 3 0.00 0.0 0 6.6 17 30 M M 0 24 40
26 95 53 74 7 0 9 T 0.0 0 4.3 20 200 M M 0 32 200
27 97 52 75 8 0 10 0.00 0.0 0 4.1 14 260 M M 0 21 270
28 96 61 79 11 0 14 0.00 0.0 0 9.8 28 260 M M 0 42 250
29 93 58 76 8 0 11 0.00 0.0 0 8.7 24 260 M M 0 33 250
30 91 53 72 4 0 7 0.00 0.0 0 6.4 21 280 M M 0 26 260
================================================================================
SM 2542 1364 93 105 0.03 0.0 229.2 M 33
================================================================================
AV 84.7 45.5 7.6 FASTST M M 1 MAX(MPH)
MISC ----> # 40 270 59 200
================================================================================
NOTES:
# LAST OF SEVERAL OCCURRENCES
COLUMN 17 PEAK WIND IN M.P.H.
PRELIMINARY LOCAL CLIMATOLOGICAL DATA (WS FORM: F-6) , PAGE 2
STATION: ELKO AIRPORT NV
MONTH: JUNE
YEAR: 2022
LATITUDE: 40 49 N
LONGITUDE: 115 47 W
[TEMPERATURE DATA] [PRECIPITATION DATA] SYMBOLS USED IN COLUMN 16
AVERAGE MONTHLY: 65.1 TOTAL FOR MONTH: 0.03 1 = FOG OR MIST
DPTR FM NORMAL: 1.9 DPTR FM NORMAL: -0.54 2 = FOG REDUCING VISIBILITY
HIGHEST: 98 ON 16 GRTST 24HR 0.02 ON 12-13 TO 1/4 MILE OR LESS
LOWEST: 28 ON 14 3 = THUNDER
SNOW, ICE PELLETS, HAIL 4 = ICE PELLETS
TOTAL MONTH: 0.0 INCH 5 = HAIL
GRTST 24HR 0.0 6 = FREEZING RAIN OR DRIZZLE
GRTST DEPTH: 0 7 = DUSTSTORM OR SANDSTORM:
VSBY 1/2 MILE OR LESS
8 = SMOKE OR HAZE
[NO. OF DAYS WITH] [WEATHER - DAYS WITH] 9 = BLOWING SNOW
X = TORNADO
MAX 32 OR BELOW: 0 0.01 INCH OR MORE: 2
MAX 90 OR ABOVE: 10 0.10 INCH OR MORE: 0
MIN 32 OR BELOW: 2 0.50 INCH OR MORE: 0
MIN 0 OR BELOW: 0 1.00 INCH OR MORE: 0
[HDD (BASE 65) ]
TOTAL THIS MO. 93 CLEAR (SCALE 0-3) 25
DPTR FM NORMAL -24 PTCLDY (SCALE 4-7) 5
TOTAL FM JUL 1 6512 CLOUDY (SCALE 8-10) 0
DPTR FM NORMAL -234
[CDD (BASE 65) ]
TOTAL THIS MO. 105
DPTR FM NORMAL 42 [PRESSURE DATA]
TOTAL FM JAN 1 110 HIGHEST SLP 30.25 ON 21
DPTR FM NORMAL 41 LOWEST SLP 29.45 ON 17
[REMARKS]
#FINAL-06-22#