000
CXUS54 KSHV 011500
CF6ELD
PRELIMINARY LOCAL CLIMATOLOGICAL DATA (WS FORM: F-6)
STATION: EL DORADO
MONTH: AUGUST
YEAR: 2020
LATITUDE: 33 13 N
LONGITUDE: 92 49 W
TEMPERATURE IN F: :PCPN: SNOW: WIND :SUNSHINE: SKY :PK WND
================================================================================
1 2 3 4 5 6A 6B 7 8 9 10 11 12 13 14 15 16 17 18
12Z AVG MX 2MIN
DY MAX MIN AVG DEP HDD CDD WTR SNW DPTH SPD SPD DIR MIN PSBL S-S WX SPD DR
================================================================================
1 87 68 78 -4 0 13 0.00 0.0 0 3.7 12 310 M M 2 1 14 340
2 90 65 78 -4 0 13 0.00 0.0 0 1.5 9 340 M M 0 1 14 340
3 90 68 79 -3 0 14 0.00 0.0 0 3.6 15 300 M M 1 1 23 270
4 89 67 78 -4 0 13 0.00 0.0 0 3.4 13 320 M M 1 15 320
5 84 67 76 -6 0 11 T 0.0 0 3.2 8 70 M M 2 11 90
6 90 64 77 -5 0 12 0.00 0.0 0 2.3 9 50 M M 0 11 40
7 90 72 81 -1 0 16 0.00 0.0 0 3.3 9 40 M M 1 1 13 70
8 93 68 81 -1 0 16 0.00 0.0 0 1.9 12 110 M M 0 1 14 100
9 94 73 84 2 0 19 0.00 0.0 0 3.2 12 210 M M 1 1 17 210
10 94 74 84 2 0 19 0.00 0.0 0 4.0 10 200 M M 0 14 220
11 95 75 85 3 0 20 0.00 0.0 0 6.0 17 20 M M 1 24 10
12 81 73 77 -5 0 12 0.88 0.0 0 3.7 13 30 M M 5 13 16 40
13 91 74 83 1 0 18 0.01 0.0 0 3.7 13 250 M M 4 13 19 260
14 88 72 80 -2 0 15 0.22 0.0 0 3.7 21 320 M M 3 13 28 310
15 95 73 84 2 0 19 0.00 0.0 0 2.1 7 40 M M 2 1 10 50
16 95 70 83 1 0 18 0.00 0.0 0 3.5 13 330 M M 1 1 17 330
17 91 67 79 -3 0 14 0.00 0.0 0 3.5 9 330 M M 1 13 40
18 91 64 78 -3 0 13 0.00 0.0 0 4.5 13 320 M M 1 1 17 320
19 89 66 78 -3 0 13 0.00 0.0 0 4.9 13 330 M M 0 16 360
20 87 63 75 -6 0 10 0.00 0.0 0 4.3 13 20 M M 2 1 17 30
21 91 64 78 -3 0 13 0.00 0.0 0 2.7 10 320 M M 1 1 14 300
22 91 65 78 -3 0 13 0.00 0.0 0 1.3 9 90 M M 0 1 12 90
23 93 65 79 -2 0 14 0.00 0.0 0 2.6 14 40 M M 0 1 16 40
24 94 65 80 -1 0 15 0.00 0.0 0 5.2 15 60 M M 1 8 19 30
25 92 70 81 0 0 16 T 0.0 0 6.3 15 50 M M 5 20 40
26 95 76 86 6 0 21 0.00 0.0 0 7.5 16 110 M M 3 21 110
27 80 71 76 -4 0 11 3.74 0.0 0 15.6 44 60 M M 7 1 57 60
28 89 72 81 1 0 16 0.00 0.0 0 8.9 18 220 M M 3 27 230
29 93 76 85 5 0 20 0.00 0.0 0 4.5 14 310 M M 5 1 18 300
30 90 73 82 2 0 17 0.01 0.0 0 4.4 13 310 M M 1 16 280
31 88 76 82 3 0 17 T 0.0 0 5.3 17 10 M M 3 13 27 30
================================================================================
SM 2800 2156 0 471 4.86 0.0 134.3 M 57
================================================================================
AV 90.3 69.6 4.3 FASTST M M 2 MAX(MPH)
MISC ----> # 44 60 # 57 60
================================================================================
NOTES:
# LAST OF SEVERAL OCCURRENCES
COLUMN 17 PEAK WIND IN M.P.H.
PRELIMINARY LOCAL CLIMATOLOGICAL DATA (WS FORM: F-6) , PAGE 2
STATION: EL DORADO
MONTH: AUGUST
YEAR: 2020
LATITUDE: 33 13 N
LONGITUDE: 92 49 W
[TEMPERATURE DATA] [PRECIPITATION DATA] SYMBOLS USED IN COLUMN 16
AVERAGE MONTHLY: 79.9 TOTAL FOR MONTH: 4.86 1 = FOG OR MIST
DPTR FM NORMAL: -1.4 DPTR FM NORMAL: 1.75 2 = FOG REDUCING VISIBILITY
HIGHEST: 95 ON 26,16 GRTST 24HR 3.74 ON 27-27 TO 1/4 MILE OR LESS
LOWEST: 63 ON 20 3 = THUNDER
SNOW, ICE PELLETS, HAIL 4 = ICE PELLETS
TOTAL MONTH: 0.0 INCH 5 = HAIL
GRTST 24HR 0.0 6 = FREEZING RAIN OR DRIZZLE
GRTST DEPTH: 0 7 = DUSTSTORM OR SANDSTORM:
VSBY 1/2 MILE OR LESS
8 = SMOKE OR HAZE
[NO. OF DAYS WITH] [WEATHER - DAYS WITH] 9 = BLOWING SNOW
X = TORNADO
MAX 32 OR BELOW: 0 0.01 INCH OR MORE: 5
MAX 90 OR ABOVE: 21 0.10 INCH OR MORE: 3
MIN 32 OR BELOW: 0 0.50 INCH OR MORE: 2
MIN 0 OR BELOW: 0 1.00 INCH OR MORE: 1
[HDD (BASE 65) ]
TOTAL THIS MO. 0 CLEAR (SCALE 0-3) 26
DPTR FM NORMAL 0 PTCLDY (SCALE 4-7) 5
TOTAL FM JUL 1 0 CLOUDY (SCALE 8-10) 0
DPTR FM NORMAL 0
[CDD (BASE 65) ]
TOTAL THIS MO. 471
DPTR FM NORMAL -33 [PRESSURE DATA]
TOTAL FM JAN 1 1747 HIGHEST SLP 30.14 ON 8
DPTR FM NORMAL 20 LOWEST SLP 29.27 ON 27
[REMARKS]
#FINAL-08-20#