000
CXUS54 KEPZ 011030
CF6ELP
PRELIMINARY LOCAL CLIMATOLOGICAL DATA (WS FORM: F-6)
STATION: EL PASO
MONTH: SEPTEMBER
YEAR: 2022
LATITUDE: 31 47 N
LONGITUDE: 106 24 W
TEMPERATURE IN F: :PCPN: SNOW: WIND :SUNSHINE: SKY :PK WND
================================================================================
1 2 3 4 5 6A 6B 7 8 9 10 11 12 13 14 15 16 17 18
12Z AVG MX 2MIN
DY MAX MIN AVG DEP HDD CDD WTR SNW DPTH SPD SPD DIR MIN PSBL S-S WX SPD DR
================================================================================
1 82 68 75 -6 0 10 T 0.0 0 7.9 16 60 M M 8 24 30
2 89 69 79 -2 0 14 0.00 0.0 0 5.4 21 150 M M 7 27 140
3 88 70 79 -1 0 14 0.00 0.0 0 9.5 21 110 M M 7 29 100
4 88 68 78 -2 0 13 0.00 0.0 0 8.6 17 90 M M 3 24 90
5 90 65 78 -2 0 13 0.00 0.0 0 5.0 16 190 M M 1 24 200
6 92 63 78 -2 0 13 0.00 0.0 0 5.8 16 100 M M 1 23 130
7 91 65 78 -1 0 13 0.00 0.0 0 7.6 17 70 M M 8 24 80
8 90 64 77 -2 0 12 0.00 0.0 0 5.4 18 100 M M 7 28 70
9 94 69 82 3 0 17 0.00 0.0 0 7.1 14 240 M M 5 19 230
10 95 69 82 3 0 17 0.00 0.0 0 6.0 20 70 M M 3 32 110
11 86 70 78 0 0 13 0.00 0.0 0 10.5 23 30 M M 6 28 50
12 91 65 78 0 0 13 1.49 0.0 0 5.5 33 50 M M 4 3 50 40
13 87 67 77 -1 0 12 0.03 0.0 0 8.0 28 280 M M 6 3 40 290
14 88 63 76 -1 0 11 0.00 0.0 0 4.4 17 260 M M 4 22 260
15 91 68 80 3 0 15 0.00 0.0 0 4.4 15 260 M M 2 21 290
16 93 65 79 2 0 14 0.00 0.0 0 5.9 16 250 M M 2 22 230
17 93 70 82 6 0 17 0.00 0.0 0 6.8 15 150 M M 1 23 190
18 89 67 78 2 0 13 0.13 0.0 0 7.2 28 240 M M 4 3 39 240
19 90 67 79 3 0 14 0.00 0.0 0 6.4 28 70 M M 7 3 37 80
20 93 69 81 5 0 16 T 0.0 0 4.2 17 170 M M 4 3 23 170
21 94 70 82 7 0 17 0.00 0.0 0 3.9 14 180 M M 2 23 210
22 93 71 82 7 0 17 0.00 0.0 0 4.8 14 100 M M 1 25 110
23 94 70 82 7 0 17 0.00 0.0 0 4.5 17 10 M M 1 25 10
24 96 66 81 7 0 16 0.00 0.0 0 5.7 20 290 M M 2 28 270
25 86 73 80 6 0 15 0.00 0.0 0 9.1 17 60 M M 6 23 60
26 89 71 80 6 0 15 T 0.0 0 10.3 20 350 M M 6 3 26 140
27 88 62 75 2 0 10 0.00 0.0 0 7.3 17 150 M M 2 26 140
28 88 63 76 3 0 11 0.00 0.0 0 9.2 21 140 M M 2 34 80
29 85 60 73 0 0 8 0.00 0.0 0 6.1 13 150 M M 4 19 120
30 87 58 73 1 0 8 0.00 0.0 0 3.6 13 150 M M 5 19 170
================================================================================
SM 2700 2005 0 408 1.65 0.0 196.1 M 121
================================================================================
AV 90.0 66.8 6.5 FASTST M M 4 MAX(MPH)
MISC ----> 33 50 50 40
================================================================================
NOTES:
# LAST OF SEVERAL OCCURRENCES
COLUMN 17 PEAK WIND IN M.P.H.
PRELIMINARY LOCAL CLIMATOLOGICAL DATA (WS FORM: F-6) , PAGE 2
STATION: EL PASO
MONTH: SEPTEMBER
YEAR: 2022
LATITUDE: 31 47 N
LONGITUDE: 106 24 W
[TEMPERATURE DATA] [PRECIPITATION DATA] SYMBOLS USED IN COLUMN 16
AVERAGE MONTHLY: 78.4 TOTAL FOR MONTH: 1.65 1 = FOG OR MIST
DPTR FM NORMAL: 1.5 DPTR FM NORMAL: 0.13 2 = FOG REDUCING VISIBILITY
HIGHEST: 96 ON 24 GRTST 24HR 1.51 ON 12-13 TO 1/4 MILE OR LESS
LOWEST: 58 ON 30 3 = THUNDER
SNOW, ICE PELLETS, HAIL 4 = ICE PELLETS
TOTAL MONTH: 0.0 INCH 5 = HAIL
GRTST 24HR 0.0 6 = FREEZING RAIN OR DRIZZLE
GRTST DEPTH: 0 7 = DUSTSTORM OR SANDSTORM:
VSBY 1/2 MILE OR LESS
8 = SMOKE OR HAZE
[NO. OF DAYS WITH] [WEATHER - DAYS WITH] 9 = BLOWING SNOW
X = TORNADO
MAX 32 OR BELOW: 0 0.01 INCH OR MORE: 3
MAX 90 OR ABOVE: 16 0.10 INCH OR MORE: 2
MIN 32 OR BELOW: 0 0.50 INCH OR MORE: 1
MIN 0 OR BELOW: 0 1.00 INCH OR MORE: 1
[HDD (BASE 65) ]
TOTAL THIS MO. 0 CLEAR (SCALE 0-3) 13
DPTR FM NORMAL -3 PTCLDY (SCALE 4-7) 16
TOTAL FM JUL 1 0 CLOUDY (SCALE 8-10) 1
DPTR FM NORMAL 0
[CDD (BASE 65) ]
TOTAL THIS MO. 408
DPTR FM NORMAL 50 [PRESSURE DATA]
TOTAL FM JAN 1 2834 HIGHEST SLP 30.13 ON 29
DPTR FM NORMAL 293 LOWEST SLP 29.58 ON 9
[REMARKS]
#FINAL-09-22#