000
CXUS56 KLKN 011210
CF6ELY
PRELIMINARY LOCAL CLIMATOLOGICAL DATA (WS FORM: F-6)
STATION: ELY AIRPORT NV
MONTH: JULY
YEAR: 2022
LATITUDE: 39 16 N
LONGITUDE: 114 51 W
TEMPERATURE IN F: :PCPN: SNOW: WIND :SUNSHINE: SKY :PK WND
================================================================================
1 2 3 4 5 6A 6B 7 8 9 10 11 12 13 14 15 16 17 18
12Z AVG MX 2MIN
DY MAX MIN AVG DEP HDD CDD WTR SNW DPTH SPD SPD DIR MIN PSBL S-S WX SPD DR
================================================================================
1 89 49 69 3 0 4 0.00 0.0 0 9.7 22 210 M M 1 36 190
2 90 45 68 1 0 3 0.00 0.0 0 15.6 33 200 M M 0 8 51 200
3 85 53 69 2 0 4 0.00 0.0 0 16.2 30 200 M M 0 8 47 170
4 85 47 66 -1 0 1 0.00 0.0 0 14.0 26 210 M M 0 39 200
5 86 48 67 -1 0 2 0.00 0.0 0 12.1 23 230 M M 0 36 240
6 86 55 71 3 0 6 0.00 0.0 0 13.9 28 200 M M 1 46 190
7 87 50 69 1 0 4 0.00 0.0 0 10.8 21 220 M M 0 34 210
8 90 51 71 3 0 6 0.00 0.0 0 12.5 28 210 M M 0 8 39 210
9 93 51 72 3 0 7 0.00 0.0 0 13.9 29 220 M M 0 8 45 210
10 93 48 71 2 0 6 0.00 0.0 0 7.5 20 40 M M 0 26 230
11 93 48 71 2 0 6 T 0.0 0 6.7 23 40 M M 0 35 70
12 94 54 74 5 0 9 0.00 0.0 0 7.6 32 30 M M 1 3 49 30
13 94 64 79 10 0 14 T 0.0 0 14.8 32 220 M M 1 38 42 210
14 95 60 78 8 0 13 0.01 0.0 0 11.6 35 110 M M 2 3 52 120
15 90 61 76 6 0 11 T 0.0 0 9.4 36 300 M M 2 3 54 320
16 94 49 72 2 0 7 0.00 0.0 0 7.4 23 150 M M 1 32 150
17 95 54 75 5 0 10 T 0.0 0 10.4 35 210 M M 3 38 54 210
18 94 54 74 4 0 9 T 0.0 0 9.5 22 200 M M 3 38 37 200
19 92 62 77 7 0 12 T 0.0 0 8.8 30 20 M M 2 3 42 20
20 94 54 74 4 0 9 T 0.0 0 7.8 22 30 M M 1 29 40
21 94 57 76 6 0 11 T 0.0 0 7.0 29 300 M M 2 38 47 250
22 97 54 76 6 0 11 0.00 0.0 0 11.3 28 310 M M 0 8 51 220
23 96 52 74 4 0 9 0.00 0.0 0 9.1 24 210 M M 1 8 40 210
24 85 63 74 4 0 9 0.02 0.0 0 10.6 26 150 M M 4 3 36 140
25 88 52 70 0 0 5 0.02 0.0 0 9.1 26 180 M M 2 3 38 170
26 89 54 72 2 0 7 0.00 0.0 0 7.6 24 260 M M 0 3 32 250
27 92 51 72 2 0 7 0.00 0.0 0 7.3 25 190 M M 0 3 38 190
28 91 52 72 2 0 7 T 0.0 0 8.3 24 170 M M 0 39 170
29 92 55 74 4 0 9 0.02 0.0 0 7.2 24 150 M M 1 3 33 210
30 93 50 72 2 0 7 0.00 0.0 0 8.5 18 170 M M 1 24 170
31 91 54 73 3 0 8 0.00 0.0 0 10.1 24 160 M M 1 3 35 170
================================================================================
SM 2827 1651 0 233 0.07 0.0 316.3 M 30
================================================================================
AV 91.2 53.3 10.2 FASTST M M 1 MAX(MPH)
MISC ----> 36 300 # 54 320
================================================================================
NOTES:
# LAST OF SEVERAL OCCURRENCES
COLUMN 17 PEAK WIND IN M.P.H.
PRELIMINARY LOCAL CLIMATOLOGICAL DATA (WS FORM: F-6) , PAGE 2
STATION: ELY AIRPORT NV
MONTH: JULY
YEAR: 2022
LATITUDE: 39 16 N
LONGITUDE: 114 51 W
[TEMPERATURE DATA] [PRECIPITATION DATA] SYMBOLS USED IN COLUMN 16
AVERAGE MONTHLY: 72.2 TOTAL FOR MONTH: 0.07 1 = FOG OR MIST
DPTR FM NORMAL: 2.9 DPTR FM NORMAL: -0.56 2 = FOG REDUCING VISIBILITY
HIGHEST: 97 ON 22 GRTST 24HR 0.04 ON 24-25 TO 1/4 MILE OR LESS
LOWEST: 45 ON 2 3 = THUNDER
SNOW, ICE PELLETS, HAIL 4 = ICE PELLETS
TOTAL MONTH: 0.0 INCH 5 = HAIL
GRTST 24HR 0.0 6 = FREEZING RAIN OR DRIZZLE
GRTST DEPTH: 0 7 = DUSTSTORM OR SANDSTORM:
VSBY 1/2 MILE OR LESS
8 = SMOKE OR HAZE
[NO. OF DAYS WITH] [WEATHER - DAYS WITH] 9 = BLOWING SNOW
X = TORNADO
MAX 32 OR BELOW: 0 0.01 INCH OR MORE: 4
MAX 90 OR ABOVE: 22 0.10 INCH OR MORE: 0
MIN 32 OR BELOW: 0 0.50 INCH OR MORE: 0
MIN 0 OR BELOW: 0 1.00 INCH OR MORE: 0
[HDD (BASE 65) ]
TOTAL THIS MO. 0 CLEAR (SCALE 0-3) 30
DPTR FM NORMAL -14 PTCLDY (SCALE 4-7) 1
TOTAL FM JUL 1 0 CLOUDY (SCALE 8-10) 0
DPTR FM NORMAL -9
[CDD (BASE 65) ]
TOTAL THIS MO. 233
DPTR FM NORMAL 87 [PRESSURE DATA]
TOTAL FM JAN 1 291 HIGHEST SLP 30.09 ON 16
DPTR FM NORMAL 107 LOWEST SLP 29.57 ON 3
[REMARKS]
#FINAL-07-22#