000
CXUS56 KLKN 041159
CF6ELY
PRELIMINARY LOCAL CLIMATOLOGICAL DATA (WS FORM: F-6)
STATION: ELY AIRPORT NV
MONTH: APRIL
YEAR: 2021
LATITUDE: 39 16 N
LONGITUDE: 114 51 W
TEMPERATURE IN F: :PCPN: SNOW: WIND :SUNSHINE: SKY :PK WND
================================================================================
1 2 3 4 5 6A 6B 7 8 9 10 11 12 13 14 15 16 17 18
12Z AVG MX 2MIN
DY MAX MIN AVG DEP HDD CDD WTR SNW DPTH SPD SPD DIR MIN PSBL S-S WX SPD DR
================================================================================
1 67 18 43 4 22 0 0.00 0.0 0 9.2 20 160 M M 0 28 150
2 73 24 49 10 16 0 0.00 0.0 0 9.1 18 260 M M 0 23 260
3 73 30 52 12 13 0 0.00 0.0 0 9.5 20 210 M M 0 26 210
4 74 33 54 14 11 0 0.00 0.0 0 6.9 16 210 M M 0 22 280
5 68 20 44 4 21 0 0.00 0.0 0 13.6 31 270 M M 2 44 250
6 58 11 35 -5 30 0 0.00 0.0 0 6.9 15 180 M M 0 17 280
7 67 19 43 3 22 0 0.00 0.0 0 9.1 22 260 M M 1 32 270
8 61 23 42 1 23 0 0.00 0.0 0 9.2 24 320 M M 0 33 320
9 66 19 43 2 22 0 0.00 0.0 0 5.7 14 320 M M 0 20 280
10 66 23 45 4 20 0 0.00 0.0 0 9.2 22 300 M M 0 29 310
11 64 25 45 4 20 0 0.00 0.0 0 8.8 18 310 M M 0 29 290
12 59 24 42 1 23 0 0.00 0.0 0 10.5 21 30 M M 0 25 20
13 62 18 40 -2 25 0 T T 0 13.8 33 360 M M 5 1 42 10
14 46 23 35 -7 30 0 0.01 T T 8.3 22 270 M M 8 18 30 280
15 47 15 31 -11 34 0 T T 0 8.0 28 320 M M 8 8 33 330
16 50 22 36 -6 29 0 0.03 0.6 0 9.5 25 360 M M 6 1 33 10
17 51 25 38 -5 27 0 0.00 0.0 0 11.0 24 10 M M 0 31 360
18 61 14 38 -5 27 0 0.00 0.0 0 9.9 18 20 M M 0 26 360
19 68 24 46 3 19 0 0.00 0.0 0 14.5 33 300 M M 0 44 300
20 61 18 40 -3 25 0 0.00 0.0 0 7.5 22 180 M M 4 27 170
21 56 23 40 -4 25 0 T 0.0 0 12.1 25 10 M M 7 30 20
22 60 20 40 -4 25 0 0.00 0.0 0 9.7 22 320 M M 1 31 330
23 64 24 44 0 21 0 0.00 0.0 0 10.8 21 320 M M 1 26 320
24 67 27 47 3 18 0 0.00 0.0 0 13.2 30 210 M M 5 39 200
25 60 36 48 3 17 0 0.19 0.0 0 13.1 37 190 M M 9 1 48 210
26 42 30 36 -9 29 0 0.54 2.3 1 6.4 16 320 M M 8 12 21 320
27 49 24 37 -8 28 0 0.00 0.0 0 10.4 21 10 M M 1 28 20
28 63 23 43 -3 22 0 0.00 0.0 0 10.9 21 360 M M 0 27 10
29 75 27 51 5 14 0 0.00 0.0 0 8.0 16 30 M M 0 21 20
30 83 36 60 14 5 0 0.00 0.0 0 8.9 18 170 M M 0 22 170
================================================================================
SM 1861 698 663 0 0.77 2.9 293.7 M 66
================================================================================
AV 62.0 23.3 9.8 FASTST M M 2 MAX(MPH)
MISC ----> 37 190 48 210
================================================================================
NOTES:
# LAST OF SEVERAL OCCURRENCES
COLUMN 17 PEAK WIND IN M.P.H.
PRELIMINARY LOCAL CLIMATOLOGICAL DATA (WS FORM: F-6) , PAGE 2
STATION: ELY AIRPORT NV
MONTH: APRIL
YEAR: 2021
LATITUDE: 39 16 N
LONGITUDE: 114 51 W
[TEMPERATURE DATA] [PRECIPITATION DATA] SYMBOLS USED IN COLUMN 16
AVERAGE MONTHLY: 42.7 TOTAL FOR MONTH: 0.77 1 = FOG OR MIST
DPTR FM NORMAL: 0.2 DPTR FM NORMAL: -0.18 2 = FOG REDUCING VISIBILITY
HIGHEST: 83 ON 30 GRTST 24HR 0.67 ON 25-26 TO 1/4 MILE OR LESS
LOWEST: 11 ON 6 3 = THUNDER
SNOW, ICE PELLETS, HAIL 4 = ICE PELLETS
TOTAL MONTH: 2.9 INCHES 5 = HAIL
GRTST 24HR 2.3 ON 26-26 6 = FREEZING RAIN OR DRIZZLE
GRTST DEPTH: 1 ON 26 7 = DUSTSTORM OR SANDSTORM:
VSBY 1/2 MILE OR LESS
8 = SMOKE OR HAZE
[NO. OF DAYS WITH] [WEATHER - DAYS WITH] 9 = BLOWING SNOW
X = TORNADO
MAX 32 OR BELOW: 0 0.01 INCH OR MORE: 4
MAX 90 OR ABOVE: 0 0.10 INCH OR MORE: 2
MIN 32 OR BELOW: 27 0.50 INCH OR MORE: 1
MIN 0 OR BELOW: 0 1.00 INCH OR MORE: 0
[HDD (BASE 65) ]
TOTAL THIS MO. 663 CLEAR (SCALE 0-3) 21
DPTR FM NORMAL -13 PTCLDY (SCALE 4-7) 7
TOTAL FM JUL 1 6517 CLOUDY (SCALE 8-10) 2
DPTR FM NORMAL -387
[CDD (BASE 65) ]
TOTAL THIS MO. 0
DPTR FM NORMAL 0 [PRESSURE DATA]
TOTAL FM JAN 1 0 HIGHEST SLP 30.34 ON 29
DPTR FM NORMAL 0 LOWEST SLP 29.47 ON 25
[REMARKS]
#FINAL-04-21#