000
CXUS53 KTOP 010800
CF6EMP
PRELIMINARY LOCAL CLIMATOLOGICAL DATA (WS FORM: F-6)
STATION: Emporia KS
MONTH: JULY
YEAR: 2020
LATITUDE: 38 19 N
LONGITUDE: 96 12 W
TEMPERATURE IN F: :PCPN: SNOW: WIND :SUNSHINE: SKY :PK WND
================================================================================
1 2 3 4 5 6A 6B 7 8 9 10 11 12 13 14 15 16 17 18
12Z AVG MX 2MIN
DY MAX MIN AVG DEP HDD CDD WTR SNW DPTH SPD SPD DIR MIN PSBL S-S WX SPD DR
================================================================================
1 93 74 84 7 0 19 0.00 M M 9.5 17 140 M M 8 18 25 160
2 91 70 81 4 0 16 0.30 M M 8.3 16 40 M M 4 138 22 30
3 89 69 79 1 0 14 0.39 M M 5.8 22 310 M M 3 1 34 310
4 88 70 79 1 0 14 0.00 M M 6.9 15 70 M M 4 128 20 70
5 88 70 79 1 0 14 0.00 M M 6.4 17 70 M M 2 18 23 70
6 92 71 82 4 0 17 0.00 M M 2.3 13 80 M M 2 18 16 70
7 94 69 82 4 0 17 0.00 M M 5.3 12 170 M M 1 1 18 150
8 95 70 83 5 0 18 0.00 M M 9.7 20 160 M M 1 18 26 160
9 87 65 76 -3 0 11 0.99 M M 9.6 37 20 M M 4 13 58 30
10 90 71 81 2 0 16 0.00 M M 6.5 16 140 M M 2 23 140
11 96 72 84 5 0 19 0.00 M M 7.4 18 50 M M 4 22 50
12 90 65 78 -1 0 13 0.00 M M 6.3 14 20 M M 0 25 20
13 90 67 79 0 0 14 0.00 M M 10.6 17 150 M M 0 25 160
14 94 71 83 4 0 18 0.02 M M 7.8 22 150 M M 2 1 30 150
15 88 72 80 1 0 15 0.07 M M 7.6 24 240 M M 3 13 41 260
16 88 67 78 -1 0 13 0.00 M M 6.2 16 120 M M 0 23 200
17 96 74 85 6 0 20 0.00 M M 11.7 20 160 M M 1 27 160
18 97 75 86 6 0 21 T M M 17.3 31 180 M M 0 1 45 170
19 96 72 84 4 0 19 0.04 M M 5.1 18 70 M M 3 3 23 70
20 90 69 80 0 0 15 1.16 M M 10.7 39 190 M M 2 13 61 190
21 87 69 78 -2 0 13 1.85 M M 7.7 25 170 M M 6 13 35 160
22 91 68 80 0 0 15 0.00 M M 5.2 12 80 M M 1 16 80
23 92 71 82 2 0 17 0.00 M M 6.6 14 130 M M 1 19 170
24 92 73 83 3 0 18 0.00 M M 7.5 15 140 M M 2 1 22 180
25 93 74 84 4 0 19 0.00 M M 10.3 16 150 M M 1 22 160
26 94 73 84 4 0 19 0.00 M M 9.4 17 190 M M 1 26 200
27 84 71 78 -2 0 13 1.44 M M 4.3 21 30 M M 8 13 27 30
28 85 72 79 -1 0 14 T M M 7.1 16 170 M M 8 1 21 170
29 86 71 79 -1 0 14 0.37 M M 7.6 23 300 M M 7 13 32 300
30 81 69 75 -5 0 10 0.48 M M 9.0 22 260 M M 9 1 39 250
31 82 66 74 -6 0 9 T M M 7.0 13 10 M M 6 21 20
================================================================================
SM 2799 2180 0 484 7.11 M 242.7 M 96
================================================================================
AV 90.3 70.3 7.8 FASTST M M 3 MAX(MPH)
MISC ----> # 39 190 # 61 190
================================================================================
NOTES:
# LAST OF SEVERAL OCCURRENCES
COLUMN 17 PEAK WIND IN M.P.H.
PRELIMINARY LOCAL CLIMATOLOGICAL DATA (WS FORM: F-6) , PAGE 2
STATION: Emporia KS
MONTH: JULY
YEAR: 2020
LATITUDE: 38 19 N
LONGITUDE: 96 12 W
[TEMPERATURE DATA] [PRECIPITATION DATA] SYMBOLS USED IN COLUMN 16
AVERAGE MONTHLY: 80.3 TOTAL FOR MONTH: 7.11 1 = FOG OR MIST
DPTR FM NORMAL: 1.3 DPTR FM NORMAL: 2.84 2 = FOG REDUCING VISIBILITY
HIGHEST: 97 ON 18 GRTST 24HR 1.85 ON 21-21 TO 1/4 MILE OR LESS
LOWEST: 65 ON 12, 9 3 = THUNDER
SNOW, ICE PELLETS, HAIL 4 = ICE PELLETS
TOTAL MONTH: M 5 = HAIL
GRTST 24HR M ON M 6 = FREEZING RAIN OR DRIZZLE
GRTST DEPTH: M ON M 7 = DUSTSTORM OR SANDSTORM:
VSBY 1/2 MILE OR LESS
8 = SMOKE OR HAZE
[NO. OF DAYS WITH] [WEATHER - DAYS WITH] 9 = BLOWING SNOW
X = TORNADO
MAX 32 OR BELOW: 0 0.01 INCH OR MORE: 11
MAX 90 OR ABOVE: 19 0.10 INCH OR MORE: 8
MIN 32 OR BELOW: 0 0.50 INCH OR MORE: 4
MIN 0 OR BELOW: 0 1.00 INCH OR MORE: 3
[HDD (BASE 65) ]
TOTAL THIS MO. 0 CLEAR (SCALE 0-3) 20
DPTR FM NORMAL 0 PTCLDY (SCALE 4-7) 9
TOTAL FM JUL 1 0 CLOUDY (SCALE 8-10) 2
DPTR FM NORMAL 0
[CDD (BASE 65) ]
TOTAL THIS MO. 484
DPTR FM NORMAL 50 [PRESSURE DATA]
TOTAL FM JAN 1 973 HIGHEST SLP M ON M
DPTR FM NORMAL 157 LOWEST SLP 29.67 ON 9
[REMARKS]
#FINAL-07-20#