000
CXUS53 KTOP 290810
CF6EMP
PRELIMINARY LOCAL CLIMATOLOGICAL DATA (WS FORM: F-6)
STATION: EMPORIA KS
MONTH: MARCH
YEAR: 2024
LATITUDE: 38 19 N
LONGITUDE: 96 12 W
TEMPERATURE IN F: :PCPN: SNOW: WIND :SUNSHINE: SKY :PK WND
================================================================================
1 2 3 4 5 6A 6B 7 8 9 10 11 12 13 14 15 16 17 18
12Z AVG MX 2MIN
DY MAX MIN AVG DEP HDD CDD WTR SNW DPTH SPD SPD DIR MIN PSBL S-S WX SPD DR
================================================================================
1 57 34 46 6 19 0 0.00 M M 12.3 21 190 M M 5 29 180
2 75 34 55 15 10 0 0.00 M M 15.8 24 170 M M 1 1 34 180
3 83 53 68 27 0 3 0.00 M M 18.5 36 200 M M 0 51 190
4 76 39 58 17 7 0 0.00 M M 15.9 26 200 M M 2 37 180
5 61 37 49 7 16 0 0.00 M M 9.9 21 20 M M 5 29 340
6 65 29 47 5 18 0 0.00 M M 8.7 20 90 M M 2 12 26 110
7 53 41 47 5 18 0 1.17 M M 8.6 24 90 M M 9 13 29 90
8 48 35 42 -1 23 0 T M M 13.6 22 350 M M 10 1 31 360
9 54 29 42 -1 23 0 0.00 M M 9.0 17 300 M M 1 26 320
10 66 29 48 5 17 0 0.00 M M 8.6 17 190 M M 0 23 180
11 71 40 56 12 9 0 0.00 M M 16.3 28 200 M M 0 35 190
12 76 47 62 18 3 0 0.00 M M 16.7 28 190 M M 0 38 170
13 76 38 57 13 8 0 T M M 11.9 31 180 M M 2 42 180
14 71 45 58 13 7 0 0.01 M M 10.8 24 200 M M 3 13 31 190
15 65 43 54 9 11 0 0.00 M M 10.4 23 20 M M 3 1 30 40
16 68 39 54 8 11 0 0.00 M M 8.7 21 290 M M 2 29 290
17 53 29 41 -5 24 0 0.00 M M 11.6 29 340 M M 0 39 330
18 46 21 34 -12 31 0 0.00 M M 9.2 18 300 M M 0 28 320
19 76 30 53 6 12 0 0.00 M M 11.1 24 230 M M 0 31 230
20 62 38 50 3 15 0 0.00 M M 11.1 24 40 M M 0 8 31 40
21 69 36 53 5 12 0 0.00 M M 9.9 18 90 M M 1 18 23 70
22 58 36 47 -1 18 0 0.00 M M 14.3 30 10 M M 6 128 42 20
23 48 32 40 -8 25 0 0.00 M M 12.0 21 110 M M 6 28 110
24 54 43 49 1 16 0 0.59 M M 18.2 31 180 M M 7 138 43 150
25 65 30 48 -1 17 0 0.00 M M 18.1 32 150 M M 5 18 46 160
26 44 27 36 -13 29 0 0.00 M M 16.1 28 300 M M 6 1 38 300
27 53 21 37 -13 28 0 0.00 M M 4.9 12 160 M M 0 8 16 160
28 70 33 52 2 13 0 0.00 M M 12.7 25 200 M M 0 8 33 190
================================================================================
SM 1763 988 440 3 1.77 M 344.9 M 76
================================================================================
AV 63.0 35.3 12.3 FASTST M M 3 MAX(MPH)
MISC ----> 36 200 51 190
================================================================================
NOTES:
# LAST OF SEVERAL OCCURRENCES
COLUMN 17 PEAK WIND IN M.P.H.
PRELIMINARY LOCAL CLIMATOLOGICAL DATA (WS FORM: F-6) , PAGE 2
STATION: EMPORIA KS
MONTH: MARCH
YEAR: 2024
LATITUDE: 38 19 N
LONGITUDE: 96 12 W
[TEMPERATURE DATA] [PRECIPITATION DATA] SYMBOLS USED IN COLUMN 16
AVERAGE MONTHLY: 49.1 TOTAL FOR MONTH: 1.77 1 = FOG OR MIST
DPTR FM NORMAL: 4.1 DPTR FM NORMAL: -0.11 2 = FOG REDUCING VISIBILITY
HIGHEST: 83 ON 3 GRTST 24HR 1.17 ON 7- 7 TO 1/4 MILE OR LESS
LOWEST: 21 ON 27,18 3 = THUNDER
SNOW, ICE PELLETS, HAIL 4 = ICE PELLETS
TOTAL MONTH: M 5 = HAIL
GRTST 24HR M ON M 6 = FREEZING RAIN OR DRIZZLE
GRTST DEPTH: M ON M 7 = DUSTSTORM OR SANDSTORM:
VSBY 1/2 MILE OR LESS
8 = SMOKE OR HAZE
[NO. OF DAYS WITH] [WEATHER - DAYS WITH] 9 = BLOWING SNOW
X = TORNADO
MAX 32 OR BELOW: 0 0.01 INCH OR MORE: 3
MAX 90 OR ABOVE: 0 0.10 INCH OR MORE: 2
MIN 32 OR BELOW: 10 0.50 INCH OR MORE: 2
MIN 0 OR BELOW: 0 1.00 INCH OR MORE: 1
[HDD (BASE 65) ]
TOTAL THIS MO. 440 CLEAR (SCALE 0-3) 17
DPTR FM NORMAL -123 PTCLDY (SCALE 4-7) 9
TOTAL FM JUL 1 3691 CLOUDY (SCALE 8-10) 2
DPTR FM NORMAL -646
[CDD (BASE 65) ]
TOTAL THIS MO. 3
DPTR FM NORMAL 3 [PRESSURE DATA]
TOTAL FM JAN 1 3 HIGHEST SLP M ON M
DPTR FM NORMAL 3 LOWEST SLP 29.29 ON 25
[REMARKS]