000
CXUS51 KCLE 041811
CLSERI
CLIMATE REPORT
NATIONAL WEATHER SERVICE CLEVELAND, OH
111 PM EST MON DEC 04 2023
...................................
...THE ERIE PA CLIMATE SUMMARY FOR THE SEASON, FROM
9/1/2023 TO 11/30/2023...
CLIMATE NORMAL PERIOD 1991 TO 2020
CLIMATE RECORD PERIOD 1873 TO 2023
WEATHER OBSERVED NORMAL DEPART
VALUE DATE(S) VALUE FROM
NORMAL
................................................
TEMPERATURE (F)
RECORD
HIGH 99 09/03/1953
LOW 6 11/30/1929
11/22/1880
HIGHEST 91 09/06
LOWEST 19 11/29
AVG. MAXIMUM 62.0 62.1 -0.1
AVG. MINIMUM 48.4 46.6 1.8
MEAN 55.2 54.4 0.8
DAYS MAX >= 90 1 0.6
DAYS MAX <= 32 1 1.0
DAYS MIN <= 32 9 9.6
DAYS MIN <= 0 0 0.0
PRECIPITATION (INCHES)
RECORD
MAXIMUM 20.91 1979
MINIMUM 4.52 1908
TOTALS 8.26 12.45 -4.19
DAYS >= .01 35 39.3
DAYS >= .10 21 25.4
DAYS >= .50 4 8.1
DAYS >= 1.00 1 2.4
SNOWFALL (INCHES)
RECORDS
TOTAL 46.9 1950
TOTALS 5.4 9.7
DAYS >= TRACE 7
DAYS >= 1.0 2 2.3
DEGREE DAYS
HEATING TOTAL 992 1072 -80
COOLING TOTAL 129 104 25
................................................
WIND (MPH)
HIGHEST GUST SPEED/DIRECTION 54/130 DATE 11/21
SKY COVER
POSSIBLE SUNSHINE (PERCENT) MM
NUMBER OF DAYS FAIR 30
NUMBER OF DAYS PC 24
NUMBER OF DAYS CLOUDY 37
WEATHER CONDITIONS. NUMBER OF DAYS WITH
THUNDERSTORM 5 MIXED PRECIP 0
HEAVY RAIN 8 RAIN 15
LIGHT RAIN 40 FREEZING RAIN 0
LT FREEZING RAIN 0 HAIL 0
HEAVY SNOW 0 SNOW 4
LIGHT SNOW 6 SLEET 0
FOG 38 FOG W/VIS <= 1/4 MILE 5
HAZE 30
- INDICATES NEGATIVE NUMBERS.
R INDICATES RECORD WAS SET OR TIED.
MM INDICATES DATA IS MISSING.
T INDICATES TRACE AMOUNT.
$$