000
CXUS54 KEWX 011010
CF6ERV
PRELIMINARY LOCAL CLIMATOLOGICAL DATA (WS FORM: F-6)
STATION: KERRVILLE
MONTH: OCTOBER
YEAR: 2022
LATITUDE: 29 58 N
LONGITUDE: 99 5 W
TEMPERATURE IN F: :PCPN: SNOW: WIND :SUNSHINE: SKY :PK WND
================================================================================
1 2 3 4 5 6A 6B 7 8 9 10 11 12 13 14 15 16 17 18
12Z AVG MX 2MIN
DY MAX MIN AVG DEP HDD CDD WTR SNW DPTH SPD SPD DIR MIN PSBL S-S WX SPD DR
================================================================================
1 88 53 71 M 0 6 M M M 3.0 8 100 M M 0 M M
2 83 48 66 M 0 1 M M M 2.5 9 120 M M 0 16 100
3 85 51 68 M 0 3 M M M 2.8 8 110 M M 0 18 160
4 87 51 69 M 0 4 M M M 2.6 13 180 M M 0 17 120
5 87 51 69 M 0 4 M M M 2.2 8 160 M M 1 M M
6 89 51 70 M 0 5 M M M 2.4 9 120 M M 1 M M
7 82 60 71 M 0 6 M M M 1.4 8 130 M M 0 M M
8 86 52 69 M 0 4 M M M 3.9 10 120 M M 2 17 100
9 86 57 72 M 0 7 M M M 4.7 10 130 M M 2 21 180
10 86 57 72 M 0 7 M M M 7.8 20 170 M M 3 22 170
11 84 62 73 M 0 8 M M M 7.3 17 170 M M 5 25 160
12 92 66 79 M 0 14 M M M 5.0 14 190 M M 5 18 190
13 89 58 74 M 0 9 M M M 5.8 14 60 M M 0 21 50
14 89 55 72 M 0 7 M M M 3.8 10 190 M M 4 16 190
15 90 71 81 M 0 16 M M M 11.5 16 150 M M 6 21 180
16 89 67 78 M 0 13 M M M 8.9 18 30 M M 6 24 30
17 70 55 63 M 2 0 0.49 M M 7.3 15 40 M M 8 22 40
18 69 44 57 M 8 0 M M M 6.3 12 30 M M 3 18 20
19 75 38 57 M 8 0 M M M 1.6 8 260 M M 0 16 260
20 82 41 62 M 3 0 0.00 0.0 M 3.5 10 200 M M 0 M M
21 83 44 64 M 1 0 0.00 0.0 M 5.6 15 170 M M 0 20 170
22 84 61 73 M 0 8 M M M 11.4 20 160 M M 4 24 160
23 82 67 75 M 0 10 M M M 14.4 23 160 M M 8 30 160
24 86 60 73 M 0 8 0.04 M M 12.5 18 170 M M 8 1 38 0
25 76 44 60 M 5 0 0.00 0.0 M 10.1 28 310 M M 0 38 310
26 77 36 57 M 8 0 M M M 4.0 13 190 M M 0 20 180
27 78 44 61 M 4 0 M M M 7.7 15 160 M M 5 25 170
28 68 55 62 M 3 0 0.27 M M 10.2 15 340 M M 7 1 29 310
29 69 47 58 M 7 0 M M M 9.9 18 320 M M 4 25 330
30 75 41 58 M 7 0 M M M 2.3 7 290 M M 0 M M
31 77 46 62 M 3 0 0.01 M M 2.5 9 170 M M 4 M M
================================================================================
SM 2543 1633 59 140 0.81 0.0 185.0 M 86
================================================================================
AV 82.0 52.7 6.0 FASTST M M 3 MAX(MPH)
MISC ----> 28 310 # 38 0
================================================================================
NOTES:
# LAST OF SEVERAL OCCURRENCES
COLUMN 17 PEAK WIND IN M.P.H.
PRELIMINARY LOCAL CLIMATOLOGICAL DATA (WS FORM: F-6) , PAGE 2
STATION: KERRVILLE
MONTH: OCTOBER
YEAR: 2022
LATITUDE: 29 58 N
LONGITUDE: 99 5 W
[TEMPERATURE DATA] [PRECIPITATION DATA] SYMBOLS USED IN COLUMN 16
AVERAGE MONTHLY: 67.4 TOTAL FOR MONTH: 0.81 1 = FOG OR MIST
DPTR FM NORMAL: 0.0 DPTR FM NORMAL: M 2 = FOG REDUCING VISIBILITY
HIGHEST: 92 ON 12 GRTST 24HR 0.49 ON 17-17 TO 1/4 MILE OR LESS
LOWEST: 36 ON 26 3 = THUNDER
SNOW, ICE PELLETS, HAIL 4 = ICE PELLETS
TOTAL MONTH: 0.0 INCH 5 = HAIL
GRTST 24HR 0.0 6 = FREEZING RAIN OR DRIZZLE
GRTST DEPTH: M ON M 7 = DUSTSTORM OR SANDSTORM:
VSBY 1/2 MILE OR LESS
8 = SMOKE OR HAZE
[NO. OF DAYS WITH] [WEATHER - DAYS WITH] 9 = BLOWING SNOW
X = TORNADO
MAX 32 OR BELOW: 0 0.01 INCH OR MORE: 4
MAX 90 OR ABOVE: 2 0.10 INCH OR MORE: 2
MIN 32 OR BELOW: 0 0.50 INCH OR MORE: 0
MIN 0 OR BELOW: 0 1.00 INCH OR MORE: 0
[HDD (BASE 65) ]
TOTAL THIS MO. 59 CLEAR (SCALE 0-3) 17
DPTR FM NORMAL M PTCLDY (SCALE 4-7) 13
TOTAL FM JUL 1 59 CLOUDY (SCALE 8-10) 1
DPTR FM NORMAL M
[CDD (BASE 65) ]
TOTAL THIS MO. 140
DPTR FM NORMAL M [PRESSURE DATA]
TOTAL FM JAN 1 3025 HIGHEST SLP M ON M
DPTR FM NORMAL M LOWEST SLP M ON M
[REMARKS]
#FINAL-10-22#