000
CXUS53 KDMX 161613
CF6EST
PRELIMINARY LOCAL CLIMATOLOGICAL DATA (WS FORM: F-6)
STATION: ESTHERVILLE IA
MONTH: SEPTEMBER
YEAR: 2021
LATITUDE: 43 24 N
LONGITUDE: 94 45 W
TEMPERATURE IN F: :PCPN: SNOW: WIND :SUNSHINE: SKY :PK WND
================================================================================
1 2 3 4 5 6A 6B 7 8 9 10 11 12 13 14 15 16 17 18
12Z AVG MX 2MIN
DY MAX MIN AVG DEP HDD CDD WTR SNW DPTH SPD SPD DIR MIN PSBL S-S WX SPD DR
================================================================================
1 77 53 65 0 0 0 0.00 0.0 0 6.9 18 150 M M 3 12 23 130
2 67 56 62 -3 3 0 1.10 0.0 0 11.5 21 120 M M 5 13 28 120
3 70 62 66 1 0 1 0.28 0.0 0 7.7 14 130 M M 10 1 19 130
4 79 57 68 4 0 3 0.00 0.0 0 7.1 15 310 M M 4 1 22 290
5 84 53 69 5 0 4 0.21 0.0 0 7.8 24 280 M M 1 13 37 280
6 83 49 66 2 0 1 0.00 0.0 0 7.9 17 170 M M 0 24 170
7 79 55 67 3 0 2 0.00 0.0 0 12.0 26 350 M M 0 35 310
8 77 53 65 2 0 0 0.00 0.0 0 10.4 21 340 M M 1 31 320
9 77 50 64 1 1 0 0.00 0.0 0 4.2 12 310 M M 0 18 320
10 83 51 67 4 0 2 0.00 0.0 0 7.4 17 160 M M 0 24 160
11 89 59 74 12 0 9 0.00 0.0 0 7.1 20 30 M M 1 1 26 40
12 72 56 64 2 1 0 0.01 0.0 0 9.1 22 40 M M 3 30 30
13 74 56 65 3 0 0 0.01 0.0 0 6.8 17 120 M M 8 1 23 300
14 73 53 63 1 2 0 0.00 0.0 0 8.0 17 340 M M 5 1 26 330
15 78 45 62 1 3 0 0.00 0.0 0 8.7 17 180 M M 1 1 24 190
16 89 62 76 15 0 11 0.00 0.0 0 17.6 30 180 M M 1 42 180
17 73 45 59 -1 6 0 0.12 0.0 0 7.5 32 300 M M 3 13 49 300
18 82 43 63 3 2 0 0.00 0.0 0 9.2 20 180 M M 3 28 190
19 88 64 76 16 0 11 0.00 0.0 0 16.6 31 170 M M 0 1 42 170
20 73 51 62 3 3 0 0.33 0.0 0 12.6 23 310 M M 7 13 40 310
21 69 43 56 -3 9 0 0.00 0.0 0 9.6 22 350 M M 1 29 340
22 71 40 56 -2 9 0 0.00 0.0 0 4.4 8 120 M M 0 12 310
23 75 39 57 -1 8 0 0.00 0.0 0 8.8 18 160 M M 0 25 170
24 69 41 55 -3 10 0 0.07 0.0 0 10.3 26 350 M M 2 1 36 340
25 77 37 57 0 8 0 0.00 0.0 0 8.3 17 260 M M 0 27 280
26 88 49 69 12 0 4 0.00 0.0 0 8.0 16 190 M M 0 22 210
27 84 53 69 13 0 4 0.00 0.0 0 7.1 15 20 M M 0 19 20
28 85 48 67 11 0 2 0.00 0.0 0 9.4 18 140 M M 0 1 25 150
29 85 55 70 15 0 5 0.00 0.0 0 9.2 24 160 M M 0 18 33 170
30 77 60 69 14 0 4 2.14 0.0 0 6.2 16 150 M M 6 13 19 200
================================================================================
SM 2347 1538 65 63 4.27 0.0 267.4 M 65
================================================================================
AV 78.2 51.3 8.9 FASTST M M 2 MAX(MPH)
MISC ----> 32 300 49 300
================================================================================
NOTES:
# LAST OF SEVERAL OCCURRENCES
COLUMN 17 PEAK WIND IN M.P.H.
PRELIMINARY LOCAL CLIMATOLOGICAL DATA (WS FORM: F-6) , PAGE 2
STATION: ESTHERVILLE IA
MONTH: SEPTEMBER
YEAR: 2021
LATITUDE: 43 24 N
LONGITUDE: 94 45 W
[TEMPERATURE DATA] [PRECIPITATION DATA] SYMBOLS USED IN COLUMN 16
AVERAGE MONTHLY: 64.8 TOTAL FOR MONTH: 4.27 1 = FOG OR MIST
DPTR FM NORMAL: 4.2 DPTR FM NORMAL: 1.13 2 = FOG REDUCING VISIBILITY
HIGHEST: 89 ON 16,11 GRTST 24HR 2.14 ON 30-30 TO 1/4 MILE OR LESS
LOWEST: 37 ON 25 3 = THUNDER
SNOW, ICE PELLETS, HAIL 4 = ICE PELLETS
TOTAL MONTH: 0.0 INCH 5 = HAIL
GRTST 24HR 0.0 6 = FREEZING RAIN OR DRIZZLE
GRTST DEPTH: 0 7 = DUSTSTORM OR SANDSTORM:
VSBY 1/2 MILE OR LESS
8 = SMOKE OR HAZE
[NO. OF DAYS WITH] [WEATHER - DAYS WITH] 9 = BLOWING SNOW
X = TORNADO
MAX 32 OR BELOW: 0 0.01 INCH OR MORE: 9
MAX 90 OR ABOVE: 0 0.10 INCH OR MORE: 6
MIN 32 OR BELOW: 0 0.50 INCH OR MORE: 2
MIN 0 OR BELOW: 0 1.00 INCH OR MORE: 2
[HDD (BASE 65) ]
TOTAL THIS MO. 65 CLEAR (SCALE 0-3) 23
DPTR FM NORMAL -113 PTCLDY (SCALE 4-7) 5
TOTAL FM JUL 1 78 CLOUDY (SCALE 8-10) 2
DPTR FM NORMAL -147
[CDD (BASE 65) ]
TOTAL THIS MO. 63
DPTR FM NORMAL 15 [PRESSURE DATA]
TOTAL FM JAN 1 743 HIGHEST SLP 30.36 ON 22
DPTR FM NORMAL 221 LOWEST SLP 29.64 ON 20
[REMARKS]
#FINAL-09-21#