000
CXUS56 KPQR 011550
CLMEUG
CLIMATE REPORT
NATIONAL WEATHER SERVICE PORTLAND OREGON
850 AM PDT SAT JUL 01 2023
...................................
...THE EUGENE OR CLIMATE SUMMARY FOR THE MONTH OF JUNE 2023...
CLIMATE NORMAL PERIOD 1991 TO 2020
CLIMATE RECORD PERIOD 1892 TO 2023
WEATHER OBSERVED NORMAL DEPART LAST YEAR`S
VALUE DATE(S) VALUE FROM VALUE DATE(S)
NORMAL
................................................................
TEMPERATURE (F)
HIGHEST 93 95 06/26
LOWEST 39 44 06/15
AVG. MAXIMUM 80.5 74.2 6.3 74.6
AVG. MINIMUM 48.4 47.6 0.8 50.5
MEAN 64.5 60.9 3.6 62.6
DAYS MAX >= 90 4 1.4 2.6 3
DAYS MAX <= 32 0 0.0 0.0 0
DAYS MIN <= 32 0 0.0 0.0 0
DAYS MIN <= 0 0 0.0 0.0 0
PRECIPITATION (INCHES)
RECORD
MAXIMUM 5.57 1937
MINIMUM T 1951
TOTALS 0.14 1.23 -1.09 2.48
DAYS >= .01 2 7.9 -5.9 12
DAYS >= .10 1 3.9 -2.9 7
DAYS >= .50 0 0.4 -0.4 1
DAYS >= 1.00 0 0.1 -0.1 0
GREATEST
24 HR. TOTAL 0.12 06/18 TO 06/18
DEGREE DAYS
HEATING TOTAL 64 146 -82 98
SINCE 7/1 4439 4614 -175 MM
COOLING TOTAL 55 23 32 31
SINCE 1/1 104 27 77 MM
................................................................
WIND (MPH)
AVERAGE WIND SPEED 7.2
RESULTANT WIND SPEED/DIRECTION 3/340
HIGHEST WIND SPEED/DIRECTION 24/020 DATE 06/04
HIGHEST GUST SPEED/DIRECTION 31/350 DATE 06/04
SKY COVER
POSSIBLE SUNSHINE (PERCENT) MM
AVERAGE SKY COVER 0.35
NUMBER OF DAYS FAIR 19
NUMBER OF DAYS PC 7
NUMBER OF DAYS CLOUDY 4
AVERAGE RH (PERCENT) 59
WEATHER CONDITIONS. NUMBER OF DAYS WITH
THUNDERSTORM 0 MIXED PRECIP 0
HEAVY RAIN 0 RAIN 1
LIGHT RAIN 2 FREEZING RAIN 0
LT FREEZING RAIN 0 HAIL 0
HEAVY SNOW 0 SNOW 0
LIGHT SNOW 0 SLEET 0
FOG 3 FOG W/VIS <= 1/4 MILE 0
HAZE 0
- INDICATES NEGATIVE NUMBERS.
R INDICATES RECORD WAS SET OR TIED.
MM INDICATES DATA IS MISSING.
T INDICATES TRACE AMOUNT.
$$