000
CXUS55 KPAH 021155
CF6EVV
PRELIMINARY LOCAL CLIMATOLOGICAL DATA (WS FORM: F-6)
STATION: EVANSVILLE IN
MONTH: JANUARY
YEAR: 2021
LATITUDE: 38 2 N
LONGITUDE: 87 32 W
TEMPERATURE IN F: :PCPN: SNOW: WIND :SUNSHINE: SKY :PK WND
================================================================================
1 2 3 4 5 6A 6B 7 8 9 10 11 12 13 14 15 16 17 18
12Z AVG MX 2MIN
DY MAX MIN AVG DEP HDD CDD WTR SNW DPTH SPD SPD DIR MIN PSBL S-S WX SPD DR
================================================================================
1 53 33 43 10 22 0 0.73 0.0 0 12.5 29 240 M M 10 18 37 240
2 41 36 39 6 26 0 T 0.0 0 2.2 14 270 M M 10 18 19 290
3 42 28 35 2 30 0 T 0.0 0 4.5 13 250 M M 6 1 16 260
4 53 26 40 7 25 0 0.00 0.0 0 2.7 15 280 M M 1 18 23 290
5 47 29 38 6 27 0 0.00 0.0 0 6.4 16 290 M M 5 18 28 300
6 42 26 34 2 31 0 0.00 0.0 0 5.4 14 80 M M 0 18 18 100
7 40 28 34 2 31 0 0.02 T 0 9.5 16 30 M M 4 1 22 20
8 36 33 35 3 30 0 T T 0 6.7 16 20 M M 10 1 22 30
9 35 31 33 1 32 0 0.00 0.0 0 6.0 12 340 M M 10 17 340
10 32 28 30 -2 35 0 T T 0 3.1 8 340 M M 10 13 290
11 30 27 29 -3 36 0 0.00 0.0 0 4.7 12 240 M M 10 8 15 230
12 43 22 33 1 32 0 0.00 0.0 0 8.6 16 210 M M 1 18 21 200
13 50 28 39 7 26 0 0.00 0.0 0 9.4 17 210 M M 0 18 23 210
14 56 33 45 13 20 0 T 0.0 0 9.3 20 300 M M 4 35 290
15 44 31 38 6 27 0 0.04 0.5 T 11.0 22 260 M M 7 18 31 250
16 39 33 36 4 29 0 0.02 T T 9.4 18 250 M M 10 1 27 260
17 38 30 34 2 31 0 0.03 T 0 7.3 16 250 M M 10 1 20 250
18 47 28 38 6 27 0 0.00 0.0 0 5.8 18 260 M M 8 23 230
19 49 31 40 8 25 0 0.00 0.0 0 6.1 15 290 M M 3 128 24 270
20 41 25 33 1 32 0 T 0.0 0 9.2 21 220 M M 3 30 230
21 53 34 44 12 21 0 0.01 0.0 0 7.3 18 220 M M 3 18 24 230
22 41 25 33 1 32 0 0.00 0.0 0 8.2 17 340 M M 0 22 340
23 42 17 30 -2 35 0 0.00 0.0 0 7.0 13 100 M M 2 20 110
24 41 33 37 5 28 0 0.13 0.0 0 4.6 10 110 M M 9 168 17 110
25 41 36 39 6 26 0 1.53 0.0 0 8.8 21 70 M M 10 138 29 80
26 49 34 42 9 23 0 0.00 0.0 0 8.7 20 280 M M 10 12 31 290
27 37 25 31 -2 34 0 0.08 0.4 0 9.2 17 90 M M 9 18 25 340
28 33 18 26 -7 39 0 0.00 0.0 0 4.7 13 340 M M 2 19 340
29 41 20 31 -2 34 0 0.00 0.0 0 4.8 12 130 M M 0 18 20 140
30 42 31 37 4 28 0 0.47 0.0 0 8.5 18 160 M M 8 1 31 150
31 49 33 41 8 24 0 0.35 T T 11.5 22 280 M M 10 18 33 250
================================================================================
SM 1327 892 898 0 3.41 0.9 223.1 M 185
================================================================================
AV 42.8 28.8 7.2 FASTST M M 6 MAX(MPH)
MISC ----> 29 240 37 240
================================================================================
NOTES:
# LAST OF SEVERAL OCCURRENCES
COLUMN 17 PEAK WIND IN M.P.H.
PRELIMINARY LOCAL CLIMATOLOGICAL DATA (WS FORM: F-6) , PAGE 2
STATION: EVANSVILLE IN
MONTH: JANUARY
YEAR: 2021
LATITUDE: 38 2 N
LONGITUDE: 87 32 W
[TEMPERATURE DATA] [PRECIPITATION DATA] SYMBOLS USED IN COLUMN 16
AVERAGE MONTHLY: 35.8 TOTAL FOR MONTH: 3.41 1 = FOG OR MIST
DPTR FM NORMAL: 3.3 DPTR FM NORMAL: 0.31 2 = FOG REDUCING VISIBILITY
HIGHEST: 56 ON 14 GRTST 24HR 1.81 ON 25-25 TO 1/4 MILE OR LESS
LOWEST: 17 ON 23 3 = THUNDER
SNOW, ICE PELLETS, HAIL 4 = ICE PELLETS
TOTAL MONTH: 0.9 INCH 5 = HAIL
GRTST 24HR 0.5 ON 15-15 6 = FREEZING RAIN OR DRIZZLE
GRTST DEPTH: T 7 = DUSTSTORM OR SANDSTORM:
VSBY 1/2 MILE OR LESS
8 = SMOKE OR HAZE
[NO. OF DAYS WITH] [WEATHER - DAYS WITH] 9 = BLOWING SNOW
X = TORNADO
MAX 32 OR BELOW: 2 0.01 INCH OR MORE: 11
MAX 90 OR ABOVE: 0 0.10 INCH OR MORE: 5
MIN 32 OR BELOW: 21 0.50 INCH OR MORE: 2
MIN 0 OR BELOW: 0 1.00 INCH OR MORE: 1
[HDD (BASE 65) ]
TOTAL THIS MO. 898 CLEAR (SCALE 0-3) 10
DPTR FM NORMAL -109 PTCLDY (SCALE 4-7) 8
TOTAL FM JUL 1 2432 CLOUDY (SCALE 8-10) 13
DPTR FM NORMAL -350
[CDD (BASE 65) ]
TOTAL THIS MO. 0
DPTR FM NORMAL 0 [PRESSURE DATA]
TOTAL FM JAN 1 0 HIGHEST SLP 30.73 ON 28
DPTR FM NORMAL 0 LOWEST SLP 29.55 ON 15
[REMARKS]
#FINAL-01-21#