000
CXUS52 KMHX 021342
CF6EWN
PRELIMINARY LOCAL CLIMATOLOGICAL DATA (WS FORM: F-6)
STATION: NEW BERN NC
MONTH: DECEMBER
YEAR: 2022
LATITUDE: 35 4 N
LONGITUDE: 77 3 W
TEMPERATURE IN F: :PCPN: SNOW: WIND :SUNSHINE: SKY :PK WND
================================================================================
1 2 3 4 5 6A 6B 7 8 9 10 11 12 13 14 15 16 17 18
12Z AVG MX 2MIN
DY MAX MIN AVG DEP HDD CDD WTR SNW DPTH SPD SPD DIR MIN PSBL S-S WX SPD DR
================================================================================
1 55 32 44 -6 21 0 0.00 0.0 0 6.1 17 360 M M 0 23 360
2 60 29 45 -5 20 0 0.00 0.0 0 4.4 9 50 M M 1 12 12 110
3 74 46 60 10 5 0 0.04 0.0 0 4.5 20 210 M M 8 12 27 210
4 62 38 50 0 15 0 0.00 0.0 0 8.7 17 40 M M 2 22 40
5 60 34 47 -3 18 0 0.00 0.0 0 5.6 10 100 M M 4 13 40
6 72 51 62 12 3 0 0.00 0.0 0 3.6 12 170 M M 10 12 14 170
7 77 56 67 18 0 2 T 0.0 0 2.8 12 230 M M 7 12 15 230
8 69 54 62 13 3 0 T 0.0 0 8.3 18 40 M M 9 1 22 40
9 55 43 49 0 16 0 0.05 0.0 0 9.1 16 40 M M 8 1 20 40
10 57 41 49 0 16 0 0.00 0.0 0 8.1 14 40 M M 4 18 60
11 59 46 53 4 12 0 0.00 0.0 0 3.7 9 10 M M 7 12 360
12 54 37 46 -2 19 0 0.00 0.0 0 8.5 17 40 M M 4 22 20
13 52 32 42 -6 23 0 0.00 0.0 0 7.1 13 20 M M 4 16 10
14 50 30 40 -8 25 0 T 0.0 0 4.4 10 60 M M 3 1 14 40
15 70 45 58 10 7 0 0.91 0.0 0 9.0 22 270 M M 9 1 30 280
16 58 43 51 3 14 0 0.00 0.0 0 7.3 17 270 M M 5 23 300
17 53 40 47 0 18 0 0.00 0.0 0 6.0 10 210 M M 1 13 220
18 53 34 44 -3 21 0 0.00 0.0 0 7.5 15 320 M M 0 20 330
19 47 28 38 -9 27 0 0.00 0.0 0 4.8 14 350 M M 0 16 360
20 44 34 39 -8 26 0 0.00 0.0 0 7.1 14 50 M M 2 17 50
21 51 38 45 -2 20 0 T 0.0 0 9.2 17 50 M M 8 21 50
22 65 46 56 9 9 0 1.00 0.0 0 9.3 21 270 M M 8 13 30 260
23 57 24 41 -5 24 0 0.02 0.0 0 16.3 39 240 M M 5 1 55 260
24 30 18 24 -22 41 0 0.00 0.0 0 10.6 22 280 M M 0 32 310
25 42 18 30 -16 35 0 0.00 0.0 0 5.9 15 290 M M 0 19 290
26 47 18 33 -13 32 0 0.00 0.0 0 1.6 9 20 M M 0 11 10
27 51 20 36 -10 29 0 0.00 0.0 0 1.5 10 330 M M 0 1 12 340
28 59 23 41 -5 24 0 0.00 0.0 0 0.8 9 290 M M 0 11 220
29 66 27 47 1 18 0 0.00 0.0 0 0.1 6 110 M M 0 8 350
30 70 38 54 9 11 0 0.06 0.0 0 2.7 9 130 M M 6 12 13 110
31 73 57 65 20 0 0 0.99 0.0 0 6.3 16 180 M M 7 12 23 180
================================================================================
SM 1792 1120 552 2 3.07 0.0 190.9 M 122
================================================================================
AV 57.8 36.1 6.2 FASTST M M 4 MAX(MPH)
MISC ----> 39 240 55 260
================================================================================
NOTES:
# LAST OF SEVERAL OCCURRENCES
COLUMN 17 PEAK WIND IN M.P.H.
PRELIMINARY LOCAL CLIMATOLOGICAL DATA (WS FORM: F-6) , PAGE 2
STATION: NEW BERN NC
MONTH: DECEMBER
YEAR: 2022
LATITUDE: 35 4 N
LONGITUDE: 77 3 W
[TEMPERATURE DATA] [PRECIPITATION DATA] SYMBOLS USED IN COLUMN 16
AVERAGE MONTHLY: 47.0 TOTAL FOR MONTH: 3.07 1 = FOG OR MIST
DPTR FM NORMAL: -0.7 DPTR FM NORMAL: -0.56 2 = FOG REDUCING VISIBILITY
HIGHEST: 77 ON 7 GRTST 24HR 1.05 ON 30-31 TO 1/4 MILE OR LESS
LOWEST: 18 ON 26,25 3 = THUNDER
SNOW, ICE PELLETS, HAIL 4 = ICE PELLETS
TOTAL MONTH: 0.0 INCH 5 = HAIL
GRTST 24HR 0.0 6 = FREEZING RAIN OR DRIZZLE
GRTST DEPTH: 0 7 = DUSTSTORM OR SANDSTORM:
VSBY 1/2 MILE OR LESS
8 = SMOKE OR HAZE
[NO. OF DAYS WITH] [WEATHER - DAYS WITH] 9 = BLOWING SNOW
X = TORNADO
MAX 32 OR BELOW: 1 0.01 INCH OR MORE: 7
MAX 90 OR ABOVE: 0 0.10 INCH OR MORE: 3
MIN 32 OR BELOW: 12 0.50 INCH OR MORE: 3
MIN 0 OR BELOW: 0 1.00 INCH OR MORE: 1
[HDD (BASE 65) ]
TOTAL THIS MO. 552 CLEAR (SCALE 0-3) 13
DPTR FM NORMAL 11 PTCLDY (SCALE 4-7) 13
TOTAL FM JUL 1 909 CLOUDY (SCALE 8-10) 5
DPTR FM NORMAL -81
[CDD (BASE 65) ]
TOTAL THIS MO. 2
DPTR FM NORMAL -3 [PRESSURE DATA]
TOTAL FM JAN 1 2114 HIGHEST SLP 30.59 ON 2
DPTR FM NORMAL 218 LOWEST SLP 29.55 ON 23
[REMARKS]
#FINAL-12-22#