000
CXUS52 KKEY 020330 CCB
CF6EYW
PRELIMINARY LOCAL CLIMATOLOGICAL DATA (WS FORM: F-6)...CORRECTED
STATION: KEY WEST
MONTH: FEBRUARY
YEAR: 2021
LATITUDE: 24 32 N
LONGITUDE: 81 45 W
TEMPERATURE IN F: :PCPN: SNOW: WIND :SUNSHINE: SKY :PK WND
================================================================================
1 2 3 4 5 6A 6B 7 8 9 10 11 12 13 14 15 16 17 18
12Z AVG MX 2MIN
DY MAX MIN AVG DEP HDD CDD WTR SNW DPTH SPD SPD DIR MIN PSBL S-S WX SPD DR
================================================================================
1 75 63 69 -1 0 4 0.05 0.0 0 14.9 28 310 M M 4 1 38 310
2 67 60 64 -6 1 0 0.00 0.0 0 18.5 26 300 M M 7 35 320
3 69 58 64 -6 1 0 0.00 0.0 0 9.8 17 320 M M 2 25 320
4 69 57 63 -7 2 0 0.00 0.0 0 5.9 10 340 M M 0 14 40
5 75 61 68 -2 0 3 0.00 0.0 0 7.1 13 170 M M 1 19 170
6 77 70 74 4 0 9 0.00 0.0 0 8.3 18 160 M M 6 27 160
7 78 73 76 6 0 11 0.00 0.0 0 7.5 14 180 M M 4 17 210
8 81 70 76 5 0 11 0.00 0.0 0 5.7 13 350 M M 5 12 16 150
9 81 73 77 6 0 12 0.00 0.0 0 9.2 15 100 M M 1 21 130
10 81 74 78 7 0 13 0.00 0.0 0 9.5 16 100 M M 3 20 100
11 81 75 78 7 0 13 0.00 0.0 0 10.0 13 110 M M 2 22 100
12 81 75 78 7 0 13 0.00 0.0 0 8.6 13 120 M M 3 20 180
13 82 76 79 8 0 14 T 0.0 0 9.1 14 120 M M 5 23 170
14 82 77 80 9 0 15 0.00 0.0 0 9.6 16 170 M M 2 21 160
15 83 77 80 9 0 15 T 0.0 0 9.2 15 160 M M 3 25 170
16 82 70 76 5 0 11 0.05 0.0 0 10.6 18 360 M M 7 1 24 300
17 82 72 77 6 0 12 0.00 0.0 0 9.2 17 130 M M 2 20 130
18 83 78 81 10 0 16 0.00 0.0 0 12.9 18 150 M M 6 25 150
19 83 69 76 5 0 11 0.00 0.0 0 9.7 25 350 M M 4 33 330
20 73 65 69 -2 0 4 0.00 0.0 0 M 22 340 M M 3 31 20
21 79 68 74 2 0 9 0.00 0.0 0 15.8 25 80 M M 2 35 90
22 80 73 77 5 0 12 0.39 0.0 0 13.0 23 120 M M 5 1 29 120
23 81 71 76 4 0 11 0.18 0.0 0 7.4 13 350 M M 5 1 17 350
24 84 66 75 3 0 10 0.00 0.0 0 3.8 12 340 M M 1 17 320
25 82 71 77 5 0 12 0.00 0.0 0 7.6 15 360 M M 2 19 360
26 82 74 78 6 0 13 0.00 0.0 0 12.7 21 100 M M 1 25 100
27 83 76 80 8 0 15 0.02 0.0 0 16.1 23 100 M M 2 29 130
28 83 77 80 8 0 15 0.00 0.0 0 16.7 22 120 M M 5 28 140
================================================================================
SM 2219 1969 4 284 0.69 0.0 278.4 M 93
================================================================================
AV 79.3 70.3 10.3 FASTST M M 3 MAX(MPH)
MISC ----> 28 310 38 310
================================================================================
NOTES:
# LAST OF SEVERAL OCCURRENCES
COLUMN 17 PEAK WIND IN M.P.H.
PRELIMINARY LOCAL CLIMATOLOGICAL DATA (WS FORM: F-6) , PAGE 2
STATION: KEY WEST
MONTH: FEBRUARY
YEAR: 2021
LATITUDE: 24 32 N
LONGITUDE: 81 45 W
[TEMPERATURE DATA] [PRECIPITATION DATA] SYMBOLS USED IN COLUMN 16
AVERAGE MONTHLY: 74.8 TOTAL FOR MONTH: 0.69 1 = FOG OR MIST
DPTR FM NORMAL: 3.8 DPTR FM NORMAL: -0.80 2 = FOG REDUCING VISIBILITY
HIGHEST: 84 ON 24 GRTST 24HR 0.39 ON 22-22 TO 1/4 MILE OR LESS
LOWEST: 57 ON 4 3 = THUNDER
SNOW, ICE PELLETS, HAIL 4 = ICE PELLETS
TOTAL MONTH: 0.0 INCH 5 = HAIL
GRTST 24HR 0.0 6 = FREEZING RAIN OR DRIZZLE
GRTST DEPTH: 0 7 = DUSTSTORM OR SANDSTORM:
VSBY 1/2 MILE OR LESS
8 = SMOKE OR HAZE
[NO. OF DAYS WITH] [WEATHER - DAYS WITH] 9 = BLOWING SNOW
X = TORNADO
MAX 32 OR BELOW: 0 0.01 INCH OR MORE: 5
MAX 90 OR ABOVE: 0 0.10 INCH OR MORE: 2
MIN 32 OR BELOW: 0 0.50 INCH OR MORE: 0
MIN 0 OR BELOW: 0 1.00 INCH OR MORE: 0
[HDD (BASE 65) ]
TOTAL THIS MO. 4 CLEAR (SCALE 0-3) 16
DPTR FM NORMAL -15 PTCLDY (SCALE 4-7) 12
TOTAL FM JUL 1 23 CLOUDY (SCALE 8-10) 0
DPTR FM NORMAL -43
[CDD (BASE 65) ]
TOTAL THIS MO. 284
DPTR FM NORMAL 101 [PRESSURE DATA]
TOTAL FM JAN 1 421 HIGHEST SLP M ON M
DPTR FM NORMAL 73 LOWEST SLP 29.87 ON 13
[REMARKS]
#FINAL-02-21#
CORRECTED SNOW DEPTH (COL 9) ON FEBRUARY 23RD TO 0 INCHES.
CORRECTED HEATING DEGREE DAYS DEPARTURES FROM NORMAL.
ROSS