000
CXUS52 KKEY 011852 CCA
CF6EYW
PRELIMINARY LOCAL CLIMATOLOGICAL DATA (WS FORM: F-6)...CORRECTED
STATION: KEY WEST
MONTH: NOVEMBER
YEAR: 2023
LATITUDE: 24 32 N
LONGITUDE: 81 45 W
TEMPERATURE IN F: :PCPN: SNOW: WIND :SUNSHINE: SKY :PK WND
================================================================================
1 2 3 4 5 6A 6B 7 8 9 10 11 12 13 14 15 16 17 18
12Z AVG MX 2MIN
DY MAX MIN AVG DEP HDD CDD WTR SNW DPTH SPD SPD DIR MIN PSBL S-S WX SPD DR
================================================================================
1 83 75 79 0 0 14 0.00 0.0 0 12.9 21 30 M M 1 33 50
2 83 73 78 -1 0 13 0.00 0.0 0 16.7 23 50 M M 8 39 70
3 84 75 80 2 0 15 0.00 0.0 0 12.8 20 70 M M 3 32 40
4 78 75 77 -1 0 12 0.00 0.0 0 11.5 20 30 M M 6 29 10
5 79 74 77 -1 0 12 0.00 0.0 0 9.5 16 360 M M 6 22 10
6 81 72 77 -1 0 12 0.00 0.0 0 8.6 17 10 M M 0 25 10
7 83 73 78 0 0 13 0.00 0.0 0 8.2 14 30 M M 0 19 20
8 84 75 80 2 0 15 0.00 0.0 0 8.5 15 80 M M 1 22 80
9 84 76 80 3 0 15 T 0.0 0 9.3 16 100 M M 3 21 80
10 85 80 83 6 0 18 0.00 0.0 0 9.3 15 90 M M 2 23 150
11 85 77 81 4 0 16 0.35 0.0 0 11.1 22 110 M M 3 1 32 110
12 85 79 82 5 0 17 0.00 0.0 0 9.6 17 100 M M 2 24 110
13 84 77 81 4 0 16 0.00 0.0 0 8.2 15 20 M M 2 22 50
14 83 77 80 3 0 15 0.00 0.0 0 9.5 17 100 M M 1 24 100
15 81 74 78 1 0 13 1.07 0.0 0 14.1 25 100 M M 7 13 40 50
16 82 73 78 2 0 13 0.00 0.0 0 6.1 20 50 M M 3 32 60
17 84 72 78 2 0 13 0.07 0.0 0 3.7 13 330 M M 2 1 16 320
18 82 74 78 2 0 13 T 0.0 0 10.2 20 330 M M 4 1 28 340
19 81 73 77 1 0 12 0.00 0.0 0 8.9 15 10 M M 1 23 340
20 84 73 79 3 0 14 0.00 0.0 0 9.1 18 100 M M 2 24 100
21 81 77 79 3 0 14 0.05 0.0 0 15.7 23 110 M M 4 8 35 120
22 83 77 80 4 0 15 0.00 0.0 0 6.7 15 110 M M 1 20 160
23 81 73 77 1 0 12 0.00 0.0 0 6.1 14 40 M M 6 21 50
24 78 75 77 2 0 12 0.02 0.0 0 6.7 13 360 M M 10 1 19 20
25 82 76 79 4 0 14 0.00 0.0 0 8.5 14 100 M M 6 22 30
26 84 78 81 6 0 16 0.00 0.0 0 7.3 13 160 M M 1 28 200
27 81 74 78 3 0 13 0.00 0.0 0 8.7 18 350 M M 2 27 10
28 76 68 72 -3 0 7 0.00 0.0 0 12.1 18 360 M M 1 26 10
29 74 67 71 -4 0 6 0.00 0.0 0 11.5 18 30 M M 4 27 20
30 80 71 76 1 0 11 0.00 0.0 0 11.1 20 100 M M 2 27 90
================================================================================
SM 2455 2233 0 401 1.56 0.0 292.2 M 94
================================================================================
AV 81.8 74.4 9.7 FASTST M M 3 MAX(MPH)
MISC ----> 25 100 40 50
================================================================================
NOTES:
# LAST OF SEVERAL OCCURRENCES
COLUMN 17 PEAK WIND IN M.P.H.
PRELIMINARY LOCAL CLIMATOLOGICAL DATA (WS FORM: F-6) , PAGE 2
STATION: KEY WEST
MONTH: NOVEMBER
YEAR: 2023
LATITUDE: 24 32 N
LONGITUDE: 81 45 W
[TEMPERATURE DATA] [PRECIPITATION DATA] SYMBOLS USED IN COLUMN 16
AVERAGE MONTHLY: 78.1 TOTAL FOR MONTH: 1.56 1 = FOG OR MIST
DPTR FM NORMAL: 1.5 DPTR FM NORMAL: -0.49 2 = FOG REDUCING VISIBILITY
HIGHEST: 85 ON 12,11 GRTST 24HR 1.07 ON 15-15 TO 1/4 MILE OR LESS
LOWEST: 67 ON 29 3 = THUNDER
SNOW, ICE PELLETS, HAIL 4 = ICE PELLETS
TOTAL MONTH: 0.0 INCH 5 = HAIL
GRTST 24HR 0.0 6 = FREEZING RAIN OR DRIZZLE
GRTST DEPTH: 0 7 = DUSTSTORM OR SANDSTORM:
VSBY 1/2 MILE OR LESS
8 = SMOKE OR HAZE
[NO. OF DAYS WITH] [WEATHER - DAYS WITH] 9 = BLOWING SNOW
X = TORNADO
MAX 32 OR BELOW: 0 0.01 INCH OR MORE: 5
MAX 90 OR ABOVE: 0 0.10 INCH OR MORE: 2
MIN 32 OR BELOW: 0 0.50 INCH OR MORE: 1
MIN 0 OR BELOW: 0 1.00 INCH OR MORE: 1
[HDD (BASE 65) ]
TOTAL THIS MO. 0 CLEAR (SCALE 0-3) 20
DPTR FM NORMAL 0 PTCLDY (SCALE 4-7) 8
TOTAL FM JUL 1 0 CLOUDY (SCALE 8-10) 2
DPTR FM NORMAL 0
[CDD (BASE 65) ]
TOTAL THIS MO. 401
DPTR FM NORMAL 53 [PRESSURE DATA]
TOTAL FM JAN 1 5565 HIGHEST SLP M ON M
DPTR FM NORMAL 703 LOWEST SLP 29.77 ON 17
[REMARKS]
#FINAL-11-23#
CORRECTED ALIGNMENT OF SNOW, ICE PELLETS, HAIL TABLE
CORRECTED CLOUD COVER DAYS TABLE
ROSS