000
CXAK56 PAFG 011010
CF6FAI
PRELIMINARY LOCAL CLIMATOLOGICAL DATA (WS FORM: F-6)
STATION: FAIRBANKS AK
MONTH: APRIL
YEAR: 2021
LATITUDE: 64 49 N
LONGITUDE: 147 52 W
TEMPERATURE IN F: :PCPN: SNOW: WIND :SUNSHINE: SKY :PK WND
================================================================================
1 2 3 4 5 6A 6B 7 8 9 10 11 12 13 14 15 16 17 18
12Z AVG MX 2MIN
DY MAX MIN AVG DEP HDD CDD WTR SNW DPTH SPD SPD DIR MIN PSBL S-S WX SPD DR
================================================================================
1 11 -7 2 -20 63 0 0.02 2.2 30 7.8 14 250 M M 9 1 19 250
2 15 -11 2 -20 63 0 0.09 1.3 31 2.5 8 20 M M 9 1 9 360
3 31 14 23 0 42 0 0.71 7.0 37 2.3 7 30 M M 10 12 8 40
4 35 14 25 1 40 0 0.49 6.2 40 10.7 25 280 M M 9 129 35 250
5 14 -13 1 -24 64 0 T T 39 10.7 22 270 M M 8 1 30 250
6 16 -24 -4 -30 69 0 0.00 0.0 39 1.7 7 190 M M 2 8 190
7 20 -21 0 -26 65 0 0.00 0.0 38 2.4 9 10 M M 3 11 360
8 14 -3 6 -21 59 0 T T 38 10.6 25 260 M M 8 1 31 260
9 3 -27 -12 -40 77 0 0.00 0.0 38 4.5 14 270 M M 6 18 250
10 18 -29 -5 -34 70 0 0.00 0.0 38 5.0 13 60 M M 4 16 100
11 33 -15 9 -21 56 0 0.00 0.0 37 5.9 12 60 M M 8 14 70
12 50 22 36 6 29 0 0.00 0.0 33 3.1 10 60 M M 9 13 70
13 49 24 37 6 28 0 0.00 0.0 31 1.7 8 60 M M 8 8 210
14 50 20 35 3 30 0 0.00 0.0 29 3.7 14 20 M M 7 17 240
15 50 26 38 6 27 0 0.00 0.0 25 3.0 9 270 M M 6 12 200
16 48 19 34 1 31 0 0.00 0.0 22 2.3 8 210 M M 2 10 210
17 55 20 38 4 27 0 0.00 0.0 20 2.8 10 30 M M 0 13 40
18 64 25 45 10 20 0 0.00 0.0 16 3.3 9 20 M M 3 11 80
19 59 26 43 7 22 0 0.00 0.0 13 3.4 10 200 M M 1 13 210
20 45 26 36 0 29 0 0.00 0.0 11 6.6 22 340 M M 4 25 330
21 49 20 35 -2 30 0 0.00 0.0 9 3.3 12 30 M M 1 12 360
22 55 27 41 3 24 0 0.00 0.0 6 8.5 16 30 M M 0 19 30
23 59 31 45 7 20 0 0.00 0.0 5 6.6 13 80 M M 2 17 70
24 63 30 47 8 18 0 0.00 0.0 4 3.1 10 50 M M 1 20 200
25 65 28 47 8 18 0 0.00 0.0 3 1.4 8 100 M M 1 19 340
26 60 29 45 5 20 0 0.00 0.0 2 8.0 22 20 M M 5 26 30
27 50 31 41 0 24 0 0.00 0.0 T 7.0 17 60 M M 8 21 70
28 53 28 41 0 24 0 0.00 0.0 T 3.7 10 80 M M 5 13 80
29 50 32 41 -1 24 0 0.04 T T 4.1 17 260 M M 8 1 21 270
30 39 30 35 -7 30 0 T T T 9.6 17 280 M M 9 1 22 300
================================================================================
SM 1223 372 1143 0 1.35 16.7 149.3 M 156
================================================================================
AV 40.8 12.4 5.0 FASTST M M 5 MAX(MPH)
MISC ----> # 25 280 35 250
================================================================================
NOTES:
# LAST OF SEVERAL OCCURRENCES
COLUMN 17 PEAK WIND IN M.P.H.
PRELIMINARY LOCAL CLIMATOLOGICAL DATA (WS FORM: F-6) , PAGE 2
STATION: FAIRBANKS AK
MONTH: APRIL
YEAR: 2021
LATITUDE: 64 49 N
LONGITUDE: 147 52 W
[TEMPERATURE DATA] [PRECIPITATION DATA] SYMBOLS USED IN COLUMN 16
AVERAGE MONTHLY: 26.6 TOTAL FOR MONTH: 1.35 1 = FOG OR MIST
DPTR FM NORMAL: -5.9 DPTR FM NORMAL: 1.04 2 = FOG REDUCING VISIBILITY
HIGHEST: 65 ON 25 GRTST 24HR 0.96 ON 3- 4 TO 1/4 MILE OR LESS
LOWEST: -29 ON 10 3 = THUNDER
SNOW, ICE PELLETS, HAIL 4 = ICE PELLETS
TOTAL MONTH: 18.0 INCHES 5 = HAIL
GRTST 24HR 7.0 ON 3- 3 6 = FREEZING RAIN OR DRIZZLE
GRTST DEPTH: 40 ON 4 7 = DUSTSTORM OR SANDSTORM:
VSBY 1/2 MILE OR LESS
8 = SMOKE OR HAZE
[NO. OF DAYS WITH] [WEATHER - DAYS WITH] 9 = BLOWING SNOW
X = TORNADO
MAX 32 OR BELOW: 9 0.01 INCH OR MORE: 5
MAX 90 OR ABOVE: 0 0.10 INCH OR MORE: 2
MIN 32 OR BELOW: 30 0.50 INCH OR MORE: 1
MIN 0 OR BELOW: 9 1.00 INCH OR MORE: 0
[HDD (BASE 65) ]
TOTAL THIS MO. 1143 CLEAR (SCALE 0-3) 10
DPTR FM NORMAL 169 PTCLDY (SCALE 4-7) 14
TOTAL FM JUL 1 12922 CLOUDY (SCALE 8-10) 6
DPTR FM NORMAL -102
[CDD (BASE 65) ]
TOTAL THIS MO. 0
DPTR FM NORMAL 0 [PRESSURE DATA]
TOTAL FM JAN 1 0 HIGHEST SLP M ON M
DPTR FM NORMAL 0 LOWEST SLP 29.48 ON 29
[REMARKS]
#FINAL-04-21#