000
CXAK56 PAFG 011300
CF6FAI
PRELIMINARY LOCAL CLIMATOLOGICAL DATA (WS FORM: F-6)
STATION: FAIRBANKS AK
MONTH: DECEMBER
YEAR: 2023
LATITUDE: 64 49 N
LONGITUDE: 147 52 W
TEMPERATURE IN F: :PCPN: SNOW: WIND :SUNSHINE: SKY :PK WND
================================================================================
1 2 3 4 5 6A 6B 7 8 9 10 11 12 13 14 15 16 17 18
12Z AVG MX 2MIN
DY MAX MIN AVG DEP HDD CDD WTR SNW DPTH SPD SPD DIR MIN PSBL S-S WX SPD DR
================================================================================
1 12 -7 3 4 62 0 0.00 0.0 12 1.2 7 20 M M 2 9 60
2 -2 -10 -6 -4 71 0 0.00 0.0 12 0.9 7 170 M M 2 8 170
3 -6 -14 -10 -8 75 0 0.00 0.0 12 1.0 7 60 M M 2 9 30
4 0 -10 -5 -3 70 0 0.00 0.0 11 1.7 9 50 M M 5 8 10 50
5 3 -7 -2 0 67 0 T T 11 1.9 6 180 M M 9 1 7 190
6 9 3 6 8 59 0 0.08 1.0 11 2.2 6 30 M M 10 1 7 360
7 10 -12 -1 1 66 0 T T 12 2.4 8 50 M M 7 10 30
8 -2 -14 -8 -6 73 0 0.01 0.1 12 1.8 7 50 M M 8 1 8 50
9 -10 -25 -17 -14 82 0 0.00 0.0 12 1.2 7 30 M M 2 8 8 30
10 5 -21 -8 -5 73 0 0.00 0.0 12 2.3 10 30 M M 8 12 30
11 22 4 13 16 52 0 0.09 1.3 12 5.6 13 350 M M 10 1 16 200
12 10 3 7 10 58 0 0.15 2.5 13 2.5 6 200 M M 10 1 11 200
13 7 -8 0 4 65 0 0.39 3.7 16 3.0 7 20 M M 9 1 10 40
14 -3 -28 -15 -11 80 0 T T 18 1.2 6 30 M M 5 6 50
15 0 -30 -15 -11 80 0 0.02 0.3 18 0.7 7 50 M M 8 1 8 30
16 7 -5 1 5 64 0 0.10 2.6 19 1.6 8 120 M M 8 1 10 10
17 24 4 14 18 51 0 0.02 0.6 19 2.5 12 190 M M 10 1 17 210
18 11 5 8 13 57 0 0.03 0.4 19 0.4 6 170 M M 10 1 6 170
19 10 -11 0 5 65 0 0.01 0.1 19 1.6 9 40 M M 9 1 10 50
20 3 -13 -5 0 70 0 T T 18 1.4 6 40 M M 8 8 190
21 5 -15 -5 0 70 0 0.01 1.4 18 0.3 5 140 M M 8 1 5 180
22 8 -10 -1 5 66 0 T 0.2 18 1.7 10 350 M M 8 1 12 340
23 18 -6 6 12 59 0 0.00 0.0 18 1.6 8 50 M M 8 9 90
24 30 5 18 24 47 0 T 0.2 18 6.1 16 190 M M 9 1 23 210
25 5 -7 -1 5 66 0 0.01 0.5 18 4.6 8 210 M M 10 1 11 200
26 -4 -22 -13 -6 78 0 T T 18 2.5 12 40 M M 8 1 13 50
27 -5 -20 -12 -5 77 0 0.00 0.0 18 2.1 13 60 M M 4 14 50
28 -12 -27 -19 -12 84 0 0.00 0.0 18 0.3 5 60 M M 2 8 5 20
29 -20 -30 -25 -17 90 0 0.00 0.0 17 0.1 5 310 M M 2 18 5 10
30 -4 -19 -11 -3 76 0 0.04 2.2 17 0.8 6 50 M M 9 1 7 180
31 -3 -25 -14 -6 79 0 0.00 0.0 19 1.3 6 30 M M 6 7 20
================================================================================
SM 128 -372 2132 0 0.96 17.1 58.5 M 216
================================================================================
AV 4.1-12.0 1.9 FASTST M M 7 MAX(MPH)
MISC ----> 16 190 23 210
================================================================================
NOTES:
# LAST OF SEVERAL OCCURRENCES
COLUMN 17 PEAK WIND IN M.P.H.
PRELIMINARY LOCAL CLIMATOLOGICAL DATA (WS FORM: F-6) , PAGE 2
STATION: FAIRBANKS AK
MONTH: DECEMBER
YEAR: 2023
LATITUDE: 64 49 N
LONGITUDE: 147 52 W
[TEMPERATURE DATA] [PRECIPITATION DATA] SYMBOLS USED IN COLUMN 16
AVERAGE MONTHLY: -3.9 TOTAL FOR MONTH: 0.96 1 = FOG OR MIST
DPTR FM NORMAL: 0.4 DPTR FM NORMAL: 0.39 2 = FOG REDUCING VISIBILITY
HIGHEST: 30 ON 24 GRTST 24HR 0.54 ON 12-13 TO 1/4 MILE OR LESS
LOWEST: -30 ON 29,15 3 = THUNDER
SNOW, ICE PELLETS, HAIL 4 = ICE PELLETS
TOTAL MONTH: 17.1 INCHES 5 = HAIL
GRTST 24HR 3.7 ON 13-13 6 = FREEZING RAIN OR DRIZZLE
GRTST DEPTH: 19 ON 31,19 7 = DUSTSTORM OR SANDSTORM:
VSBY 1/2 MILE OR LESS
8 = SMOKE OR HAZE
[NO. OF DAYS WITH] [WEATHER - DAYS WITH] 9 = BLOWING SNOW
X = TORNADO
MAX 32 OR BELOW: 31 0.01 INCH OR MORE: 13
MAX 90 OR ABOVE: 0 0.10 INCH OR MORE: 3
MIN 32 OR BELOW: 31 0.50 INCH OR MORE: 0
MIN 0 OR BELOW: 25 1.00 INCH OR MORE: 0
[HDD (BASE 65) ]
TOTAL THIS MO. 2132 CLEAR (SCALE 0-3) 6
DPTR FM NORMAL -18 PTCLDY (SCALE 4-7) 11
TOTAL FM JUL 1 5531 CLOUDY (SCALE 8-10) 14
DPTR FM NORMAL -578
[CDD (BASE 65) ]
TOTAL THIS MO. 0
DPTR FM NORMAL 0 [PRESSURE DATA]
TOTAL FM JAN 1 140 HIGHEST SLP 30.34 ON 20
DPTR FM NORMAL 72 LOWEST SLP 28.56 ON 24
[REMARKS]
#FINAL-12-23#