000
CXUS53 KFGF 010915
CF6FAR
PRELIMINARY LOCAL CLIMATOLOGICAL DATA (WS FORM: F-6)
STATION: FARGO HECTOR INTL AP ND
MONTH: NOVEMBER
YEAR: 2022
LATITUDE: 46 54 N
LONGITUDE: 96 48 W
TEMPERATURE IN F: :PCPN: SNOW: WIND :SUNSHINE: SKY :PK WND
================================================================================
1 2 3 4 5 6A 6B 7 8 9 10 11 12 13 14 15 16 17 18
12Z AVG MX 2MIN
DY MAX MIN AVG DEP HDD CDD WTR SNW DPTH SPD SPD DIR MIN PSBL S-S WX SPD DR
================================================================================
1 70 31 51 14 14 0 0.00 0.0 0 8.8 20 150 M M 0 29 150
2 68 47 58 22 7 0 0.00 0.0 0 17.0 29 170 M M 0 41 180
3 51 32 42 6 23 0 0.00 0.0 0 15.3 28 340 M M 6 35 330
4 41 22 32 -3 33 0 0.00 0.0 0 6.5 17 320 M M 1 22 330
5 46 19 33 -2 32 0 T 0.0 0 9.2 16 160 M M 2 22 150
6 44 23 34 0 31 0 0.00 0.0 0 25.8 46 270 M M 5 63 270
7 35 11 23 -11 42 0 0.00 0.0 0 9.3 21 270 M M 4 27 140
8 43 35 39 6 26 0 T 0.0 0 17.4 31 160 M M 10 18 46 160
9 42 30 36 3 29 0 0.07 0.0 0 16.3 26 360 M M 10 13 37 30
10 32 22 27 -5 38 0 0.41 0.8 0 21.5 31 320 M M 10 16 40 330
11 22 18 20 -12 45 0 T T 1 22.6 32 340 M M 10 19 41 330
12 19 17 18 -13 47 0 T T 1 8.4 18 320 M M 10 1 23 330
13 24 17 21 -10 44 0 0.03 1.4 1 4.3 10 250 M M 10 1 12 250
14 26 18 22 -8 43 0 0.11 1.6 3 5.9 10 350 M M 10 1 12 350
15 24 17 21 -9 44 0 0.03 0.4 3 14.5 25 340 M M 10 1 30 340
16 25 6 16 -13 49 0 0.01 0.1 3 11.2 21 320 M M 7 18 27 330
17 26 14 20 -9 45 0 0.04 0.4 4 16.2 22 320 M M 9 1 32 320
18 19 1 10 -18 55 0 T T 4 17.2 25 320 M M 9 8 34 330
19 18 7 13 -15 52 0 0.04 0.6 4 14.0 28 340 M M 4 189 37 330
20 22 8 15 -12 50 0 0.00 0.0 5 10.0 17 180 M M 1 8 21 180
21 24 13 19 -8 46 0 0.00 0.0 4 9.6 17 350 M M 8 1 21 310
22 29 20 25 -1 40 0 0.00 0.0 4 10.9 17 180 M M 3 1 21 180
23 39 22 31 5 34 0 0.00 0.0 3 9.3 18 170 M M 0 25 160
24 34 18 26 1 39 0 0.00 0.0 2 9.4 14 230 M M 0 1 17 240
25 39 21 30 5 35 0 0.00 0.0 2 10.7 17 190 M M 0 21 200
26 39 28 34 10 31 0 0.00 0.0 2 9.9 17 320 M M 0 22 320
27 32 17 25 1 40 0 0.00 0.0 1 7.1 20 160 M M 0 29 160
28 35 20 28 5 37 0 T T T 13.4 21 150 M M 4 1 28 150
29 22 15 19 -4 46 0 T T T 15.5 25 300 M M 4 8 33 290
30 17 3 10 -12 55 0 0.00 0.0 T 14.0 26 300 M M 5 35 290
================================================================================
SM 1007 572 1152 0 0.74 5.3 381.2 M 152
================================================================================
AV 33.6 19.1 12.7 FASTST M M 5 MAX(MPH)
MISC ----> 46 270 63 270
================================================================================
NOTES:
# LAST OF SEVERAL OCCURRENCES
COLUMN 17 PEAK WIND IN M.P.H.
PRELIMINARY LOCAL CLIMATOLOGICAL DATA (WS FORM: F-6) , PAGE 2
STATION: FARGO HECTOR INTL AP ND
MONTH: NOVEMBER
YEAR: 2022
LATITUDE: 46 54 N
LONGITUDE: 96 48 W
[TEMPERATURE DATA] [PRECIPITATION DATA] SYMBOLS USED IN COLUMN 16
AVERAGE MONTHLY: 26.3 TOTAL FOR MONTH: 0.74 1 = FOG OR MIST
DPTR FM NORMAL: -3.2 DPTR FM NORMAL: -0.23 2 = FOG REDUCING VISIBILITY
HIGHEST: 70 ON 1 GRTST 24HR 0.41 ON 10-10 TO 1/4 MILE OR LESS
LOWEST: 1 ON 18 3 = THUNDER
SNOW, ICE PELLETS, HAIL 4 = ICE PELLETS
TOTAL MONTH: 5.3 INCHES 5 = HAIL
GRTST 24HR 1.6 ON 14-14 6 = FREEZING RAIN OR DRIZZLE
GRTST DEPTH: 5 ON 20 7 = DUSTSTORM OR SANDSTORM:
VSBY 1/2 MILE OR LESS
8 = SMOKE OR HAZE
[NO. OF DAYS WITH] [WEATHER - DAYS WITH] 9 = BLOWING SNOW
X = TORNADO
MAX 32 OR BELOW: 16 0.01 INCH OR MORE: 8
MAX 90 OR ABOVE: 0 0.10 INCH OR MORE: 2
MIN 32 OR BELOW: 28 0.50 INCH OR MORE: 0
MIN 0 OR BELOW: 0 1.00 INCH OR MORE: 0
[HDD (BASE 65) ]
TOTAL THIS MO. 1152 CLEAR (SCALE 0-3) 11
DPTR FM NORMAL 87 PTCLDY (SCALE 4-7) 9
TOTAL FM JUL 1 1874 CLOUDY (SCALE 8-10) 10
DPTR FM NORMAL -46
[CDD (BASE 65) ]
TOTAL THIS MO. 0
DPTR FM NORMAL 0 [PRESSURE DATA]
TOTAL FM JAN 1 563 HIGHEST SLP 30.67 ON 7
DPTR FM NORMAL 21 LOWEST SLP 29.32 ON 6
[REMARKS]
#FINAL-11-22#