000
CXUS53 KFGF 010915
CF6FAR
PRELIMINARY LOCAL CLIMATOLOGICAL DATA (WS FORM: F-6)
STATION: FARGO HECTOR INTL AP ND
MONTH: NOVEMBER
YEAR: 2023
LATITUDE: 46 54 N
LONGITUDE: 96 48 W
TEMPERATURE IN F: :PCPN: SNOW: WIND :SUNSHINE: SKY :PK WND
================================================================================
1 2 3 4 5 6A 6B 7 8 9 10 11 12 13 14 15 16 17 18
12Z AVG MX 2MIN
DY MAX MIN AVG DEP HDD CDD WTR SNW DPTH SPD SPD DIR MIN PSBL S-S WX SPD DR
================================================================================
1 39 27 33 -4 32 0 0.00 0.0 1 6.5 18 170 M M 7 24 170
2 40 21 31 -5 34 0 0.00 0.0 0 6.6 13 160 M M 3 18 18 170
3 38 24 31 -5 34 0 0.00 0.0 0 8.1 18 10 M M 4 18 26 10
4 43 27 35 0 30 0 0.00 0.0 0 5.9 14 160 M M 9 18 140
5 52 33 43 8 22 0 0.04 0.0 0 9.4 21 140 M M 6 28 140
6 48 35 42 8 23 0 T T 0 11.2 21 320 M M 9 28 310
7 43 34 39 5 26 0 T 0.0 0 11.0 18 150 M M 10 25 140
8 46 35 41 8 24 0 0.00 0.0 0 13.7 29 290 M M 4 1 37 290
9 41 34 38 5 27 0 0.03 T 0 16.0 26 280 M M 8 1 32 280
10 38 33 36 4 29 0 0.01 0.2 T 7.0 14 330 M M 10 1 17 310
11 44 31 38 6 27 0 0.00 0.0 0 8.1 15 110 M M 6 22 100
12 59 26 43 12 22 0 T 0.0 0 12.3 27 270 M M 3 38 280
13 53 26 40 9 25 0 0.00 0.0 0 11.6 28 160 M M 0 41 170
14 60 33 47 17 18 0 0.00 0.0 0 8.1 22 170 M M 0 29 170
15 59 27 43 13 22 0 0.00 0.0 0 9.3 17 170 M M 0 27 160
16 46 21 34 5 31 0 0.00 0.0 0 13.1 39 350 M M 2 8 50 350
17 50 20 35 6 30 0 0.00 0.0 0 9.8 24 220 M M 1 31 210
18 55 28 42 14 23 0 0.00 0.0 0 4.4 12 220 M M 0 15 220
19 57 25 41 13 24 0 0.00 0.0 0 9.2 18 130 M M 1 25 130
20 51 37 44 17 21 0 0.06 0.0 0 12.2 24 320 M M 10 31 320
21 39 24 32 5 33 0 0.00 0.0 0 12.1 24 320 M M 2 32 330
22 48 23 36 10 29 0 0.00 0.0 0 16.7 31 350 M M 0 38 350
23 23 8 16 -10 49 0 0.00 0.0 0 12.1 22 340 M M 0 30 360
24 31 6 19 -6 46 0 0.00 0.0 0 6.5 13 230 M M 0 16 230
25 33 18 26 1 39 0 0.00 0.0 0 14.4 23 210 M M 1 30 200
26 34 8 21 -3 44 0 0.06 0.6 T 15.3 26 310 M M 9 1 36 280
27 18 1 10 -14 55 0 T T T 8.1 18 330 M M 6 23 320
28 42 6 24 1 41 0 0.00 0.0 T 12.0 23 180 M M 3 30 170
29 50 25 38 15 27 0 0.00 0.0 0 8.9 15 220 M M 0 19 210
30 39 19 29 7 36 0 0.00 0.0 0 8.6 18 350 M M 2 23 350
================================================================================
SM 1319 715 923 0 0.20 0.8 308.2 M 116
================================================================================
AV 44.0 23.8 10.3 FASTST M M 4 MAX(MPH)
MISC ----> 39 350 50 350
================================================================================
NOTES:
# LAST OF SEVERAL OCCURRENCES
COLUMN 17 PEAK WIND IN M.P.H.
PRELIMINARY LOCAL CLIMATOLOGICAL DATA (WS FORM: F-6) , PAGE 2
STATION: FARGO HECTOR INTL AP ND
MONTH: NOVEMBER
YEAR: 2023
LATITUDE: 46 54 N
LONGITUDE: 96 48 W
[TEMPERATURE DATA] [PRECIPITATION DATA] SYMBOLS USED IN COLUMN 16
AVERAGE MONTHLY: 33.9 TOTAL FOR MONTH: 0.20 1 = FOG OR MIST
DPTR FM NORMAL: 4.4 DPTR FM NORMAL: -0.77 2 = FOG REDUCING VISIBILITY
HIGHEST: 60 ON 14 GRTST 24HR 0.06 ON 20-20 TO 1/4 MILE OR LESS
LOWEST: 1 ON 27 3 = THUNDER
SNOW, ICE PELLETS, HAIL 4 = ICE PELLETS
TOTAL MONTH: 0.8 INCH 5 = HAIL
GRTST 24HR 0.6 ON 26-26 6 = FREEZING RAIN OR DRIZZLE
GRTST DEPTH: 1 ON 1 7 = DUSTSTORM OR SANDSTORM:
VSBY 1/2 MILE OR LESS
8 = SMOKE OR HAZE
[NO. OF DAYS WITH] [WEATHER - DAYS WITH] 9 = BLOWING SNOW
X = TORNADO
MAX 32 OR BELOW: 3 0.01 INCH OR MORE: 5
MAX 90 OR ABOVE: 0 0.10 INCH OR MORE: 0
MIN 32 OR BELOW: 22 0.50 INCH OR MORE: 0
MIN 0 OR BELOW: 0 1.00 INCH OR MORE: 0
[HDD (BASE 65) ]
TOTAL THIS MO. 923 CLEAR (SCALE 0-3) 16
DPTR FM NORMAL -142 PTCLDY (SCALE 4-7) 8
TOTAL FM JUL 1 1505 CLOUDY (SCALE 8-10) 6
DPTR FM NORMAL -415
[CDD (BASE 65) ]
TOTAL THIS MO. 0
DPTR FM NORMAL 0 [PRESSURE DATA]
TOTAL FM JAN 1 997 HIGHEST SLP 30.75 ON 24
DPTR FM NORMAL 455 LOWEST SLP 29.48 ON 16
[REMARKS]
#FINAL-11-23#