000
CXUS56 KHNX 020705
CF6FAT
PRELIMINARY LOCAL CLIMATOLOGICAL DATA (WS FORM: F-6)
STATION: FRESNO CA
MONTH: JULY
YEAR: 2021
LATITUDE: 36 46 N
LONGITUDE: 119 43 W
TEMPERATURE IN F: :PCPN: SNOW: WIND :SUNSHINE: SKY :PK WND
================================================================================
1 2 3 4 5 6A 6B 7 8 9 10 11 12 13 14 15 16 17 18
12Z AVG MX 2MIN
DY MAX MIN AVG DEP HDD CDD WTR SNW DPTH SPD SPD DIR MIN PSBL S-S WX SPD DR
================================================================================
1 100 73 87 5 0 22 0.00 0.0 0 6.9 16 310 M M 2 21 310
2 101 71 86 4 0 21 0.00 0.0 0 7.8 16 300 M M 2 20 290
3 100 73 87 5 0 22 0.00 0.0 0 7.1 16 300 M M 5 19 300
4 101 71 86 4 0 21 0.00 0.0 0 7.1 15 300 M M 2 18 320
5 100 68 84 2 0 19 0.00 0.0 0 8.0 16 320 M M 1 20 320
6 99 69 84 1 0 19 0.00 0.0 0 10.4 21 310 M M 1 26 310
7 100 69 85 2 0 20 0.00 0.0 0 7.8 14 300 M M 2 17 310
8 106 73 90 7 0 25 0.00 0.0 0 6.8 14 310 M M 3 18 30
9 111 81 96 13 0 31 0.00 0.0 0 8.5 20 300 M M 5 24 300
10 111 81 96 13 0 31 0.00 0.0 0 8.5 18 310 M M 3 29 310
11 114 83 99 15 0 34 0.00 0.0 0 8.2 20 290 M M 5 25 290
12 108 77 93 9 0 28 0.00 0.0 0 7.4 15 310 M M 3 17 300
13 105 74 90 6 0 25 0.00 0.0 0 6.4 16 310 M M 3 19 310
14 101 70 86 2 0 21 0.00 0.0 0 6.9 14 310 M M 2 20 280
15 100 71 86 2 0 21 0.00 0.0 0 8.0 15 330 M M 2 18 320
16 99 67 83 -1 0 18 0.00 0.0 0 7.7 14 310 M M 1 18 310
17 102 70 86 2 0 21 0.00 0.0 0 6.5 15 310 M M 2 18 320
18 99 74 87 3 0 22 0.00 0.0 0 5.0 12 300 M M 5 14 120
19 106 79 93 9 0 28 0.00 0.0 0 7.2 20 290 M M 5 22 310
20 104 75 90 6 0 25 0.00 0.0 0 9.3 20 310 M M 1 24 310
21 102 70 86 2 0 21 0.00 0.0 0 8.1 16 320 M M 2 20 320
22 104 71 88 4 0 23 0.00 0.0 0 8.2 17 310 M M 4 22 320
23 103 72 88 4 0 23 0.00 0.0 0 6.3 14 310 M M 5 16 290
24 103 73 88 4 0 23 0.00 0.0 0 8.0 17 300 M M 6 24 310
25 103 76 90 6 0 25 0.00 0.0 0 8.0 18 310 M M 7 22 320
26 98 79 89 5 0 24 0.00 0.0 0 6.0 21 170 M M 8 23 160
27 104 77 91 7 0 26 0.00 0.0 0 7.7 16 290 M M 3 8 22 310
28 102 73 88 4 0 23 0.00 0.0 0 7.6 16 290 M M 5 19 290
29 106 77 92 8 0 27 0.00 0.0 0 7.2 16 290 M M 3 20 310
30 107 81 94 10 0 29 0.00 0.0 0 6.9 18 290 M M 6 22 290
31 103 78 91 7 0 26 0.00 0.0 0 6.3 18 320 M M 7 24 320
================================================================================
SM 3202 2296 0 744 0.00 0.0 231.8 M 111
================================================================================
AV103.3 74.1 7.5 FASTST M M 4 MAX(MPH)
MISC ----> # 21 310 29 310
================================================================================
NOTES:
# LAST OF SEVERAL OCCURRENCES
COLUMN 17 PEAK WIND IN M.P.H.
PRELIMINARY LOCAL CLIMATOLOGICAL DATA (WS FORM: F-6) , PAGE 2
STATION: FRESNO CA
MONTH: JULY
YEAR: 2021
LATITUDE: 36 46 N
LONGITUDE: 119 43 W
[TEMPERATURE DATA] [PRECIPITATION DATA] SYMBOLS USED IN COLUMN 16
AVERAGE MONTHLY: 88.7 TOTAL FOR MONTH: 0.00 1 = FOG OR MIST
DPTR FM NORMAL: 5.2 DPTR FM NORMAL: -0.03 2 = FOG REDUCING VISIBILITY
HIGHEST: 114 ON 11 GRTST 24HR 0.00 ON 1- 1 TO 1/4 MILE OR LESS
LOWEST: 67 ON 16 3 = THUNDER
SNOW, ICE PELLETS, HAIL 4 = ICE PELLETS
TOTAL MONTH: 0.0 INCH 5 = HAIL
GRTST 24HR 0.0 6 = FREEZING RAIN OR DRIZZLE
GRTST DEPTH: 0 7 = DUSTSTORM OR SANDSTORM:
VSBY 1/2 MILE OR LESS
8 = SMOKE OR HAZE
[NO. OF DAYS WITH] [WEATHER - DAYS WITH] 9 = BLOWING SNOW
X = TORNADO
MAX 32 OR BELOW: 0 0.01 INCH OR MORE: 0
MAX 90 OR ABOVE: 31 0.10 INCH OR MORE: 0
MIN 32 OR BELOW: 0 0.50 INCH OR MORE: 0
MIN 0 OR BELOW: 0 1.00 INCH OR MORE: 0
[HDD (BASE 65) ]
TOTAL THIS MO. 0 CLEAR (SCALE 0-3) 13
DPTR FM NORMAL 0 PTCLDY (SCALE 4-7) 17
TOTAL FM JUL 1 0 CLOUDY (SCALE 8-10) 1
DPTR FM NORMAL 0
[CDD (BASE 65) ]
TOTAL THIS MO. 744
DPTR FM NORMAL 171 [PRESSURE DATA]
TOTAL FM JAN 1 1626 HIGHEST SLP 29.99 ON 28
DPTR FM NORMAL 426 LOWEST SLP 29.69 ON 11
[REMARKS]
#FINAL-07-21#