000
CXUS52 KFFC 011010
CF6FFC
PRELIMINARY LOCAL CLIMATOLOGICAL DATA (WS FORM: F-6)
STATION: PEACHTREE CITY
MONTH: JULY
YEAR: 2022
LATITUDE: 33 20 N
LONGITUDE: 84 34 W
TEMPERATURE IN F: :PCPN: SNOW: WIND :SUNSHINE: SKY :PK WND
================================================================================
1 2 3 4 5 6A 6B 7 8 9 10 11 12 13 14 15 16 17 18
12Z AVG MX 2MIN
DY MAX MIN AVG DEP HDD CDD WTR SNW DPTH SPD SPD DIR MIN PSBL S-S WX SPD DR
================================================================================
1 88 71 80 0 0 15 0.29 M M 1.8 15 280 M M 3 13 23 300
2 91 71 81 1 0 16 0.00 M M 1.9 9 310 M M 3 1 14 300
3 92 73 83 3 0 18 0.00 M M 3.4 14 330 M M 2 3 20 290
4 91 72 82 2 0 17 0.06 M M 1.2 12 120 M M 3 3 15 120
5 95 74 85 5 0 20 T M M 0.9 7 80 M M 2 3 10 290
6 95 75 85 5 0 20 0.00 M M 1.9 8 280 M M 2 14 230
7 95 75 85 5 0 20 0.00 M M 2.0 13 100 M M 2 20 90
8 96 75 86 6 0 21 0.14 M M 1.3 18 330 M M 1 3 26 360
9 88 74 81 1 0 16 0.06 M M 2.4 12 300 M M 4 3 21 300
10 87 76 82 1 0 17 T M M 4.3 12 110 M M 5 21 120
11 83 73 78 -3 0 13 0.04 M M 5.0 12 130 M M 9 16 80
12 88 71 80 -1 0 15 0.00 M M 2.1 9 150 M M 4 17 150
13 91 74 83 2 0 18 0.05 M M 3.0 17 130 M M 3 3 26 130
14 90 73 82 1 0 17 0.00 M M 1.9 7 360 M M 2 10 280
15 93 69 81 0 0 16 0.00 M M 1.7 8 150 M M 2 15 130
16 93 69 81 0 0 16 0.00 M M 1.7 9 130 M M 1 17 140
17 91 70 81 0 0 16 0.00 M M 2.2 9 130 M M 2 15 150
18 92 70 81 0 0 16 0.12 0.0 M 3.4 28 300 M M 2 3 42 300
19 90 71 81 0 0 16 0.32 0.0 M 2.5 15 150 M M 5 13 27 190
20 93 73 83 2 0 18 0.00 0.0 M 3.5 10 240 M M 3 17 260
21 85 72 79 -2 0 14 T M M 1.6 13 50 M M 4 3 18 50
22 91 71 81 0 0 16 0.04 M M 1.8 12 180 M M 4 13 23 190
23 91 70 81 0 0 16 0.03 M M 1.6 12 150 M M 1 3 19 180
24 93 72 83 2 0 18 0.00 M M 1.7 8 260 M M 1 12 220
25 92 72 82 1 0 17 T M M 2.0 10 280 M M 1 14 290
26 91 72 82 1 0 17 0.00 M M 1.9 13 290 M M 2 18 240
27 94 72 83 2 0 18 0.00 M M 2.2 10 280 M M 1 16 300
28 90 73 82 1 0 17 T M M 2.4 12 270 M M 2 18 260
29 94 74 84 3 0 19 0.00 M M 2.8 10 260 M M 3 16 270
30 89 73 81 0 0 16 0.12 M M 2.4 16 280 M M 3 3 25 270
31 93 70 82 1 0 17 0.00 M M 3.5 13 250 M M 1 1 19 290
================================================================================
SM 2825 2240 0 526 1.27 0.0 72.0 M 83
================================================================================
AV 91.1 72.3 2.3 FASTST M M 3 MAX(MPH)
MISC ----> 28 300 42 300
================================================================================
NOTES:
# LAST OF SEVERAL OCCURRENCES
COLUMN 17 PEAK WIND IN M.P.H.
PRELIMINARY LOCAL CLIMATOLOGICAL DATA (WS FORM: F-6) , PAGE 2
STATION: PEACHTREE CITY
MONTH: JULY
YEAR: 2022
LATITUDE: 33 20 N
LONGITUDE: 84 34 W
[TEMPERATURE DATA] [PRECIPITATION DATA] SYMBOLS USED IN COLUMN 16
AVERAGE MONTHLY: 81.7 TOTAL FOR MONTH: 1.27 1 = FOG OR MIST
DPTR FM NORMAL: 0.9 DPTR FM NORMAL: -3.57 2 = FOG REDUCING VISIBILITY
HIGHEST: 96 ON 8 GRTST 24HR 0.44 ON 18-19 TO 1/4 MILE OR LESS
LOWEST: 69 ON 16,15 3 = THUNDER
SNOW, ICE PELLETS, HAIL 4 = ICE PELLETS
TOTAL MONTH: 0.0 INCH 5 = HAIL
GRTST 24HR 0.0 6 = FREEZING RAIN OR DRIZZLE
GRTST DEPTH: M ON M 7 = DUSTSTORM OR SANDSTORM:
VSBY 1/2 MILE OR LESS
8 = SMOKE OR HAZE
[NO. OF DAYS WITH] [WEATHER - DAYS WITH] 9 = BLOWING SNOW
X = TORNADO
MAX 32 OR BELOW: 0 0.01 INCH OR MORE: 11
MAX 90 OR ABOVE: 24 0.10 INCH OR MORE: 5
MIN 32 OR BELOW: 0 0.50 INCH OR MORE: 0
MIN 0 OR BELOW: 0 1.00 INCH OR MORE: 0
[HDD (BASE 65) ]
TOTAL THIS MO. 0 CLEAR (SCALE 0-3) 20
DPTR FM NORMAL 0 PTCLDY (SCALE 4-7) 10
TOTAL FM JUL 1 0 CLOUDY (SCALE 8-10) 1
DPTR FM NORMAL 0
[CDD (BASE 65) ]
TOTAL THIS MO. 526
DPTR FM NORMAL 38 [PRESSURE DATA]
TOTAL FM JAN 1 1248 HIGHEST SLP 30.23 ON 31
DPTR FM NORMAL 123 LOWEST SLP 29.86 ON 10
[REMARKS]
#FINAL-07-22#