000
CXUS53 KFGF 010815
CF6FGF
PRELIMINARY LOCAL CLIMATOLOGICAL DATA (WS FORM: F-6)
STATION: GRAND FORKS UNIV. (NWS) ND
MONTH: OCTOBER
YEAR: 2021
LATITUDE: 47 55 N
LONGITUDE: 97 6 W
TEMPERATURE IN F: :PCPN: SNOW: WIND :SUNSHINE: SKY :PK WND
================================================================================
1 2 3 4 5 6A 6B 7 8 9 10 11 12 13 14 15 16 17 18
12Z AVG MX 2MIN
DY MAX MIN AVG DEP HDD CDD WTR SNW DPTH SPD SPD DIR MIN PSBL S-S WX SPD DR
================================================================================
1 67 56 62 11 3 0 0.20 0.0 0 M M M M M M M M
2 74 48 61 10 4 0 0.00 0.0 0 M M M M M M M M
3 75 43 59 9 6 0 0.00 0.0 0 M M M M M M M M
4 80 45 63 13 2 0 0.00 0.0 0 M M M M M M M M
5 83 53 68 19 0 3 0.00 0.0 0 M M M M M M M M
6 79 56 68 19 0 3 0.00 0.0 0 M M M M M M M M
7 79 57 68 20 0 3 0.00 0.0 0 M M M M M M M M
8 73 55 64 16 1 0 0.13 0.0 0 M M M M M M 13 M M
9 62 53 58 10 7 0 1.18 0.0 0 M M M M M M M M
10 61 50 56 9 9 0 0.21 0.0 0 M M M M M M 1 M M
11 66 43 55 8 10 0 0.00 0.0 0 M M M M M M M M
12 56 38 47 1 18 0 0.00 0.0 0 M M M M M M M M
13 57 45 51 5 14 0 1.02 0.0 0 M M M M M M M M
14 51 44 48 3 17 0 T 0.0 0 M M M M M M M M
15 51 40 46 1 19 0 T 0.0 0 M M M M M M M M
16 62 35 49 5 16 0 0.00 0.0 0 M M M M M M M M
17 66 35 51 7 14 0 0.00 0.0 0 M M M M M M M M
18 75 45 60 17 5 0 0.00 0.0 0 M M M M M M M M
19 54 42 48 5 17 0 0.00 0.0 0 M M M M M M M M
20 45 29 37 -5 28 0 0.00 0.0 0 M M M M M M M M
21 46 25 36 -6 29 0 0.00 0.0 0 M M M M M M M M
22 46 23 35 -6 30 0 0.00 0.0 0 M M M M M M M M
23 44 23 34 -7 31 0 0.00 0.0 0 M M M M M M M M
24 47 32 40 0 25 0 0.00 0.0 0 M M M M M M M M
25 51 31 41 1 24 0 0.00 0.0 0 M M M M M M M M
26 56 42 49 10 16 0 0.00 0.0 0 M M M M M M M M
27 50 45 48 9 17 0 0.64 0.0 0 M M M M M M M M
28 51 33 42 4 23 0 T 0.0 0 M M M M M M M M
29 56 28 42 5 23 0 0.00 0.0 0 M M M M M M M M
30 51 33 42 5 23 0 T 0.0 0 M M M M M M M M
31 43 29 36 0 29 0 0.00 0.0 0 M M M M M M M M
================================================================================
SM 1857 1256 460 9 3.38 0.0 M M M
================================================================================
AV 59.9 40.5 M FASTST M M M MAX(MPH)
MISC ----> M M M M
================================================================================
NOTES:
# LAST OF SEVERAL OCCURRENCES
COLUMN 17 PEAK WIND IN M.P.H.
PRELIMINARY LOCAL CLIMATOLOGICAL DATA (WS FORM: F-6) , PAGE 2
STATION: GRAND FORKS UNIV. (NWS) ND
MONTH: OCTOBER
YEAR: 2021
LATITUDE: 47 55 N
LONGITUDE: 97 6 W
[TEMPERATURE DATA] [PRECIPITATION DATA] SYMBOLS USED IN COLUMN 16
AVERAGE MONTHLY: 50.2 TOTAL FOR MONTH: 3.38 1 = FOG OR MIST
DPTR FM NORMAL: 6.1 DPTR FM NORMAL: 1.46 2 = FOG REDUCING VISIBILITY
HIGHEST: 83 ON 5 GRTST 24HR 1.18 ON 9- 9 TO 1/4 MILE OR LESS
LOWEST: 23 ON 23,22 3 = THUNDER
SNOW, ICE PELLETS, HAIL 4 = ICE PELLETS
TOTAL MONTH: 0.0 INCH 5 = HAIL
GRTST 24HR 0.0 6 = FREEZING RAIN OR DRIZZLE
GRTST DEPTH: 0 7 = DUSTSTORM OR SANDSTORM:
VSBY 1/2 MILE OR LESS
8 = SMOKE OR HAZE
[NO. OF DAYS WITH] [WEATHER - DAYS WITH] 9 = BLOWING SNOW
X = TORNADO
MAX 32 OR BELOW: 0 0.01 INCH OR MORE: 6
MAX 90 OR ABOVE: 0 0.10 INCH OR MORE: 6
MIN 32 OR BELOW: 8 0.50 INCH OR MORE: 3
MIN 0 OR BELOW: 0 1.00 INCH OR MORE: 2
[HDD (BASE 65) ]
TOTAL THIS MO. 460 CLEAR (SCALE 0-3) 0
DPTR FM NORMAL -190 PTCLDY (SCALE 4-7) 0
TOTAL FM JUL 1 557 CLOUDY (SCALE 8-10) 31
DPTR FM NORMAL -397
[CDD (BASE 65) ]
TOTAL THIS MO. 9
DPTR FM NORMAL 8 [PRESSURE DATA]
TOTAL FM JAN 1 799 HIGHEST SLP M ON M
DPTR FM NORMAL 336 LOWEST SLP M ON M
[REMARKS]
#FINAL-10-21#