000
CXUS53 KARX 011000
CF6FKA
PRELIMINARY LOCAL CLIMATOLOGICAL DATA (WS FORM: F-6)
STATION: PRESTON MN
MONTH: FEBRUARY
YEAR: 2023
LATITUDE: 43 40 N
LONGITUDE: 92 11 W
TEMPERATURE IN F: :PCPN: SNOW: WIND :SUNSHINE: SKY :PK WND
================================================================================
1 2 3 4 5 6A 6B 7 8 9 10 11 12 13 14 15 16 17 18
12Z AVG MX 2MIN
DY MAX MIN AVG DEP HDD CDD WTR SNW DPTH SPD SPD DIR MIN PSBL S-S WX SPD DR
================================================================================
1 18 1 10 M 55 0 0.00 0.0 M 8.7 14 220 M M 0 8 16 180
2 18 -9 5 M 60 0 0.00 0.0 M 13.4 22 340 M M 0 29 340
3 3 -14 -5 M 70 0 0.00 0.0 M 8.3 14 170 M M 3 21 170
4 30 3 17 M 48 0 0.00 0.0 M 12.0 20 190 M M 0 22 170
5 29 15 22 M 43 0 0.00 0.0 M 8.6 15 310 M M 0 1 17 320
6 38 12 25 M 40 0 0.02 0.0 M 10.2 18 150 M M 4 1 28 130
7 34 24 29 M 36 0 0.00 0.0 M 12.3 22 300 M M 4 29 300
8 40 22 31 M 34 0 0.00 0.0 M 8.1 15 210 M M 0 20 190
9 35 24 30 M 35 0 0.00 0.0 M 10.4 20 340 M M 2 8 28 340
10 26 8 17 M 48 0 0.00 0.0 M 9.4 16 340 M M 0 22 340
11 38 21 30 M 35 0 0.00 0.0 M 12.6 21 230 M M 0 28 230
12 37 25 31 M 34 0 0.00 0.0 M 8.4 15 220 M M 0 20 220
13 40 24 32 M 33 0 0.00 0.0 M 9.3 16 200 M M 0 21 280
14 41 35 38 M 27 0 M 0.0 M 12.6 17 160 M M 6 1 24 180
15 39 18 29 M 36 0 M 0.0 M 16.4 27 280 M M 7 36 270
16 22 11 17 M 48 0 0.00 0.0 M 12.2 15 350 M M 0 22 20
17 28 5 17 M 48 0 0.00 0.0 M 10.0 20 190 M M 0 27 200
18 40 20 30 M 35 0 0.00 0.0 M 8.2 17 220 M M 0 22 220
19 36 21 29 M 36 0 0.00 0.0 M 10.6 18 210 M M 3 23 210
20 37 15 26 M 39 0 M M M 10.1 28 290 M M 5 35 290
21 19 5 12 M 53 0 M M M 10.0 25 300 M M 4 18 37 290
22 21 19 20 M 45 0 M M M 15.9 22 40 M M 10 1 31 40
23 21 0 11 M 54 0 M M M 12.3 18 290 M M 8 1 24 290
24 14 -7 4 M 61 0 M M M 3.5 10 290 M M 3 M M
25 29 8 19 M 46 0 M M M 10.1 23 190 M M 3 25 190
26 37 11 24 M 41 0 0.00 0.0 M 7.0 13 120 M M 1 1 18 120
27 37 32 35 M 30 0 M M M 12.5 16 320 M M 10 1 24 60
28 39 25 32 M 33 0 M M M 5.5 14 300 M M 2 1 18 320
================================================================================
SM 846 374 1203 0 0.02 0.0 288.6 M 75
================================================================================
AV 30.2 13.4 10.3 FASTST M M 3 MAX(MPH)
MISC ----> 28 290 37 290
================================================================================
NOTES:
# LAST OF SEVERAL OCCURRENCES
COLUMN 17 PEAK WIND IN M.P.H.
PRELIMINARY LOCAL CLIMATOLOGICAL DATA (WS FORM: F-6) , PAGE 2
STATION: PRESTON MN
MONTH: FEBRUARY
YEAR: 2023
LATITUDE: 43 40 N
LONGITUDE: 92 11 W
[TEMPERATURE DATA] [PRECIPITATION DATA] SYMBOLS USED IN COLUMN 16
AVERAGE MONTHLY: 21.8 TOTAL FOR MONTH: 0.02 1 = FOG OR MIST
DPTR FM NORMAL: 0.0 DPTR FM NORMAL: 0.02 2 = FOG REDUCING VISIBILITY
HIGHEST: 41 ON 14 GRTST 24HR 0.02 ON 6- 6 TO 1/4 MILE OR LESS
LOWEST: -14 ON 3 3 = THUNDER
SNOW, ICE PELLETS, HAIL 4 = ICE PELLETS
TOTAL MONTH: 0.0 INCH 5 = HAIL
GRTST 24HR 0.0 6 = FREEZING RAIN OR DRIZZLE
GRTST DEPTH: M ON M 7 = DUSTSTORM OR SANDSTORM:
VSBY 1/2 MILE OR LESS
8 = SMOKE OR HAZE
[NO. OF DAYS WITH] [WEATHER - DAYS WITH] 9 = BLOWING SNOW
X = TORNADO
MAX 32 OR BELOW: 13 0.01 INCH OR MORE: 1
MAX 90 OR ABOVE: 0 0.10 INCH OR MORE: 0
MIN 32 OR BELOW: 27 0.50 INCH OR MORE: 0
MIN 0 OR BELOW: 4 1.00 INCH OR MORE: 0
[HDD (BASE 65) ]
TOTAL THIS MO. 1203 CLEAR (SCALE 0-3) 19
DPTR FM NORMAL M PTCLDY (SCALE 4-7) 6
TOTAL FM JUL 1 5634 CLOUDY (SCALE 8-10) 3
DPTR FM NORMAL M
[CDD (BASE 65) ]
TOTAL THIS MO. 0
DPTR FM NORMAL M [PRESSURE DATA]
TOTAL FM JAN 1 0 HIGHEST SLP M ON M
DPTR FM NORMAL M LOWEST SLP M ON M
[REMARKS]
#FINAL-02-23#