000
CXUS53 KARX 010900
CF6FKA
PRELIMINARY LOCAL CLIMATOLOGICAL DATA (WS FORM: F-6)
STATION: PRESTON MN
MONTH: JUNE
YEAR: 2021
LATITUDE: 43 40 N
LONGITUDE: 92 11 W
TEMPERATURE IN F: :PCPN: SNOW: WIND :SUNSHINE: SKY :PK WND
================================================================================
1 2 3 4 5 6A 6B 7 8 9 10 11 12 13 14 15 16 17 18
12Z AVG MX 2MIN
DY MAX MIN AVG DEP HDD CDD WTR SNW DPTH SPD SPD DIR MIN PSBL S-S WX SPD DR
================================================================================
1 77 50 64 M 1 0 M M M 6.2 9 190 M M 0 16 200
2 79 52 66 M 0 1 0.00 0.0 0 6.5 12 200 M M 0 17 200
3 86 58 72 M 0 7 0.00 0.0 0 10.9 18 270 M M 0 24 260
4 91 64 78 M 0 13 0.00 0.0 0 13.7 20 250 M M 0 29 250
5 92 67 80 M 0 15 0.00 0.0 0 13.9 21 200 M M 0 25 200
6 87 67 77 M 0 12 0.00 0.0 0 13.6 21 200 M M 1 28 200
7 89 66 78 M 0 13 0.00 0.0 0 8.2 14 200 M M 0 17 200
8 90 67 79 M 0 14 0.00 0.0 0 5.1 8 180 M M 0 M M
9 91 69 80 M 0 15 0.00 0.0 0 3.9 8 130 M M 1 M M
10 93 67 80 M 0 15 M 0.0 0 4.0 7 200 M M 0 M M
11 M M M M M M M M M M M M M M M M M
12 M M M M M M M M M M M M M M M M M
13 M M M M M M 0.00 0.0 0 M M M M M M M M
14 82 65 74 M 0 9 0.00 M M 8.3 14 20 M M 0 21 320
15 M M M M M M M M M M M M M M M M M
16 M M M M M M M M M M M M M M M M M
17 M M M M M M M M M M M M M M M M M
18 M M M M M M M M M M M M M M M M M
19 M M M M M M M M M M M M M M M M M
20 M M M M M M M M M 0.0 M M M M 0 M M
21 M M M M M M M M M M M M M M 0 M M
22 M M M M M M M M M M M M M M 0 M M
23 M M M M M M 0.00 0.0 0 13.0 15 190 M M 0 17 180
24 M M M M M M M M M M M M M M M M M
25 M M M M M M M M M 5.0 9 30 M M 9 1 M M
26 M M M M M M M M M 4.1 12 30 M M 9 12 16 30
27 73 59 66 M 0 1 0.00 0.0 0 8.1 12 340 M M 5 16 340
28 81 64 73 M 0 8 0.30 M M 6.6 12 220 M M 5 21 350
29 81 64 73 M 0 8 0.10 0.0 0 3.9 12 260 M M 5 12 M M
30 81 63 72 M 0 7 0.00 0.0 0 3.0 8 350 M M 1 M M
================================================================================
SM 1273 942 1 138 0.40 0.0 138.0 M 36
================================================================================
AV 84.9 62.8 7.3 FASTST M M 2 MAX(MPH)
MISC ----> # 21 200 29 250
================================================================================
NOTES:
# LAST OF SEVERAL OCCURRENCES
COLUMN 17 PEAK WIND IN M.P.H.
PRELIMINARY LOCAL CLIMATOLOGICAL DATA (WS FORM: F-6) , PAGE 2
STATION: PRESTON MN
MONTH: JUNE
YEAR: 2021
LATITUDE: 43 40 N
LONGITUDE: 92 11 W
[TEMPERATURE DATA] [PRECIPITATION DATA] SYMBOLS USED IN COLUMN 16
AVERAGE MONTHLY: 73.8 TOTAL FOR MONTH: 0.40 1 = FOG OR MIST
DPTR FM NORMAL: 0.0 DPTR FM NORMAL: M 2 = FOG REDUCING VISIBILITY
HIGHEST: 93 ON 10 GRTST 24HR 0.30 ON 28-28 TO 1/4 MILE OR LESS
LOWEST: 50 ON 1 3 = THUNDER
SNOW, ICE PELLETS, HAIL 4 = ICE PELLETS
TOTAL MONTH: 0.0 INCH 5 = HAIL
GRTST 24HR 0.0 6 = FREEZING RAIN OR DRIZZLE
GRTST DEPTH: 0 7 = DUSTSTORM OR SANDSTORM:
VSBY 1/2 MILE OR LESS
8 = SMOKE OR HAZE
[NO. OF DAYS WITH] [WEATHER - DAYS WITH] 9 = BLOWING SNOW
X = TORNADO
MAX 32 OR BELOW: 0 0.01 INCH OR MORE: 2
MAX 90 OR ABOVE: 5 0.10 INCH OR MORE: 1
MIN 32 OR BELOW: 0 0.50 INCH OR MORE: 0
MIN 0 OR BELOW: 0 1.00 INCH OR MORE: 0
[HDD (BASE 65) ]
TOTAL THIS MO. 1 CLEAR (SCALE 0-3) 16
DPTR FM NORMAL M PTCLDY (SCALE 4-7) 3
TOTAL FM JUL 1 7577 CLOUDY (SCALE 8-10) 11
DPTR FM NORMAL M
[CDD (BASE 65) ]
TOTAL THIS MO. 138
DPTR FM NORMAL M [PRESSURE DATA]
TOTAL FM JAN 1 189 HIGHEST SLP M ON M
DPTR FM NORMAL M LOWEST SLP M ON M
[REMARKS]
#FINAL-06-21#