000
CXUS53 KMKX 010810
CF6FLD
PRELIMINARY LOCAL CLIMATOLOGICAL DATA (WS FORM: F-6)
STATION: FOND_DU_LAC WI
MONTH: SEPTEMBER
YEAR: 2021
LATITUDE: 43 46 N
LONGITUDE: 88 29 W
TEMPERATURE IN F: :PCPN: SNOW: WIND :SUNSHINE: SKY :PK WND
================================================================================
1 2 3 4 5 6A 6B 7 8 9 10 11 12 13 14 15 16 17 18
12Z AVG MX 2MIN
DY MAX MIN AVG DEP HDD CDD WTR SNW DPTH SPD SPD DIR MIN PSBL S-S WX SPD DR
================================================================================
1 77 56 67 0 0 2 0.00 M M 7.0 14 40 M M 1 19 30
2 79 52 66 0 0 1 0.00 M M 4.4 12 90 M M 1 16 90
3 74 61 68 2 0 3 0.12 M M 4.2 13 210 M M 6 20 210
4 72 61 67 1 0 2 0.01 M M 6.8 17 300 M M 7 8 22 300
5 80 59 70 4 0 5 0.00 M M 8.4 17 290 M M 1 26 290
6 79 52 66 1 0 1 0.00 M M 4.6 12 270 M M 1 16 310
7 81 59 70 5 0 5 0.68 M M 7.7 21 300 M M 2 3 28 290
8 75 56 66 1 0 1 0.00 M M 10.6 22 290 M M 2 31 300
9 77 51 64 0 1 0 0.00 M M 3.3 10 260 M M 1 13 300
10 80 53 67 3 0 2 0.00 M M 4.6 12 230 M M 1 18 230
11 86 59 73 9 0 8 T M M 7.0 16 230 M M 1 8 26 230
12 74 63 69 6 0 4 0.02 M M 6.4 17 40 M M 7 22 40
13 74 63 69 6 0 4 0.21 M M 5.7 15 60 M M 7 3 20 70
14 77 60 69 6 0 4 T M M 9.9 23 290 M M 4 8 32 290
15 78 51 65 3 0 0 0.00 M M 4.1 15 330 M M 1 18 21 340
16 83 52 68 6 0 3 0.00 M M 8.3 20 180 M M 0 27 180
17 85 53 69 7 0 4 0.00 M M 7.9 21 310 M M 1 29 320
18 79 47 63 2 2 0 0.00 M M 4.0 12 90 M M 0 17 100
19 89 53 71 10 0 6 0.00 M M 7.4 15 170 M M 1 21 140
20 84 70 77 17 0 12 0.91 M M 9.6 21 240 M M 4 3 32 230
21 73 61 67 7 0 2 0.01 M M 11.3 20 30 M M 7 27 330
22 67 55 61 1 4 0 0.00 0.0 0 14.5 24 10 M M 2 32 360
23 73 49 61 2 4 0 0.00 M M 11.1 24 310 M M 1 34 340
24 82 48 65 6 0 0 0.08 M M 9.7 30 290 M M 3 42 300
25 69 48 59 1 6 0 0.00 M M 7.8 21 270 M M 2 31 250
26 83 49 66 8 0 1 0.00 M M 8.4 15 220 M M 0 24 230
27 76 53 65 7 0 0 0.00 M M 6.2 18 10 M M 0 24 360
28 75 47 61 4 4 0 0.00 M M 3.8 10 140 M M 0 18 16 100
29 82 47 65 8 0 0 0.00 M M 3.0 9 40 M M 0 8 14 140
30 82 51 67 11 0 2 0.00 M M 3.0 10 130 M M 1 128 14 140
================================================================================
SM 2345 1639 21 72 2.04 0.0 210.7 M 65
================================================================================
AV 78.2 54.6 7.0 FASTST M M 2 MAX(MPH)
MISC ----> 30 290 42 300
================================================================================
NOTES:
# LAST OF SEVERAL OCCURRENCES
COLUMN 17 PEAK WIND IN M.P.H.
PRELIMINARY LOCAL CLIMATOLOGICAL DATA (WS FORM: F-6) , PAGE 2
STATION: FOND_DU_LAC WI
MONTH: SEPTEMBER
YEAR: 2021
LATITUDE: 43 46 N
LONGITUDE: 88 29 W
[TEMPERATURE DATA] [PRECIPITATION DATA] SYMBOLS USED IN COLUMN 16
AVERAGE MONTHLY: 66.4 TOTAL FOR MONTH: 2.04 1 = FOG OR MIST
DPTR FM NORMAL: 4.5 DPTR FM NORMAL: -0.82 2 = FOG REDUCING VISIBILITY
HIGHEST: 89 ON 19 GRTST 24HR 0.92 ON 20-21 TO 1/4 MILE OR LESS
LOWEST: 47 ON 29,28 3 = THUNDER
SNOW, ICE PELLETS, HAIL 4 = ICE PELLETS
TOTAL MONTH: 0.0 INCH 5 = HAIL
GRTST 24HR 0.0 6 = FREEZING RAIN OR DRIZZLE
GRTST DEPTH: 0 7 = DUSTSTORM OR SANDSTORM:
VSBY 1/2 MILE OR LESS
8 = SMOKE OR HAZE
[NO. OF DAYS WITH] [WEATHER - DAYS WITH] 9 = BLOWING SNOW
X = TORNADO
MAX 32 OR BELOW: 0 0.01 INCH OR MORE: 8
MAX 90 OR ABOVE: 0 0.10 INCH OR MORE: 4
MIN 32 OR BELOW: 0 0.50 INCH OR MORE: 2
MIN 0 OR BELOW: 0 1.00 INCH OR MORE: 0
[HDD (BASE 65) ]
TOTAL THIS MO. 21 CLEAR (SCALE 0-3) 23
DPTR FM NORMAL -129 PTCLDY (SCALE 4-7) 7
TOTAL FM JUL 1 23 CLOUDY (SCALE 8-10) 0
DPTR FM NORMAL -158
[CDD (BASE 65) ]
TOTAL THIS MO. 72
DPTR FM NORMAL 15 [PRESSURE DATA]
TOTAL FM JAN 1 981 HIGHEST SLP M ON M
DPTR FM NORMAL 404 LOWEST SLP 29.60 ON 7
[REMARKS]
#FINAL-09-21#