000
CXUS56 KFGZ 010910
CF6FLG
PRELIMINARY LOCAL CLIMATOLOGICAL DATA (WS FORM: F-6)
STATION: FLAGSTAFF AZ AIRPORT
MONTH: JANUARY
YEAR: 2021
LATITUDE: 35 7 N
LONGITUDE: 111 40 W
TEMPERATURE IN F: :PCPN: SNOW: WIND :SUNSHINE: SKY :PK WND
================================================================================
1 2 3 4 5 6A 6B 7 8 9 10 11 12 13 14 15 16 17 18
12Z AVG MX 2MIN
DY MAX MIN AVG DEP HDD CDD WTR SNW DPTH SPD SPD DIR MIN PSBL S-S WX SPD DR
================================================================================
1 40 15 28 -1 37 0 0.00 0.0 T 6.6 20 60 M M 3 27 60
2 44 14 29 0 36 0 0.00 0.0 T 4.6 17 250 M M 0 22 270
3 48 13 31 2 34 0 0.00 0.0 0 3.0 13 240 M M 0 17 240
4 54 15 35 6 30 0 0.00 0.0 0 3.1 13 210 M M 0 16 210
5 51 18 35 6 30 0 0.00 0.0 0 3.3 15 340 M M 0 22 350
6 50 10 30 0 35 0 0.00 0.0 0 2.7 10 50 M M 0 15 70
7 59 16 38 8 27 0 0.00 0.0 0 1.8 10 80 M M 0 14 220
8 50 15 33 3 32 0 0.00 0.0 0 2.6 13 200 M M 0 16 190
9 39 17 28 -2 37 0 0.00 0.0 0 8.0 23 60 M M 0 28 350
10 39 14 27 -3 38 0 0.00 0.0 0 7.1 22 60 M M 0 27 60
11 38 7 23 -7 42 0 0.00 0.0 0 7.2 18 60 M M 0 24 60
12 45 2 24 -6 41 0 0.00 0.0 0 2.6 10 90 M M 0 14 70
13 56 12 34 4 31 0 0.00 0.0 0 3.1 14 350 M M 0 21 340
14 55 19 37 7 28 0 0.00 0.0 0 4.6 17 60 M M 0 24 70
15 59 20 40 10 25 0 0.00 0.0 0 10.6 26 80 M M 0 33 90
16 53 24 39 9 26 0 0.00 0.0 0 8.9 30 40 M M 0 37 60
17 61 13 37 7 28 0 0.00 0.0 0 2.4 17 210 M M 0 21 210
18 50 19 35 5 30 0 0.00 0.0 0 3.1 16 50 M M 5 21 40
19 33 25 29 -1 36 0 0.51 5.6 5 9.3 18 60 M M 10 12 26 60
20 37 22 30 0 35 0 0.01 0.1 5 4.8 13 30 M M 5 12 18 80
21 45 23 34 4 31 0 0.04 0.0 2 2.0 12 210 M M 9 1 13 200
22 39 32 36 6 29 0 0.62 1.8 2 10.8 28 220 M M 10 1 40 240
23 33 27 30 0 35 0 0.66 4.8 7 12.0 30 220 M M 9 128 38 210
24 30 24 27 -3 38 0 0.58 8.0 12 11.2 23 220 M M 9 128 27 220
25 26 18 22 -8 43 0 1.12 14.1 24 14.3 36 220 M M 10 12 47 200
26 22 15 19 -11 46 0 0.24 4.5 24 9.2 23 210 M M 10 128 30 220
27 34 5 20 -10 45 0 T T 23 3.7 16 220 M M 3 1 19 220
28 48 9 29 -1 36 0 0.00 0.0 20 3.8 16 210 M M 0 22 200
29 37 24 31 1 34 0 0.38 4.6 18 9.5 30 220 M M 9 12 39 210
30 41 9 25 -5 40 0 0.00 0.0 21 3.7 10 90 M M 1 1 13 60
31 37 4 21 -9 44 0 0.00 M 19 6.1 16 70 M M 0 8 22 60
================================================================================
SM 1353 500 1079 0 4.16 43.5 185.7 M 93
================================================================================
AV 43.6 16.1 6.0 FASTST M M 3 MAX(MPH)
MISC ----> 36 220 47 200
================================================================================
NOTES:
# LAST OF SEVERAL OCCURRENCES
COLUMN 17 PEAK WIND IN M.P.H.
PRELIMINARY LOCAL CLIMATOLOGICAL DATA (WS FORM: F-6) , PAGE 2
STATION: FLAGSTAFF AZ AIRPORT
MONTH: JANUARY
YEAR: 2021
LATITUDE: 35 7 N
LONGITUDE: 111 40 W
[TEMPERATURE DATA] [PRECIPITATION DATA] SYMBOLS USED IN COLUMN 16
AVERAGE MONTHLY: 29.9 TOTAL FOR MONTH: 4.16 1 = FOG OR MIST
DPTR FM NORMAL: 0.0 DPTR FM NORMAL: 2.11 2 = FOG REDUCING VISIBILITY
HIGHEST: 61 ON 17 GRTST 24HR 1.12 ON 25-25 TO 1/4 MILE OR LESS
LOWEST: 2 ON 12 3 = THUNDER
SNOW, ICE PELLETS, HAIL 4 = ICE PELLETS
TOTAL MONTH: 43.5 INCHES 5 = HAIL
GRTST 24HR 14.1 ON 25-25 6 = FREEZING RAIN OR DRIZZLE
GRTST DEPTH: 24 ON 26,25 7 = DUSTSTORM OR SANDSTORM:
VSBY 1/2 MILE OR LESS
8 = SMOKE OR HAZE
[NO. OF DAYS WITH] [WEATHER - DAYS WITH] 9 = BLOWING SNOW
X = TORNADO
MAX 32 OR BELOW: 3 0.01 INCH OR MORE: 9
MAX 90 OR ABOVE: 0 0.10 INCH OR MORE: 7
MIN 32 OR BELOW: 31 0.50 INCH OR MORE: 5
MIN 0 OR BELOW: 0 1.00 INCH OR MORE: 1
[HDD (BASE 65) ]
TOTAL THIS MO. 1079 CLEAR (SCALE 0-3) 21
DPTR FM NORMAL -9 PTCLDY (SCALE 4-7) 2
TOTAL FM JUL 1 3520 CLOUDY (SCALE 8-10) 8
DPTR FM NORMAL -398
[CDD (BASE 65) ]
TOTAL THIS MO. 0
DPTR FM NORMAL 0 [PRESSURE DATA]
TOTAL FM JAN 1 0 HIGHEST SLP M ON M
DPTR FM NORMAL 0 LOWEST SLP 29.47 ON 25
[REMARKS]
#FINAL-01-21#