000
CXUS54 KLZK 011130
CF6FLP
PRELIMINARY LOCAL CLIMATOLOGICAL DATA (WS FORM: F-6)
STATION: Flippin
MONTH: OCTOBER
YEAR: 2020
LATITUDE: 36 17 N
LONGITUDE: 92 28 W
TEMPERATURE IN F: :PCPN: SNOW: WIND :SUNSHINE: SKY :PK WND
================================================================================
1 2 3 4 5 6A 6B 7 8 9 10 11 12 13 14 15 16 17 18
12Z AVG MX 2MIN
DY MAX MIN AVG DEP HDD CDD WTR SNW DPTH SPD SPD DIR MIN PSBL S-S WX SPD DR
================================================================================
1 74 48 61 M 4 0 0.00 M M 5.6 16 300 M M 0 23 320
2 69 39 54 M 11 0 0.00 M M 2.0 7 99 M M 0 M M
3 71 46 59 M 6 0 0.01 M M 4.2 12 160 M M 5 17 160
4 68 44 56 M 9 0 0.00 M M 5.3 12 360 M M 2 17 360
5 71 36 54 M 11 0 0.00 M M 1.4 8 120 M M 1 12 M M
6 81 41 61 M 4 0 0.00 M M 1.4 6 240 M M 0 M M
7 88 50 69 M 0 4 0.00 M M 1.2 5 99 M M 0 M M
8 83 57 70 M 0 5 0.00 M M 0.2 4 150 M M 1 1 M M
9 83 55 69 M 0 4 T M M 2.7 12 160 M M 6 16 160
10 80 61 71 M 0 6 0.00 M M 3.0 7 30 M M 6 1 M M
11 87 69 78 M 0 13 0.00 M M 3.1 7 99 M M 0 M M
12 76 46 61 M 4 0 0.00 M M 6.3 24 300 M M 2 33 310
13 81 38 60 M 5 0 0.00 M M 1.5 7 220 M M 0 8 M M
14 85 41 63 M 2 0 0.00 M M 3.8 12 220 M M 0 25 190
15 67 52 60 M 5 0 T M M 5.2 12 360 M M 7 17 350
16 68 33 51 M 14 0 0.00 M M 2.5 8 300 M M 0 M M
17 72 39 56 M 9 0 0.00 M M 5.2 14 170 M M 3 24 180
18 80 51 66 M 0 1 0.51 M M 4.4 8 340 M M 9 1 16 210
19 54 47 51 M 14 0 0.34 M M 2.9 8 330 M M 10 1 M M
20 66 51 59 M 6 0 0.04 M M 2.6 6 340 M M 8 13 M M
21 86 57 72 M 0 7 0.00 M M 2.7 10 190 M M 5 12 16 190
22 84 58 71 M 0 6 0.00 M M 4.8 10 190 M M 1 1 18 190
23 72 45 59 M 6 0 0.02 M M 7.4 17 330 M M 7 3 29 330
24 50 43 47 M 18 0 0.00 M M 5.4 13 20 M M 10 M M
25 52 45 49 M 16 0 0.00 M M 3.5 7 20 M M 10 M M
26 48 37 43 M 22 0 1.17 M M 6.8 9 30 M M 10 13 M M
27 44 37 41 M 24 0 1.32 M M 3.3 8 20 M M 10 1 M M
28 53 42 48 M 17 0 3.09 M M 4.8 9 40 M M 10 1 M M
29 53 37 45 M 20 0 0.33 M M 6.4 16 360 M M 8 1 27 360
30 62 30 46 M 19 0 0.00 M M 0.7 5 120 M M 0 8 M M
31 67 34 51 M 14 0 0.00 M M 2.5 8 170 M M 0 18 140
================================================================================
SM 2175 1409 260 46 6.83 M 112.8 M 131
================================================================================
AV 70.2 45.5 3.6 FASTST M M 4 MAX(MPH)
MISC ----> # 24 300 # 33 310
================================================================================
NOTES:
# LAST OF SEVERAL OCCURRENCES
COLUMN 17 PEAK WIND IN M.P.H.
PRELIMINARY LOCAL CLIMATOLOGICAL DATA (WS FORM: F-6) , PAGE 2
STATION: Flippin
MONTH: OCTOBER
YEAR: 2020
LATITUDE: 36 17 N
LONGITUDE: 92 28 W
[TEMPERATURE DATA] [PRECIPITATION DATA] SYMBOLS USED IN COLUMN 16
AVERAGE MONTHLY: 57.8 TOTAL FOR MONTH: 6.83 1 = FOG OR MIST
DPTR FM NORMAL: M DPTR FM NORMAL: M 2 = FOG REDUCING VISIBILITY
HIGHEST: 88 ON 7 GRTST 24HR 3.09 ON 28-28 TO 1/4 MILE OR LESS
LOWEST: 30 ON 30 3 = THUNDER
SNOW, ICE PELLETS, HAIL 4 = ICE PELLETS
TOTAL MONTH: M 5 = HAIL
GRTST 24HR M ON M 6 = FREEZING RAIN OR DRIZZLE
GRTST DEPTH: M ON M 7 = DUSTSTORM OR SANDSTORM:
VSBY 1/2 MILE OR LESS
8 = SMOKE OR HAZE
[NO. OF DAYS WITH] [WEATHER - DAYS WITH] 9 = BLOWING SNOW
X = TORNADO
MAX 32 OR BELOW: 0 0.01 INCH OR MORE: 9
MAX 90 OR ABOVE: 0 0.10 INCH OR MORE: 6
MIN 32 OR BELOW: 1 0.50 INCH OR MORE: 4
MIN 0 OR BELOW: 0 1.00 INCH OR MORE: 3
[HDD (BASE 65) ]
TOTAL THIS MO. 260 CLEAR (SCALE 0-3) 15
DPTR FM NORMAL M PTCLDY (SCALE 4-7) 8
TOTAL FM JUL 1 278 CLOUDY (SCALE 8-10) 8
DPTR FM NORMAL M
[CDD (BASE 65) ]
TOTAL THIS MO. 46
DPTR FM NORMAL M [PRESSURE DATA]
TOTAL FM JAN 1 1606 HIGHEST SLP 30.41 ON 16
DPTR FM NORMAL M LOWEST SLP 29.63 ON 29
[REMARKS]
#FINAL-10-20#