000
CXUS52 KTBW 291000
CF6FMY
PRELIMINARY LOCAL CLIMATOLOGICAL DATA (WS FORM: F-6)
STATION: FORT MYERS
MONTH: MARCH
YEAR: 2024
LATITUDE: 26 34 N
LONGITUDE: 81 52 W
TEMPERATURE IN F: :PCPN: SNOW: WIND :SUNSHINE: SKY :PK WND
================================================================================
1 2 3 4 5 6A 6B 7 8 9 10 11 12 13 14 15 16 17 18
12Z AVG MX 2MIN
DY MAX MIN AVG DEP HDD CDD WTR SNW DPTH SPD SPD DIR MIN PSBL S-S WX SPD DR
================================================================================
1 83 66 75 6 0 10 0.00 0.0 0 7.1 18 150 M M 3 1 27 130
2 81 66 74 5 0 9 0.00 0.0 0 5.0 15 170 M M 1 19 230
3 83 68 76 7 0 11 T 0.0 0 5.3 14 250 M M 5 19 230
4 82 66 74 5 0 9 T 0.0 0 5.6 12 90 M M 8 18 80
5 85 67 76 7 0 11 0.00 0.0 0 6.5 13 200 M M 1 20 200
6 78 70 74 5 0 9 0.37 0.0 0 5.7 17 160 M M 8 1 30 180
7 83 66 75 6 0 10 0.35 0.0 0 4.5 18 350 M M 4 1 24 350
8 84 69 77 7 0 12 0.00 0.0 0 5.4 14 210 M M 3 1 21 230
9 84 72 78 8 0 13 0.00 0.0 0 9.6 22 190 M M 3 1 33 180
10 82 63 73 3 0 8 T 0.0 0 9.6 17 290 M M 4 1 24 320
11 81 56 69 -1 0 4 0.00 0.0 0 9.1 17 50 M M 0 25 40
12 82 60 71 1 0 6 0.00 0.0 0 5.0 13 120 M M 1 17 120
13 84 64 74 4 0 9 0.00 0.0 0 3.8 12 290 M M 2 17 200
14 88 66 77 7 0 12 0.00 0.0 0 3.2 12 240 M M 1 16 240
15 86 65 76 6 0 11 0.00 0.0 0 4.6 15 260 M M 0 21 270
16 84 68 76 6 0 11 0.00 0.0 0 5.0 16 280 M M 1 20 280
17 85 65 75 5 0 10 0.00 0.0 0 4.9 16 230 M M 2 1 23 230
18 86 71 79 9 0 14 T 0.0 0 8.1 16 330 M M 3 1 23 240
19 76 59 68 -3 0 3 0.15 0.0 0 9.6 18 40 M M 2 1 25 40
20 81 54 68 -3 0 3 0.00 0.0 0 7.2 14 290 M M 1 18 280
21 83 60 72 1 0 7 T 0.0 0 6.7 15 120 M M 6 21 140
22 70 65 68 -3 0 3 1.90 0.0 0 9.3 36 110 M M 8 13 44 110
23 82 66 74 3 0 9 0.00 0.0 0 10.1 21 300 M M 3 34 280
24 84 62 73 2 0 8 0.00 0.0 0 10.1 20 90 M M 2 27 90
25 84 64 74 3 0 9 0.00 0.0 0 12.4 22 110 M M 4 32 80
26 87 67 77 5 0 12 0.00 0.0 0 9.4 18 150 M M 1 26 150
27 87 71 79 7 0 14 0.03 0.0 0 7.8 18 160 M M 3 26 160
28 83 65 74 2 0 9 T 0.0 0 13.3 25 330 M M 2 8 36 160
================================================================================
SM 2318 1821 0 256 2.80 0.0 203.9 M 82
================================================================================
AV 82.8 65.0 7.3 FASTST M M 3 MAX(MPH)
MISC ----> 36 110 44 110
================================================================================
NOTES:
# LAST OF SEVERAL OCCURRENCES
COLUMN 17 PEAK WIND IN M.P.H.
PRELIMINARY LOCAL CLIMATOLOGICAL DATA (WS FORM: F-6) , PAGE 2
STATION: FORT MYERS
MONTH: MARCH
YEAR: 2024
LATITUDE: 26 34 N
LONGITUDE: 81 52 W
[TEMPERATURE DATA] [PRECIPITATION DATA] SYMBOLS USED IN COLUMN 16
AVERAGE MONTHLY: 73.9 TOTAL FOR MONTH: 2.80 1 = FOG OR MIST
DPTR FM NORMAL: 3.7 DPTR FM NORMAL: 0.94 2 = FOG REDUCING VISIBILITY
HIGHEST: 88 ON 14 GRTST 24HR 1.90 ON 22-22 TO 1/4 MILE OR LESS
LOWEST: 54 ON 20 3 = THUNDER
SNOW, ICE PELLETS, HAIL 4 = ICE PELLETS
TOTAL MONTH: 0.0 INCH 5 = HAIL
GRTST 24HR 0.0 6 = FREEZING RAIN OR DRIZZLE
GRTST DEPTH: 0 7 = DUSTSTORM OR SANDSTORM:
VSBY 1/2 MILE OR LESS
8 = SMOKE OR HAZE
[NO. OF DAYS WITH] [WEATHER - DAYS WITH] 9 = BLOWING SNOW
X = TORNADO
MAX 32 OR BELOW: 0 0.01 INCH OR MORE: 5
MAX 90 OR ABOVE: 0 0.10 INCH OR MORE: 4
MIN 32 OR BELOW: 0 0.50 INCH OR MORE: 1
MIN 0 OR BELOW: 0 1.00 INCH OR MORE: 1
[HDD (BASE 65) ]
TOTAL THIS MO. 0 CLEAR (SCALE 0-3) 20
DPTR FM NORMAL -20 PTCLDY (SCALE 4-7) 8
TOTAL FM JUL 1 146 CLOUDY (SCALE 8-10) 0
DPTR FM NORMAL -103
[CDD (BASE 65) ]
TOTAL THIS MO. 256
DPTR FM NORMAL 91 [PRESSURE DATA]
TOTAL FM JAN 1 405 HIGHEST SLP M ON M
DPTR FM NORMAL 37 LOWEST SLP 29.69 ON 22
[REMARKS]