000
CXUS54 KTSA 010840
CF6FSM
PRELIMINARY LOCAL CLIMATOLOGICAL DATA (WS FORM: F-6)
STATION: FORT SMITH ARKANSAS
MONTH: JULY
YEAR: 2020
LATITUDE: 35 19 N
LONGITUDE: 94 22 W
TEMPERATURE IN F: :PCPN: SNOW: WIND :SUNSHINE: SKY :PK WND
================================================================================
1 2 3 4 5 6A 6B 7 8 9 10 11 12 13 14 15 16 17 18
12Z AVG MX 2MIN
DY MAX MIN AVG DEP HDD CDD WTR SNW DPTH SPD SPD DIR MIN PSBL S-S WX SPD DR
================================================================================
1 94 75 85 4 0 20 0.00 0.0 0 4.8 14 170 M M 3 18 160
2 99 72 86 5 0 21 T 0.0 0 5.9 35 50 M M 3 38 53 70
3 98 69 84 3 0 19 0.00 0.0 0 4.8 14 360 M M 1 3 16 10
4 88 73 81 0 0 16 0.36 0.0 0 3.9 18 250 M M 5 13 25 260
5 92 73 83 1 0 18 T 0.0 0 6.5 16 60 M M 3 21 60
6 93 73 83 1 0 18 0.00 0.0 0 6.7 17 80 M M 2 24 70
7 92 74 83 1 0 18 0.13 0.0 0 5.0 25 200 M M 2 3 34 190
8 94 73 84 2 0 19 T 0.0 0 3.6 10 50 M M 3 1 15 100
9 88 72 80 -2 0 15 2.00 0.0 0 6.1 33 20 M M 3 13 51 10
10 91 72 82 0 0 17 0.00 0.0 0 3.5 21 300 M M 0 29 310
11 98 74 86 4 0 21 0.05 0.0 0 6.3 35 360 M M 1 123 48 360
12 96 73 85 3 0 20 0.02 0.0 0 7.5 26 230 M M 0 3 36 260
13 86 70 78 -4 0 13 0.02 0.0 0 6.0 14 130 M M 2 3 21 100
14 98 76 87 5 0 22 0.00 0.0 0 7.7 14 160 M M 1 21 140
15 95 78 87 5 0 22 T 0.0 0 5.2 14 220 M M 2 19 210
16 98 78 88 6 0 23 0.00 0.0 0 4.6 12 80 M M 2 16 80
17 97 78 88 6 0 23 0.00 0.0 0 6.1 13 180 M M 0 18 160
18 96 75 86 3 0 21 0.00 0.0 0 5.1 14 210 M M 1 20 170
19 97 74 86 3 0 21 0.00 0.0 0 5.1 14 200 M M 0 18 210
20 98 75 87 4 0 22 0.00 0.0 0 4.3 16 120 M M 0 3 23 120
21 95 76 86 3 0 21 0.00 0.0 0 4.6 13 160 M M 2 18 220
22 93 75 84 1 0 19 T 0.0 0 4.4 20 140 M M 2 29 140
23 93 74 84 1 0 19 0.00 0.0 0 6.8 15 150 M M 4 8 21 130
24 96 76 86 3 0 21 0.00 0.0 0 7.4 17 80 M M 2 29 110
25 95 76 86 3 0 21 0.00 0.0 0 5.8 15 160 M M 3 20 160
26 94 76 85 2 0 20 0.00 0.0 0 5.1 10 270 M M 2 14 200
27 95 74 85 2 0 20 0.00 0.0 0 3.3 10 330 M M 2 15 220
28 95 74 85 2 0 20 0.00 0.0 0 3.6 12 210 M M 3 16 200
29 86 77 82 -1 0 17 0.07 0.0 0 5.0 23 290 M M 7 18 33 290
30 91 71 81 -2 0 16 0.90 0.0 0 8.7 35 260 M M 5 138 46 260
31 83 70 77 -6 0 12 0.00 0.0 0 11.5 23 310 M M 7 1 30 300
================================================================================
SM 2904 2296 0 595 3.55 0.0 174.9 M 73
================================================================================
AV 93.7 74.1 5.6 FASTST M M 2 MAX(MPH)
MISC ----> # 35 50 # 53 70
================================================================================
NOTES:
# LAST OF SEVERAL OCCURRENCES
COLUMN 17 PEAK WIND IN M.P.H.
PRELIMINARY LOCAL CLIMATOLOGICAL DATA (WS FORM: F-6) , PAGE 2
STATION: FORT SMITH ARKANSAS
MONTH: JULY
YEAR: 2020
LATITUDE: 35 19 N
LONGITUDE: 94 22 W
[TEMPERATURE DATA] [PRECIPITATION DATA] SYMBOLS USED IN COLUMN 16
AVERAGE MONTHLY: 83.9 TOTAL FOR MONTH: 3.55 1 = FOG OR MIST
DPTR FM NORMAL: 1.6 DPTR FM NORMAL: 0.25 2 = FOG REDUCING VISIBILITY
HIGHEST: 99 ON 2 GRTST 24HR 2.00 ON 9- 9 TO 1/4 MILE OR LESS
LOWEST: 69 ON 3 3 = THUNDER
SNOW, ICE PELLETS, HAIL 4 = ICE PELLETS
TOTAL MONTH: 0.0 INCH 5 = HAIL
GRTST 24HR 0.0 6 = FREEZING RAIN OR DRIZZLE
GRTST DEPTH: 0 7 = DUSTSTORM OR SANDSTORM:
VSBY 1/2 MILE OR LESS
8 = SMOKE OR HAZE
[NO. OF DAYS WITH] [WEATHER - DAYS WITH] 9 = BLOWING SNOW
X = TORNADO
MAX 32 OR BELOW: 0 0.01 INCH OR MORE: 8
MAX 90 OR ABOVE: 26 0.10 INCH OR MORE: 4
MIN 32 OR BELOW: 0 0.50 INCH OR MORE: 2
MIN 0 OR BELOW: 0 1.00 INCH OR MORE: 1
[HDD (BASE 65) ]
TOTAL THIS MO. 0 CLEAR (SCALE 0-3) 25
DPTR FM NORMAL 0 PTCLDY (SCALE 4-7) 6
TOTAL FM JUL 1 0 CLOUDY (SCALE 8-10) 0
DPTR FM NORMAL 0
[CDD (BASE 65) ]
TOTAL THIS MO. 595
DPTR FM NORMAL 59 [PRESSURE DATA]
TOTAL FM JAN 1 1267 HIGHEST SLP 30.09 ON 26
DPTR FM NORMAL 102 LOWEST SLP 29.78 ON 30
[REMARKS]
#FINAL-07-20#