000
CXUS54 KFWD 010730
CF6FTW
PRELIMINARY LOCAL CLIMATOLOGICAL DATA (WS FORM: F-6)
STATION: FORT WORTH MEACHAM
MONTH: JUNE
YEAR: 2023
LATITUDE: 32 49 N
LONGITUDE: 97 21 W
TEMPERATURE IN F: :PCPN: SNOW: WIND :SUNSHINE: SKY :PK WND
================================================================================
1 2 3 4 5 6A 6B 7 8 9 10 11 12 13 14 15 16 17 18
12Z AVG MX 2MIN
DY MAX MIN AVG DEP HDD CDD WTR SNW DPTH SPD SPD DIR MIN PSBL S-S WX SPD DR
================================================================================
1 89 69 79 1 0 14 0.00 M M 8.6 18 170 M M 2 24 130
2 91 70 81 2 0 16 0.01 M M 9.7 25 300 M M 4 37 300
3 92 67 80 1 0 15 T M M 6.6 25 30 M M 2 33 10
4 90 66 78 -1 0 13 0.00 M M 6.6 16 30 M M 2 23 70
5 88 67 78 -2 0 13 T M M 6.8 21 90 M M 4 29 90
6 89 67 78 -2 0 13 T M M 5.0 22 60 M M 1 13 28 70
7 93 66 80 0 0 15 0.48 M M 4.4 25 120 M M 1 3 34 120
8 93 69 81 1 0 16 T M M 4.2 18 160 M M 1 13 22 150
9 97 68 83 3 0 18 0.00 M M 4.8 13 140 M M 1 17 160
10 96 73 85 4 0 20 0.00 M M 10.0 18 100 M M 0 26 90
11 101 72 87 6 0 22 0.19 M M 8.3 24 250 M M 2 3 36 240
12 87 69 78 -3 0 13 T M M 11.3 29 10 M M 6 13 39 10
13 79 66 73 -8 0 8 0.45 M M 6.9 29 310 M M 8 138 51 300
14 92 74 83 2 0 18 0.00 M M 6.4 15 360 M M 8 128 20 350
15 95 75 85 3 0 20 0.00 M M 9.9 32 20 M M 2 18 41 20
16 95 73 84 2 0 19 0.00 M M 11.8 25 140 M M 4 33 140
17 97 73 85 3 0 20 T M M 9.6 24 200 M M 1 35 200
18 95 75 85 3 0 20 0.00 M M 6.9 23 20 M M 2 30 10
19 101 76 89 7 0 24 0.00 M M 11.0 21 140 M M 2 27 160
20 101 80 91 9 0 26 0.00 M M 10.9 17 160 M M 1 28 170
21 95 81 88 6 0 23 0.03 M M 11.1 28 110 M M 5 38 37 100
22 91 78 85 3 0 20 0.02 M M 10.1 21 140 M M 2 3 28 140
23 91 77 84 1 0 19 0.13 M M 9.8 21 150 M M 3 3 29 140
24 102 76 89 6 0 24 0.00 M M 13.0 23 140 M M 0 31 160
25 102 83 93 10 0 28 0.00 M M 13.2 22 160 M M 0 28 170
26 105 81 93 10 0 28 0.00 M M 12.6 22 140 M M 0 36 140
27 105 79 92 9 0 27 0.00 M M 12.3 21 160 M M 0 27 190
28 105 80 93 10 0 28 0.00 M M 13.6 22 160 M M 0 8 29 150
29 103 79 91 8 0 26 0.00 M M 13.2 21 150 M M 0 28 130
30 99 79 89 6 0 24 0.00 M M 12.9 23 140 M M 0 37 130
================================================================================
SM 2859 2208 0 590 1.31 M 281.5 M 64
================================================================================
AV 95.3 73.6 9.4 FASTST M M 2 MAX(MPH)
MISC ----> 32 20 51 300
================================================================================
NOTES:
# LAST OF SEVERAL OCCURRENCES
COLUMN 17 PEAK WIND IN M.P.H.
PRELIMINARY LOCAL CLIMATOLOGICAL DATA (WS FORM: F-6) , PAGE 2
STATION: FORT WORTH MEACHAM
MONTH: JUNE
YEAR: 2023
LATITUDE: 32 49 N
LONGITUDE: 97 21 W
[TEMPERATURE DATA] [PRECIPITATION DATA] SYMBOLS USED IN COLUMN 16
AVERAGE MONTHLY: 84.5 TOTAL FOR MONTH: 1.31 1 = FOG OR MIST
DPTR FM NORMAL: 3.0 DPTR FM NORMAL: -2.71 2 = FOG REDUCING VISIBILITY
HIGHEST: 105 ON 28,27 GRTST 24HR 0.48 ON 7- 7 TO 1/4 MILE OR LESS
LOWEST: 66 ON 13, 7 3 = THUNDER
SNOW, ICE PELLETS, HAIL 4 = ICE PELLETS
TOTAL MONTH: M 5 = HAIL
GRTST 24HR M ON M 6 = FREEZING RAIN OR DRIZZLE
GRTST DEPTH: M ON M 7 = DUSTSTORM OR SANDSTORM:
VSBY 1/2 MILE OR LESS
8 = SMOKE OR HAZE
[NO. OF DAYS WITH] [WEATHER - DAYS WITH] 9 = BLOWING SNOW
X = TORNADO
MAX 32 OR BELOW: 0 0.01 INCH OR MORE: 7
MAX 90 OR ABOVE: 25 0.10 INCH OR MORE: 4
MIN 32 OR BELOW: 0 0.50 INCH OR MORE: 0
MIN 0 OR BELOW: 0 1.00 INCH OR MORE: 0
[HDD (BASE 65) ]
TOTAL THIS MO. 0 CLEAR (SCALE 0-3) 23
DPTR FM NORMAL 0 PTCLDY (SCALE 4-7) 7
TOTAL FM JUL 1 2021 CLOUDY (SCALE 8-10) 0
DPTR FM NORMAL -320
[CDD (BASE 65) ]
TOTAL THIS MO. 590
DPTR FM NORMAL 99 [PRESSURE DATA]
TOTAL FM JAN 1 1026 HIGHEST SLP M ON M
DPTR FM NORMAL 135 LOWEST SLP 29.59 ON 15
[REMARKS]
#FINAL-06-23#