000
CXUS56 KSGX 011045
CF6FUL
PRELIMINARY LOCAL CLIMATOLOGICAL DATA (WS FORM: F-6)
STATION: FULLERTON AIRPORT CA
MONTH: AUGUST
YEAR: 2023
LATITUDE: 33 52 N
LONGITUDE: 117 58 W
TEMPERATURE IN F: :PCPN: SNOW: WIND :SUNSHINE: SKY :PK WND
================================================================================
1 2 3 4 5 6A 6B 7 8 9 10 11 12 13 14 15 16 17 18
12Z AVG MX 2MIN
DY MAX MIN AVG DEP HDD CDD WTR SNW DPTH SPD SPD DIR MIN PSBL S-S WX SPD DR
================================================================================
1 90 73 82 6 0 17 0.00 M M 3.5 12 210 M M 2 16 170
2 90 69 80 4 0 15 0.00 M M 4.3 12 190 M M 0 8 16 200
3 84 65 75 -1 0 10 0.00 M M 3.7 12 190 M M 1 15 190
4 85 66 76 0 0 11 0.00 M M 4.5 12 190 M M 2 15 190
5 90 67 79 3 0 14 0.00 M M 4.6 13 190 M M 2 1 15 190
6 89 67 78 2 0 13 0.00 M M 4.2 13 190 M M 4 18 16 210
7 86 66 76 0 0 11 0.00 M M 3.4 12 220 M M 3 18 17 160
8 88 64 76 0 0 11 0.00 M M 3.0 13 200 M M 1 8 17 230
9 85 69 77 1 0 12 0.01 M M 4.4 13 210 M M 4 13 17 180
10 80 69 75 -1 0 10 0.01 M M 4.1 12 200 M M 7 14 210
11 82 69 76 0 0 11 0.00 M M 3.9 12 180 M M 6 18 220
12 82 67 75 -1 0 10 0.00 M M 3.5 12 190 M M 2 18 16 190
13 85 66 76 0 0 11 0.00 M M 3.5 12 190 M M 2 16 200
14 89 68 79 3 0 14 0.00 M M 3.5 10 210 M M 3 18 16 200
15 92 68 80 3 0 15 0.00 M M 2.8 10 280 M M 4 18 14 270
16 93 68 81 4 0 16 0.01 M M 3.8 14 150 M M 0 138 18 230
17 90 67 79 2 0 14 0.00 M M 3.0 10 280 M M 0 13 220
18 90 64 77 0 0 12 0.00 M M 2.8 10 280 M M 1 18 14 280
19 81 64 73 -4 0 8 0.00 M M 2.3 14 200 M M 2 18 200
20 77 65 71 -6 0 6 2.01 M M 7.9 24 130 M M 8 1 33 120
21 82 64 73 -4 0 8 0.16 M M 5.6 20 130 M M 5 1 25 130
22 88 64 76 -1 0 11 0.00 M M 3.5 12 280 M M 0 17 270
23 91 65 78 1 0 13 0.00 M M 2.9 10 270 M M 0 15 260
24 84 66 75 -2 0 10 0.00 M M 3.6 10 220 M M 3 1 15 220
25 89 63 76 -1 0 11 0.00 M M 3.3 10 230 M M 0 18 18 220
26 91 62 77 0 0 12 0.00 M M 2.8 12 210 M M 0 16 220
27 97 63 80 3 0 15 0.00 M M 2.1 10 280 M M 0 16 210
28 96 67 82 5 0 17 0.00 M M 2.4 9 210 M M 0 13 220
29 96 67 82 5 0 17 0.00 M M 2.3 9 200 M M 0 13 180
30 92 67 80 3 0 15 0.00 M M 2.5 13 200 M M 0 1 16 220
31 83 68 76 -1 0 11 0.00 M M 3.5 13 190 M M 4 18 17 160
================================================================================
SM 2717 2057 0 381 2.20 M 111.2 M 66
================================================================================
AV 87.6 66.4 3.6 FASTST M M 2 MAX(MPH)
MISC ----> 24 130 33 120
================================================================================
NOTES:
# LAST OF SEVERAL OCCURRENCES
COLUMN 17 PEAK WIND IN M.P.H.
PRELIMINARY LOCAL CLIMATOLOGICAL DATA (WS FORM: F-6) , PAGE 2
STATION: FULLERTON AIRPORT CA
MONTH: AUGUST
YEAR: 2023
LATITUDE: 33 52 N
LONGITUDE: 117 58 W
[TEMPERATURE DATA] [PRECIPITATION DATA] SYMBOLS USED IN COLUMN 16
AVERAGE MONTHLY: 77.0 TOTAL FOR MONTH: 2.20 1 = FOG OR MIST
DPTR FM NORMAL: 0.5 DPTR FM NORMAL: 2.18 2 = FOG REDUCING VISIBILITY
HIGHEST: 97 ON 27 GRTST 24HR 2.01 ON 20-20 TO 1/4 MILE OR LESS
LOWEST: 62 ON 26 3 = THUNDER
SNOW, ICE PELLETS, HAIL 4 = ICE PELLETS
TOTAL MONTH: M 5 = HAIL
GRTST 24HR M ON M 6 = FREEZING RAIN OR DRIZZLE
GRTST DEPTH: M ON M 7 = DUSTSTORM OR SANDSTORM:
VSBY 1/2 MILE OR LESS
8 = SMOKE OR HAZE
[NO. OF DAYS WITH] [WEATHER - DAYS WITH] 9 = BLOWING SNOW
X = TORNADO
MAX 32 OR BELOW: 0 0.01 INCH OR MORE: 5
MAX 90 OR ABOVE: 13 0.10 INCH OR MORE: 2
MIN 32 OR BELOW: 0 0.50 INCH OR MORE: 1
MIN 0 OR BELOW: 0 1.00 INCH OR MORE: 1
[HDD (BASE 65) ]
TOTAL THIS MO. 0 CLEAR (SCALE 0-3) 20
DPTR FM NORMAL 0 PTCLDY (SCALE 4-7) 10
TOTAL FM JUL 1 0 CLOUDY (SCALE 8-10) 1
DPTR FM NORMAL 0
[CDD (BASE 65) ]
TOTAL THIS MO. 381
DPTR FM NORMAL 23 [PRESSURE DATA]
TOTAL FM JAN 1 859 HIGHEST SLP 30.03 ON 21
DPTR FM NORMAL -164 LOWEST SLP 29.42 ON 20
[REMARKS]
#FINAL-08-23#