000
CXUS51 KCAR 010700
CF6FVE
PRELIMINARY LOCAL CLIMATOLOGICAL DATA (WS FORM: F-6)
STATION: FRENCHVILLE ME
MONTH: NOVEMBER
YEAR: 2023
LATITUDE: 47 16 N
LONGITUDE: 68 19 W
TEMPERATURE IN F: :PCPN: SNOW: WIND :SUNSHINE: SKY :PK WND
================================================================================
1 2 3 4 5 6A 6B 7 8 9 10 11 12 13 14 15 16 17 18
12Z AVG MX 2MIN
DY MAX MIN AVG DEP HDD CDD WTR SNW DPTH SPD SPD DIR MIN PSBL S-S WX SPD DR
================================================================================
1 33 22 28 -10 37 0 T M M 7.8 17 320 M M 7 1 25 340
2 36 21 29 -9 36 0 0.00 M M 7.5 18 250 M M 4 29 240
3 46 30 38 1 27 0 0.00 M M 9.9 18 170 M M 9 29 180
4 45 32 39 2 26 0 0.03 M M 7.3 21 330 M M 5 1 28 330
5 39 23 31 -5 34 0 0.00 M M 7.1 18 330 M M 4 27 340
6 33 19 26 -10 39 0 0.00 M M 7.3 16 140 M M 2 22 130
7 44 29 37 1 28 0 0.35 M M 13.2 23 320 M M 10 126 34 130
8 34 25 30 -5 35 0 T M M 20.8 32 340 M M 10 8 47 330
9 31 22 27 -8 38 0 T M M 7.4 22 340 M M 7 1 32 310
10 43 28 36 2 29 0 0.02 M M 6.9 16 250 M M 9 1 23 290
11 34 29 32 -2 33 0 T M M 11.7 21 310 M M 10 1 30 310
12 30 25 28 -5 37 0 0.00 M M 10.0 17 320 M M 10 24 340
13 27 24 26 -7 39 0 0.00 M M 4.5 14 330 M M 10 19 310
14 33 24 29 -3 36 0 0.00 M M 4.5 12 340 M M 6 17 330
15 37 25 31 -1 34 0 T M M 6.6 16 200 M M 8 1 23 190
16 45 30 38 6 27 0 0.00 M M 8.2 22 290 M M 3 29 280
17 49 31 40 9 25 0 0.02 M M 12.0 21 160 M M 6 1 34 170
18 46 26 36 5 29 0 0.03 M M 9.4 21 320 M M 6 1 29 320
19 35 23 29 -1 36 0 T M M 6.6 15 300 M M 8 23 280
20 28 22 25 -5 40 0 T M M 13.0 20 300 M M 7 28 300
21 31 18 25 -4 40 0 0.00 M M 6.9 20 320 M M 3 26 320
22 33 25 29 0 36 0 0.06 M M 12.7 21 150 M M 9 126 31 150
23 35 30 33 4 32 0 T M M 6.8 16 310 M M 10 126 23 300
24 30 10 20 -8 45 0 T M M 12.9 23 320 M M 8 1 30 320
25 26 5 16 -12 49 0 0.00 M M 9.2 16 240 M M 1 23 240
26 35 23 29 2 36 0 0.00 M M 8.8 16 130 M M 6 21 140
27 38 30 34 7 31 0 0.53 M M 11.4 23 130 M M 9 12 36 80
28 31 16 24 -2 41 0 T M M 11.0 23 270 M M 7 30 280
29 22 12 17 -9 48 0 0.01 M M 10.6 23 290 M M 7 1 36 290
30 32 15 24 -2 41 0 T M M 9.4 15 170 M M 9 18 23 160
================================================================================
SM 1061 694 1064 0 1.05 M 281.4 M 210
================================================================================
AV 35.4 23.1 9.4 FASTST M M 7 MAX(MPH)
MISC ----> 32 340 47 330
================================================================================
NOTES:
# LAST OF SEVERAL OCCURRENCES
COLUMN 17 PEAK WIND IN M.P.H.
PRELIMINARY LOCAL CLIMATOLOGICAL DATA (WS FORM: F-6) , PAGE 2
STATION: FRENCHVILLE ME
MONTH: NOVEMBER
YEAR: 2023
LATITUDE: 47 16 N
LONGITUDE: 68 19 W
[TEMPERATURE DATA] [PRECIPITATION DATA] SYMBOLS USED IN COLUMN 16
AVERAGE MONTHLY: 29.3 TOTAL FOR MONTH: 1.05 1 = FOG OR MIST
DPTR FM NORMAL: -2.5 DPTR FM NORMAL: -1.53 2 = FOG REDUCING VISIBILITY
HIGHEST: 49 ON 17 GRTST 24HR 0.53 ON 27-27 TO 1/4 MILE OR LESS
LOWEST: 5 ON 25 3 = THUNDER
SNOW, ICE PELLETS, HAIL 4 = ICE PELLETS
TOTAL MONTH: M 5 = HAIL
GRTST 24HR M ON M 6 = FREEZING RAIN OR DRIZZLE
GRTST DEPTH: M ON M 7 = DUSTSTORM OR SANDSTORM:
VSBY 1/2 MILE OR LESS
8 = SMOKE OR HAZE
[NO. OF DAYS WITH] [WEATHER - DAYS WITH] 9 = BLOWING SNOW
X = TORNADO
MAX 32 OR BELOW: 10 0.01 INCH OR MORE: 8
MAX 90 OR ABOVE: 0 0.10 INCH OR MORE: 2
MIN 32 OR BELOW: 30 0.50 INCH OR MORE: 1
MIN 0 OR BELOW: 0 1.00 INCH OR MORE: 0
[HDD (BASE 65) ]
TOTAL THIS MO. 1064 CLEAR (SCALE 0-3) 3
DPTR FM NORMAL 68 PTCLDY (SCALE 4-7) 15
TOTAL FM JUL 1 1822 CLOUDY (SCALE 8-10) 12
DPTR FM NORMAL -245
[CDD (BASE 65) ]
TOTAL THIS MO. 0
DPTR FM NORMAL 0 [PRESSURE DATA]
TOTAL FM JAN 1 319 HIGHEST SLP 30.56 ON 21
DPTR FM NORMAL 111 LOWEST SLP 29.38 ON 27
[REMARKS]
#FINAL-11-23#