000
CXUS53 KIWX 010810
CF6FWA
PRELIMINARY LOCAL CLIMATOLOGICAL DATA (WS FORM: F-6)
STATION: FORT WAYNE
MONTH: AUGUST
YEAR: 2021
LATITUDE: 41 0 N
LONGITUDE: 85 12 W
TEMPERATURE IN F: :PCPN: SNOW: WIND :SUNSHINE: SKY :PK WND
================================================================================
1 2 3 4 5 6A 6B 7 8 9 10 11 12 13 14 15 16 17 18
12Z AVG MX 2MIN
DY MAX MIN AVG DEP HDD CDD WTR SNW DPTH SPD SPD DIR MIN PSBL S-S WX SPD DR
================================================================================
1 79 59 69 -4 0 4 0.00 0.0 0 9.3 20 330 M M 3 1 28 350
2 77 53 65 -8 0 0 0.00 0.0 0 4.0 13 70 M M 2 17 70
3 80 53 67 -6 0 2 0.00 0.0 0 1.7 10 20 M M 3 1 13 360
4 82 54 68 -5 0 3 0.00 0.0 0 1.5 9 100 M M 3 1 15 130
5 83 56 70 -3 0 5 0.00 0.0 0 1.9 9 160 M M 3 1 13 200
6 84 60 72 -1 0 7 0.00 0.0 0 7.7 20 220 M M 7 1 26 200
7 85 64 75 2 0 10 0.10 0.0 0 5.2 20 260 M M 7 13 27 270
8 88 64 76 4 0 11 0.00 0.0 0 7.9 17 190 M M 7 24 180
9 82 67 75 3 0 10 T 0.0 0 9.7 22 200 M M 8 30 230
10 90 70 80 8 0 15 0.59 0.0 0 12.5 39 280 M M 8 13 57 280
11 88 69 79 7 0 14 1.12 0.0 0 9.0 35 280 M M 8 13 54 270
12 84 71 78 6 0 13 0.04 0.0 0 8.3 22 300 M M 7 13 31 280
13 80 67 74 2 0 9 0.04 0.0 0 6.5 12 290 M M 8 13 16 280
14 79 59 69 -3 0 4 0.00 0.0 0 5.7 13 60 M M 5 17 70
15 77 54 66 -6 0 1 0.00 0.0 0 8.1 18 90 M M 5 26 70
16 76 62 69 -3 0 4 0.01 0.0 0 6.0 10 70 M M 8 1 17 90
17 82 64 73 1 0 8 0.00 0.0 0 5.6 10 90 M M 8 1 14 70
18 87 68 78 6 0 13 0.01 0.0 0 2.5 8 270 M M 8 1238 12 270
19 85 68 77 5 0 12 0.00 0.0 0 2.5 9 140 M M 5 1 13 130
20 86 65 76 5 0 11 0.00 0.0 0 3.0 10 110 M M 5 1 16 140
21 87 65 76 5 0 11 0.00 0.0 0 2.4 10 190 M M 4 1 15 210
22 88 66 77 6 0 12 0.00 0.0 0 4.1 12 250 M M 2 1 15 270
23 86 65 76 5 0 11 0.00 0.0 0 3.7 13 280 M M 4 1 17 280
24 92 68 80 9 0 15 T 0.0 0 6.1 15 350 M M 5 13 23 340
25 90 70 80 9 0 15 0.01 0.0 0 6.0 14 310 M M 7 13 20 310
26 87 70 79 9 0 14 0.26 0.0 0 5.0 22 230 M M 8 13 28 230
27 89 67 78 8 0 13 0.01 0.0 0 4.2 12 70 M M 6 3 16 300
28 89 68 79 9 0 14 0.00 0.0 0 5.8 14 210 M M 4 19 210
29 89 70 80 10 0 15 0.27 0.0 0 8.8 30 270 M M 5 13 53 290
30 83 67 75 5 0 10 T 0.0 0 4.3 15 210 M M 7 23 210
31 81 63 72 2 0 7 0.00 0.0 0 8.3 13 50 M M 6 22 50
================================================================================
SM 2615 1986 0 293 2.46 0.0 177.3 M 176
================================================================================
AV 84.4 64.1 5.7 FASTST M M 6 MAX(MPH)
MISC ----> 39 280 57 280
================================================================================
NOTES:
# LAST OF SEVERAL OCCURRENCES
COLUMN 17 PEAK WIND IN M.P.H.
PRELIMINARY LOCAL CLIMATOLOGICAL DATA (WS FORM: F-6) , PAGE 2
STATION: FORT WAYNE
MONTH: AUGUST
YEAR: 2021
LATITUDE: 41 0 N
LONGITUDE: 85 12 W
[TEMPERATURE DATA] [PRECIPITATION DATA] SYMBOLS USED IN COLUMN 16
AVERAGE MONTHLY: 74.2 TOTAL FOR MONTH: 2.46 1 = FOG OR MIST
DPTR FM NORMAL: 2.6 DPTR FM NORMAL: -1.34 2 = FOG REDUCING VISIBILITY
HIGHEST: 92 ON 24 GRTST 24HR 1.21 ON 10-11 TO 1/4 MILE OR LESS
LOWEST: 53 ON 3, 2 3 = THUNDER
SNOW, ICE PELLETS, HAIL 4 = ICE PELLETS
TOTAL MONTH: 0.0 INCH 5 = HAIL
GRTST 24HR 0.0 6 = FREEZING RAIN OR DRIZZLE
GRTST DEPTH: 0 7 = DUSTSTORM OR SANDSTORM:
VSBY 1/2 MILE OR LESS
8 = SMOKE OR HAZE
[NO. OF DAYS WITH] [WEATHER - DAYS WITH] 9 = BLOWING SNOW
X = TORNADO
MAX 32 OR BELOW: 0 0.01 INCH OR MORE: 11
MAX 90 OR ABOVE: 3 0.10 INCH OR MORE: 5
MIN 32 OR BELOW: 0 0.50 INCH OR MORE: 2
MIN 0 OR BELOW: 0 1.00 INCH OR MORE: 1
[HDD (BASE 65) ]
TOTAL THIS MO. 0 CLEAR (SCALE 0-3) 5
DPTR FM NORMAL -8 PTCLDY (SCALE 4-7) 23
TOTAL FM JUL 1 0 CLOUDY (SCALE 8-10) 3
DPTR FM NORMAL -5
[CDD (BASE 65) ]
TOTAL THIS MO. 293
DPTR FM NORMAL 81 [PRESSURE DATA]
TOTAL FM JAN 1 887 HIGHEST SLP M ON M
DPTR FM NORMAL 136 LOWEST SLP 29.18 ON 29
[REMARKS]
#FINAL-08-21#