000
CXUS54 KTSA 011349
CF6FYV
PRELIMINARY LOCAL CLIMATOLOGICAL DATA (WS FORM: F-6)
STATION: FAYETTEVILLE ARKANSAS
MONTH: APRIL
YEAR: 2023
LATITUDE: 36 0 N
LONGITUDE: 94 10 W
TEMPERATURE IN F: :PCPN: SNOW: WIND :SUNSHINE: SKY :PK WND
================================================================================
1 2 3 4 5 6A 6B 7 8 9 10 11 12 13 14 15 16 17 18
12Z AVG MX 2MIN
DY MAX MIN AVG DEP HDD CDD WTR SNW DPTH SPD SPD DIR MIN PSBL S-S WX SPD DR
================================================================================
1 64 38 51 -2 14 0 0.00 0.0 0 9.9 24 330 M M 1 38 300
2 76 32 54 0 11 0 0.00 0.0 0 9.9 26 170 M M 1 8 36 180
3 85 57 71 17 0 6 0.00 0.0 0 13.3 25 200 M M 0 35 200
4 81 71 76 22 0 11 0.06 0.0 0 16.5 30 170 M M 2 38 41 180
5 75 42 59 5 6 0 0.07 0.0 0 10.7 28 190 M M 4 138 39 190
6 57 37 47 -8 18 0 0.00 0.0 0 5.1 16 60 M M 0 25 40
7 67 36 52 -3 13 0 0.00 0.0 0 5.8 18 110 M M 0 27 110
8 73 34 54 -1 11 0 0.00 0.0 0 2.0 10 40 M M 0 17 60
9 75 38 57 2 8 0 0.00 0.0 0 3.7 14 190 M M 0 17 190
10 73 44 59 3 6 0 0.00 0.0 0 2.2 13 190 M M 2 16 240
11 77 45 61 5 4 0 0.00 0.0 0 2.3 13 190 M M 4 18 170
12 77 43 60 4 5 0 0.00 0.0 0 4.8 16 220 M M 0 22 230
13 79 44 62 6 3 0 0.00 0.0 0 1.2 12 180 M M 2 13 180
14 81 47 64 7 1 0 T 0.0 0 6.5 18 170 M M 0 25 190
15 84 47 66 9 0 1 T 0.0 0 13.9 24 310 M M 5 38 38 280
16 64 40 52 -5 13 0 0.00 0.0 0 12.6 26 320 M M 0 39 310
17 77 32 55 -3 10 0 0.00 0.0 0 6.2 17 190 M M 0 26 180
18 82 47 65 7 0 0 0.00 0.0 0 11.7 26 170 M M 0 37 180
19 77 61 69 11 0 4 T 0.0 0 15.9 29 180 M M 5 41 180
20 74 56 65 7 0 0 0.18 0.0 0 11.5 29 170 M M 5 3 38 170
21 69 42 56 -3 9 0 0.00 0.0 0 3.4 17 340 M M 1 1 23 330
22 60 35 48 -11 17 0 T 0.0 0 6.3 20 330 M M 4 29 330
23 61 34 48 -11 17 0 0.00 0.0 0 2.6 15 330 M M 1 21 330
24 68 31 50 -9 15 0 T 0.0 0 4.8 16 180 M M 2 21 180
25 63 47 55 -5 10 0 0.25 0.0 0 5.6 16 190 M M 9 1 20 200
26 61 51 56 -4 9 0 0.06 0.0 0 3.5 15 90 M M 10 1 23 90
27 60 51 56 -4 9 0 0.78 0.0 0 2.8 14 70 M M 10 13 18 70
28 64 50 57 -3 8 0 0.28 0.0 0 2.5 9 350 M M 9 12 14 350
29 67 46 57 -4 8 0 0.12 0.0 0 6.4 18 320 M M 6 18 24 320
30 65 39 52 -9 13 0 0.00 0.0 0 9.0 25 330 M M 0 35 300
================================================================================
SM 2136 1317 238 22 1.80 0.0 212.6 M 83
================================================================================
AV 71.2 43.9 7.1 FASTST M M 3 MAX(MPH)
MISC ----> 30 170 # 41 180
================================================================================
NOTES:
# LAST OF SEVERAL OCCURRENCES
COLUMN 17 PEAK WIND IN M.P.H.
PRELIMINARY LOCAL CLIMATOLOGICAL DATA (WS FORM: F-6) , PAGE 2
STATION: FAYETTEVILLE ARKANSAS
MONTH: APRIL
YEAR: 2023
LATITUDE: 36 0 N
LONGITUDE: 94 10 W
[TEMPERATURE DATA] [PRECIPITATION DATA] SYMBOLS USED IN COLUMN 16
AVERAGE MONTHLY: 57.6 TOTAL FOR MONTH: 1.80 1 = FOG OR MIST
DPTR FM NORMAL: 0.5 DPTR FM NORMAL: -3.21 2 = FOG REDUCING VISIBILITY
HIGHEST: 85 ON 3 GRTST 24HR 0.84 ON 26-27 TO 1/4 MILE OR LESS
LOWEST: 31 ON 24 3 = THUNDER
SNOW, ICE PELLETS, HAIL 4 = ICE PELLETS
TOTAL MONTH: 0.0 INCH 5 = HAIL
GRTST 24HR 0.0 6 = FREEZING RAIN OR DRIZZLE
GRTST DEPTH: 0 7 = DUSTSTORM OR SANDSTORM:
VSBY 1/2 MILE OR LESS
8 = SMOKE OR HAZE
[NO. OF DAYS WITH] [WEATHER - DAYS WITH] 9 = BLOWING SNOW
X = TORNADO
MAX 32 OR BELOW: 0 0.01 INCH OR MORE: 8
MAX 90 OR ABOVE: 0 0.10 INCH OR MORE: 5
MIN 32 OR BELOW: 3 0.50 INCH OR MORE: 1
MIN 0 OR BELOW: 0 1.00 INCH OR MORE: 0
[HDD (BASE 65) ]
TOTAL THIS MO. 238 CLEAR (SCALE 0-3) 19
DPTR FM NORMAL -22 PTCLDY (SCALE 4-7) 7
TOTAL FM JUL 1 3386 CLOUDY (SCALE 8-10) 4
DPTR FM NORMAL -602
[CDD (BASE 65) ]
TOTAL THIS MO. 22
DPTR FM NORMAL -1 [PRESSURE DATA]
TOTAL FM JAN 1 32 HIGHEST SLP 30.42 ON 6
DPTR FM NORMAL 3 LOWEST SLP 29.49 ON 4
[REMARKS]
#FINAL-04-23#