000
CXUS53 KDDC 031510
CF6GCK
PRELIMINARY LOCAL CLIMATOLOGICAL DATA (WS FORM: F-6)
STATION: GARDEN CITY REGIONAL ARPT KS
MONTH: DECEMBER
YEAR: 2022
LATITUDE: 37 55 N
LONGITUDE: 100 43 W
TEMPERATURE IN F: :PCPN: SNOW: WIND :SUNSHINE: SKY :PK WND
================================================================================
1 2 3 4 5 6A 6B 7 8 9 10 11 12 13 14 15 16 17 18
12Z AVG MX 2MIN
DY MAX MIN AVG DEP HDD CDD WTR SNW DPTH SPD SPD DIR MIN PSBL S-S WX SPD DR
================================================================================
1 60 29 45 9 20 0 0.00 M M 21.0 30 190 M M 0 39 210
2 72 21 47 11 18 0 0.00 M M 17.7 41 350 M M 3 78 57 330
3 38 12 25 -10 40 0 0.00 M M 11.7 22 190 M M 0 28 210
4 50 27 39 4 26 0 0.00 M M 5.6 16 190 M M 0 23 180
5 59 27 43 9 22 0 0.00 M M 11.3 21 30 M M 0 26 30
6 43 16 30 -4 35 0 0.00 M M 5.9 14 40 M M 2 16 40
7 52 20 36 2 29 0 0.00 M M 7.1 18 120 M M 1 1 23 110
8 51 26 39 5 26 0 0.00 M M 10.0 29 330 M M 4 12 37 280
9 49 16 33 0 32 0 0.00 M M 9.5 16 160 M M 0 23 160
10 53 16 35 2 30 0 0.00 M M 7.1 17 20 M M 0 23 10
11 57 18 38 5 27 0 0.00 M M 13.8 26 150 M M 1 1 36 150
12 59 39 49 16 16 0 0.02 M M 18.9 32 180 M M 9 13 42 170
13 47 22 35 3 30 0 0.00 M M 21.5 35 280 M M 2 3 46 270
14 37 20 29 -3 36 0 0.00 M M 20.3 32 330 M M 0 44 330
15 39 17 28 -4 37 0 0.00 M M 19.5 38 340 M M 2 53 320
16 37 9 23 -9 42 0 0.00 M M 18.0 43 330 M M 2 78 57 310
17 43 9 26 -6 39 0 0.00 M M 9.4 20 340 M M 0 25 340
18 49 11 30 -2 35 0 0.00 M M 11.7 26 180 M M 0 33 180
19 39 14 27 -4 38 0 0.00 M M 13.7 24 330 M M 0 31 170
20 27 -1 13 -18 52 0 0.00 M M 8.9 20 30 M M 0 24 20
21 42 -3 20 -11 45 0 T M M 15.9 44 10 M M 8 128 54 360
22 0 -9 -4 -35 69 0 T M M 23.6 40 360 M M 5 18 52 360
23 17 -6 6 -25 59 0 0.00 M M 12.1 23 330 M M 0 29 330
24 37 0 19 -12 46 0 0.00 M M 7.3 15 220 M M 1 19 40
25 54 7 31 0 34 0 0.00 M M 8.9 28 10 M M 2 38 10
26 40 22 31 0 34 0 0.00 M M 11.7 24 10 M M 3 30 10
27 62 23 43 12 22 0 0.00 M M 13.2 23 190 M M 0 27 190
28 58 35 47 16 18 0 0.00 M M 8.8 16 360 M M 2 21 10
29 43 22 33 3 32 0 T M M 13.2 30 300 M M 6 1 39 320
30 46 13 30 0 35 0 0.00 M M 9.9 17 180 M M 2 12 24 220
31 60 17 39 9 26 0 0.00 M M 7.4 16 230 M M 0 20 230
================================================================================
SM 1420 489 1050 0 0.02 M 394.6 M 55
================================================================================
AV 45.8 15.8 12.7 FASTST M M 2 MAX(MPH)
MISC ----> 44 10 # 57 330
================================================================================
NOTES:
# LAST OF SEVERAL OCCURRENCES
COLUMN 17 PEAK WIND IN M.P.H.
PRELIMINARY LOCAL CLIMATOLOGICAL DATA (WS FORM: F-6) , PAGE 2
STATION: GARDEN CITY REGIONAL ARPT KS
MONTH: DECEMBER
YEAR: 2022
LATITUDE: 37 55 N
LONGITUDE: 100 43 W
[TEMPERATURE DATA] [PRECIPITATION DATA] SYMBOLS USED IN COLUMN 16
AVERAGE MONTHLY: 30.8 TOTAL FOR MONTH: 0.02 1 = FOG OR MIST
DPTR FM NORMAL: -1.5 DPTR FM NORMAL: -0.54 2 = FOG REDUCING VISIBILITY
HIGHEST: 72 ON 2 GRTST 24HR 0.02 ON 12-12 TO 1/4 MILE OR LESS
LOWEST: -9 ON 22 3 = THUNDER
4 = ICE PELLETS
5 = HAIL
6 = FREEZING RAIN OR DRIZZLE
7 = DUSTSTORM OR SANDSTORM:
VSBY 1/2 MILE OR LESS
8 = SMOKE OR HAZE
[NO. OF DAYS WITH] [WEATHER - DAYS WITH] 9 = BLOWING SNOW
X = TORNADO
MAX 32 OR BELOW: 3 0.01 INCH OR MORE: 1
MAX 90 OR ABOVE: 0 0.10 INCH OR MORE: 0
MIN 32 OR BELOW: 29 0.50 INCH OR MORE: 0
MIN 0 OR BELOW: 5 1.00 INCH OR MORE: 0
[HDD (BASE 65) ]
TOTAL THIS MO. 1050 CLEAR (SCALE 0-3) 26
DPTR FM NORMAL 37 PTCLDY (SCALE 4-7) 4
TOTAL FM JUL 1 2129 CLOUDY (SCALE 8-10) 1
DPTR FM NORMAL 33
[CDD (BASE 65) ]
TOTAL THIS MO. 0
DPTR FM NORMAL 0 [PRESSURE DATA]
TOTAL FM JAN 1 1689 HIGHEST SLP 30.80 ON 23
DPTR FM NORMAL 364 LOWEST SLP 29.30 ON 28
[REMARKS]
#FINAL-12-22#