000
CXUS53 KDDC 011516
CF6GCK
PRELIMINARY LOCAL CLIMATOLOGICAL DATA (WS FORM: F-6)
STATION: GARDEN CITY REGIONAL ARPT KS
MONTH: JANUARY
YEAR: 2024
LATITUDE: 37 55 N
LONGITUDE: 100 43 W
TEMPERATURE IN F: :PCPN: SNOW: WIND :SUNSHINE: SKY :PK WND
================================================================================
1 2 3 4 5 6A 6B 7 8 9 10 11 12 13 14 15 16 17 18
12Z AVG MX 2MIN
DY MAX MIN AVG DEP HDD CDD WTR SNW DPTH SPD SPD DIR MIN PSBL S-S WX SPD DR
================================================================================
1 42 17 30 0 35 0 0.00 M M 8.0 17 190 M M 5 12 24 150
2 47 20 34 4 31 0 0.00 M M 10.2 23 30 M M 0 29 20
3 52 16 34 4 31 0 0.00 M M 7.9 14 230 M M 0 21 210
4 36 24 30 -1 35 0 0.01 M M 12.3 21 150 M M 6 1 27 150
5 31 21 26 -5 39 0 T M M 9.5 16 70 M M 10 12 22 80
6 33 19 26 -5 39 0 0.00 M M 11.7 21 330 M M 2 1 26 330
7 37 13 25 -6 40 0 0.00 M M 11.5 20 180 M M 1 28 170
8 35 20 28 -3 37 0 0.75 M M 28.3 53 360 M M 9 1269 67 360
9 30 14 22 -9 43 0 0.00 M M 17.4 40 330 M M 0 1 51 340
10 41 14 28 -3 37 0 0.00 M M 8.9 21 320 M M 1 25 320
11 39 8 24 -7 41 0 T M M 19.0 43 10 M M 4 189 52 10
12 19 5 12 -19 53 0 0.00 M M 11.9 24 350 M M 1 1 32 340
13 8 -7 1 -30 64 0 T M M 18.8 31 360 M M 5 18 37 360
14 3 -8 -2 -33 67 0 0.00 M M 4.6 12 30 M M 7 15 20
15 3 -7 -2 -33 67 0 T M M 13.5 29 350 M M 8 18 34 350
16 27 -14 7 -24 58 0 0.00 M M 9.3 17 240 M M 0 23 240
17 34 9 22 -9 43 0 0.00 M M 10.4 22 20 M M 0 27 20
18 41 9 25 -6 40 0 0.00 M M 15.1 41 350 M M 1 54 350
19 20 6 13 -18 52 0 0.00 M M 6.6 15 330 M M 0 19 330
20 25 7 16 -15 49 0 0.00 M M 12.3 25 150 M M 0 34 180
21 38 17 28 -4 37 0 0.00 M M 20.7 31 190 M M 1 41 190
22 43 20 32 0 33 0 0.00 M M 5.9 13 180 M M 0 1 16 170
23 31 30 31 -1 34 0 0.00 M M 4.0 12 100 M M 10 12 14 110
24 34 29 32 0 33 0 0.00 M M 5.5 12 190 M M 10 12 15 180
25 47 27 37 5 28 0 0.00 M M 4.5 14 260 M M 6 12 18 250
26 44 28 36 4 29 0 0.00 M M 7.6 17 360 M M 8 12 21 10
27 48 27 38 6 27 0 0.00 M M 8.6 15 360 M M 0 19 350
28 58 22 40 8 25 0 0.00 M M 7.9 14 290 M M 0 19 280
29 62 28 45 13 20 0 0.00 M M 8.5 15 330 M M 0 17 320
30 65 30 48 16 17 0 0.00 M M 6.2 13 290 M M 0 16 300
31 66 27 47 15 18 0 0.00 M M 9.5 23 190 M M 0 28 200
================================================================================
SM 1139 471 1202 0 0.76 M 336.1 M 95
================================================================================
AV 36.7 15.2 10.8 FASTST M M 3 MAX(MPH)
MISC ----> 53 360 67 360
================================================================================
NOTES:
# LAST OF SEVERAL OCCURRENCES
COLUMN 17 PEAK WIND IN M.P.H.
PRELIMINARY LOCAL CLIMATOLOGICAL DATA (WS FORM: F-6) , PAGE 2
STATION: GARDEN CITY REGIONAL ARPT KS
MONTH: JANUARY
YEAR: 2024
LATITUDE: 37 55 N
LONGITUDE: 100 43 W
[TEMPERATURE DATA] [PRECIPITATION DATA] SYMBOLS USED IN COLUMN 16
AVERAGE MONTHLY: 26.0 TOTAL FOR MONTH: 0.76 1 = FOG OR MIST
DPTR FM NORMAL: -5.2 DPTR FM NORMAL: 0.46 2 = FOG REDUCING VISIBILITY
HIGHEST: 66 ON 31 GRTST 24HR 0.75 ON 8- 8 TO 1/4 MILE OR LESS
LOWEST: -14 ON 16 3 = THUNDER
4 = ICE PELLETS
5 = HAIL
6 = FREEZING RAIN OR DRIZZLE
7 = DUSTSTORM OR SANDSTORM:
VSBY 1/2 MILE OR LESS
8 = SMOKE OR HAZE
[NO. OF DAYS WITH] [WEATHER - DAYS WITH] 9 = BLOWING SNOW
X = TORNADO
MAX 32 OR BELOW: 10 0.01 INCH OR MORE: 2
MAX 90 OR ABOVE: 0 0.10 INCH OR MORE: 1
MIN 32 OR BELOW: 31 0.50 INCH OR MORE: 1
MIN 0 OR BELOW: 4 1.00 INCH OR MORE: 0
[HDD (BASE 65) ]
TOTAL THIS MO. 1202 CLEAR (SCALE 0-3) 19
DPTR FM NORMAL 154 PTCLDY (SCALE 4-7) 7
TOTAL FM JUL 1 3026 CLOUDY (SCALE 8-10) 5
DPTR FM NORMAL -120
[CDD (BASE 65) ]
TOTAL THIS MO. 0
DPTR FM NORMAL 0 [PRESSURE DATA]
TOTAL FM JAN 1 0 HIGHEST SLP 30.69 ON 19
DPTR FM NORMAL 0 LOWEST SLP 29.44 ON 11
[REMARKS]
#FINAL-01-24#