000
CXUS54 KMAF 011110
CF6GDP
PRELIMINARY LOCAL CLIMATOLOGICAL DATA (WS FORM: F-6)
STATION: GUADALUPE PASS
MONTH: MAY
YEAR: 2022
LATITUDE: 31 49 N
LONGITUDE: 104 48 W
TEMPERATURE IN F: :PCPN: SNOW: WIND :SUNSHINE: SKY :PK WND
================================================================================
1 2 3 4 5 6A 6B 7 8 9 10 11 12 13 14 15 16 17 18
12Z AVG MX 2MIN
DY MAX MIN AVG DEP HDD CDD WTR SNW DPTH SPD SPD DIR MIN PSBL S-S WX SPD DR
================================================================================
1 85 55 70 6 0 5 0.00 M M 21.6 41 230 M M 0 49 250
2 82 55 69 4 0 4 0.00 M M 25.8 46 250 M M 0 55 240
3 80 51 66 1 0 1 0.00 M M 13.8 26 70 M M 0 30 70
4 82 59 71 6 0 6 0.00 M M 26.2 45 230 M M 0 52 250
5 80 51 66 0 0 1 0.00 M M 18.5 37 250 M M 0 48 250
6 89 62 76 10 0 11 0.00 M M 18.0 36 250 M M 0 43 260
7 89 64 77 11 0 12 0.00 M M 31.9 54 240 M M 0 8 66 250
8 87 64 76 9 0 11 0.00 M M 37.9 51 240 M M 0 59 240
9 85 64 75 8 0 10 0.00 M M 35.8 61 250 M M 0 8 72 240
10 91 63 77 10 0 12 0.00 M M 15.9 29 60 M M 0 39 240
11 94 63 79 11 0 14 0.00 M M 18.8 40 240 M M 0 8 52 240
12 89 67 78 10 0 13 0.00 M M 24.6 43 240 M M 0 50 230
13 90 65 78 10 0 13 0.00 M M 8.8 21 240 M M 0 27 240
14 93 67 80 11 0 15 0.00 M M 6.7 20 240 M M 0 25 240
15 96 67 82 13 0 17 0.00 M M 10.8 24 70 M M 0 30 230
16 95 68 82 12 0 17 0.00 M M 22.3 43 230 M M 0 51 250
17 M M M M M M 0.00 M M 99.0 44 250 M M 0 50 230
18 92 62 77 7 0 12 0.00 M M 15.0 25 240 M M 0 34 290
19 92 63 78 7 0 13 0.00 M M 27.5 49 240 M M M 8 55 240
20 85 62 74 3 0 9 0.00 M M 36.8 54 250 M M 0 8 62 240
21 71 58 65 -7 0 0 0.00 M M 24.0 40 50 M M 0 8 45 50
22 62 45 54 -18 11 0 0.00 M M 33.2 53 50 M M 0 8 57 50
23 86 56 71 -2 0 6 0.00 M M 17.5 37 210 M M 1 44 210
24 84 49 67 -6 0 2 0.00 M M 23.8 49 250 M M 0 8 61 240
25 81 41 61 -12 4 0 0.00 M M 22.2 36 70 M M 0 38 70
26 92 57 75 1 0 10 0.00 M M 14.8 29 50 M M 0 32 50
27 97 70 84 10 0 19 0.00 M M 13.8 30 230 M M 0 41 230
28 97 72 85 10 0 20 0.00 M M 24.1 47 230 M M 0 8 53 240
29 90 65 78 3 0 13 0.00 M M 33.0 48 250 M M 0 8 61 260
30 86 67 77 2 0 12 0.00 M M 33.4 56 260 M M 0 66 260
31 92 66 79 3 0 14 M M M 6.8 31 250 M M 0 38 260
================================================================================
SM 2614 1818 15 292 0.00 M 762.3 M 1
================================================================================
AV 87.1 60.6 24.6 FASTST M M 0 MAX(MPH)
MISC ----> 61 250 72 240
================================================================================
NOTES:
# LAST OF SEVERAL OCCURRENCES
COLUMN 17 PEAK WIND IN M.P.H.
PRELIMINARY LOCAL CLIMATOLOGICAL DATA (WS FORM: F-6) , PAGE 2
STATION: GUADALUPE PASS
MONTH: MAY
YEAR: 2022
LATITUDE: 31 49 N
LONGITUDE: 104 48 W
[TEMPERATURE DATA] [PRECIPITATION DATA] SYMBOLS USED IN COLUMN 16
AVERAGE MONTHLY: 73.9 TOTAL FOR MONTH: 0.00 1 = FOG OR MIST
DPTR FM NORMAL: 4.0 DPTR FM NORMAL: -0.52 2 = FOG REDUCING VISIBILITY
HIGHEST: 97 ON 28,27 GRTST 24HR 0.00 ON 1- 1 TO 1/4 MILE OR LESS
LOWEST: 41 ON 25 3 = THUNDER
SNOW, ICE PELLETS, HAIL 4 = ICE PELLETS
TOTAL MONTH: M 5 = HAIL
GRTST 24HR M ON M 6 = FREEZING RAIN OR DRIZZLE
GRTST DEPTH: M ON M 7 = DUSTSTORM OR SANDSTORM:
VSBY 1/2 MILE OR LESS
8 = SMOKE OR HAZE
[NO. OF DAYS WITH] [WEATHER - DAYS WITH] 9 = BLOWING SNOW
X = TORNADO
MAX 32 OR BELOW: 0 0.01 INCH OR MORE: 0
MAX 90 OR ABOVE: 13 0.10 INCH OR MORE: 0
MIN 32 OR BELOW: 0 0.50 INCH OR MORE: 0
MIN 0 OR BELOW: 0 1.00 INCH OR MORE: 0
[HDD (BASE 65) ]
TOTAL THIS MO. 15 CLEAR (SCALE 0-3) 30
DPTR FM NORMAL -31 PTCLDY (SCALE 4-7) 0
TOTAL FM JUL 1 2327 CLOUDY (SCALE 8-10) 1
DPTR FM NORMAL -681
[CDD (BASE 65) ]
TOTAL THIS MO. 292
DPTR FM NORMAL 95 [PRESSURE DATA]
TOTAL FM JAN 1 378 HIGHEST SLP 30.19 ON 22
DPTR FM NORMAL 121 LOWEST SLP 29.38 ON 29
[REMARKS]
#FINAL-05-22#