000
CXUS51 KPHI 010815
CF6GED
PRELIMINARY LOCAL CLIMATOLOGICAL DATA (WS FORM: F-6)
STATION: GEORGETOWN DE
MONTH: MAY
YEAR: 2021
LATITUDE: 38 41 N
LONGITUDE: 75 22 W
TEMPERATURE IN F: :PCPN: SNOW: WIND :SUNSHINE: SKY :PK WND
================================================================================
1 2 3 4 5 6A 6B 7 8 9 10 11 12 13 14 15 16 17 18
12Z AVG MX 2MIN
DY MAX MIN AVG DEP HDD CDD WTR SNW DPTH SPD SPD DIR MIN PSBL S-S WX SPD DR
================================================================================
1 69 47 58 -2 7 0 0.00 M M 8.7 18 310 M M 0 29 320
2 85 54 70 9 0 5 0.00 M M 11.2 22 230 M M 2 29 230
3 82 67 75 14 0 10 0.04 M M 9.7 18 200 M M 4 22 210
4 87 68 78 17 0 13 0.50 M M 8.5 22 260 M M 3 13 34 260
5 82 60 71 9 0 6 0.02 M M 8.0 16 280 M M 4 1 25 290
6 68 49 59 -3 6 0 0.00 M M 5.8 14 360 M M 2 19 10
7 69 45 57 -5 8 0 T M M 4.9 16 280 M M 3 24 270
8 61 46 54 -8 11 0 0.02 M M 5.9 22 290 M M 4 37 290
9 72 44 58 -5 7 0 T M M 7.6 23 210 M M 5 29 190
10 73 47 60 -3 5 0 0.00 M M 6.7 23 230 M M 4 31 240
11 71 44 58 -5 7 0 0.00 M M 3.8 15 280 M M 4 22 240
12 68 51 60 -3 5 0 0.00 M M 3.3 13 30 M M 2 23 350
13 72 46 59 -5 6 0 0.00 M M 4.6 16 50 M M 2 20 50
14 76 43 60 -4 5 0 0.00 M M 2.8 15 210 M M 1 17 170
15 78 47 63 -1 2 0 0.00 M M 4.1 13 80 M M 0 17 70
16 76 43 60 -4 5 0 T M M 3.1 16 220 M M 3 3 22 170
17 77 47 62 -3 3 0 0.00 M M 3.0 12 120 M M 2 15 150
18 81 48 65 0 0 0 0.00 M M 3.3 14 180 M M 0 17 170
19 89 54 72 7 0 7 0.00 M M 4.4 12 300 M M 0 16 300
20 80 53 67 1 0 2 0.00 M M 6.1 17 110 M M 0 23 120
21 81 49 65 -1 0 0 0.00 M M 4.5 10 120 M M 0 14 140
22 93 57 75 9 0 10 0.00 M M 6.0 13 280 M M 0 18 290
23 93 73 83 17 0 18 0.00 M M 6.5 16 280 M M 1 24 270
24 80 59 70 3 0 5 T M M 10.6 26 70 M M 9 35 70
25 77 58 68 1 0 3 T M M 6.9 14 190 M M 9 17 210
26 93 67 80 13 0 15 0.10 M M 10.0 21 210 M M 4 13 28 330
27 87 66 77 9 0 12 0.00 M M 4.4 13 290 M M 2 19 230
28 75 66 71 3 0 6 0.07 M M 9.2 20 90 M M 6 1 26 70
29 66 53 60 -8 5 0 0.76 M M 16.2 24 50 M M 10 18 31 60
30 56 50 53 -15 12 0 0.84 M M 8.6 22 50 M M 10 18 29 40
31 75 49 62 -7 3 0 0.00 M M 4.6 12 320 M M 2 21 300
================================================================================
SM 2392 1650 97 112 2.35 M 203.0 M 98
================================================================================
AV 77.2 53.2 6.5 FASTST M M 3 MAX(MPH)
MISC ----> 26 70 37 290
================================================================================
NOTES:
# LAST OF SEVERAL OCCURRENCES
COLUMN 17 PEAK WIND IN M.P.H.
PRELIMINARY LOCAL CLIMATOLOGICAL DATA (WS FORM: F-6) , PAGE 2
STATION: GEORGETOWN DE
MONTH: MAY
YEAR: 2021
LATITUDE: 38 41 N
LONGITUDE: 75 22 W
[TEMPERATURE DATA] [PRECIPITATION DATA] SYMBOLS USED IN COLUMN 16
AVERAGE MONTHLY: 65.2 TOTAL FOR MONTH: 2.35 1 = FOG OR MIST
DPTR FM NORMAL: 0.7 DPTR FM NORMAL: -1.28 2 = FOG REDUCING VISIBILITY
HIGHEST: 93 ON 26,23 GRTST 24HR 1.41 ON 29-30 TO 1/4 MILE OR LESS
LOWEST: 43 ON 16,14 3 = THUNDER
SNOW, ICE PELLETS, HAIL 4 = ICE PELLETS
TOTAL MONTH: M 5 = HAIL
GRTST 24HR M ON M 6 = FREEZING RAIN OR DRIZZLE
GRTST DEPTH: M ON M 7 = DUSTSTORM OR SANDSTORM:
VSBY 1/2 MILE OR LESS
8 = SMOKE OR HAZE
[NO. OF DAYS WITH] [WEATHER - DAYS WITH] 9 = BLOWING SNOW
X = TORNADO
MAX 32 OR BELOW: 0 0.01 INCH OR MORE: 8
MAX 90 OR ABOVE: 3 0.10 INCH OR MORE: 4
MIN 32 OR BELOW: 0 0.50 INCH OR MORE: 3
MIN 0 OR BELOW: 0 1.00 INCH OR MORE: 0
[HDD (BASE 65) ]
TOTAL THIS MO. 97 CLEAR (SCALE 0-3) 19
DPTR FM NORMAL -9 PTCLDY (SCALE 4-7) 8
TOTAL FM JUL 1 3614 CLOUDY (SCALE 8-10) 4
DPTR FM NORMAL -446
[CDD (BASE 65) ]
TOTAL THIS MO. 112
DPTR FM NORMAL 21 [PRESSURE DATA]
TOTAL FM JAN 1 157 HIGHEST SLP 30.54 ON 21
DPTR FM NORMAL 38 LOWEST SLP 29.64 ON 5
[REMARKS]
#FINAL-05-21#