000
CXUS51 KPHI 010815
CF6GED
PRELIMINARY LOCAL CLIMATOLOGICAL DATA (WS FORM: F-6)
STATION: GEORGETOWN DE
MONTH: APRIL
YEAR: 2020
LATITUDE: 38 41 N
LONGITUDE: 75 22 W
TEMPERATURE IN F: :PCPN: SNOW: WIND :SUNSHINE: SKY :PK WND
================================================================================
1 2 3 4 5 6A 6B 7 8 9 10 11 12 13 14 15 16 17 18
12Z AVG MX 2MIN
DY MAX MIN AVG DEP HDD CDD WTR SNW DPTH SPD SPD DIR MIN PSBL S-S WX SPD DR
================================================================================
1 55 40 48 -2 17 0 T M M 10.5 25 70 M M 7 31 50
2 62 41 52 2 13 0 0.00 M M 10.1 23 300 M M 0 34 280
3 60 49 55 5 10 0 0.01 M M 11.7 21 360 M M 5 34 310
4 52 38 45 -6 20 0 T M M 6.3 15 80 M M 8 18 20 70
5 66 38 52 1 13 0 0.00 M M 5.6 14 240 M M 5 23 260
6 68 44 56 5 9 0 T M M 6.0 15 50 M M 2 22 40
7 71 44 58 6 7 0 0.04 M M 5.7 15 210 M M 5 1 18 220
8 78 52 65 13 0 0 0.05 M M 8.1 20 50 M M 2 13 23 310
9 77 50 64 12 1 0 0.10 M M 12.1 26 290 M M 3 18 43 330
10 52 44 48 -4 17 0 T M M 13.9 30 290 M M 4 42 310
11 61 34 48 -5 17 0 0.00 M M 6.3 18 290 M M 0 27 320
12 75 38 57 4 8 0 0.13 M M 11.1 26 190 M M 4 1 33 190
13 78 59 69 16 0 4 1.10 M M 15.5 46 190 M M 9 138 66 170
14 61 47 54 0 11 0 0.01 M M 5.7 15 120 M M 4 20 320
15 53 36 45 -9 20 0 0.20 M M 7.2 16 360 M M 5 1 26 330
16 54 34 44 -10 21 0 0.00 M M 7.4 20 310 M M 1 31 300
17 61 32 47 -7 18 0 T M M 7.3 21 190 M M 3 27 190
18 62 34 48 -7 17 0 0.10 M M 6.4 21 220 M M 6 1 30 340
19 63 31 47 -8 18 0 0.00 M M 7.4 21 220 M M 1 28 230
20 57 46 52 -3 13 0 0.04 M M 6.2 15 50 M M 6 24 50
21 68 43 56 0 9 0 0.16 M M 9.3 M M M M M 3 45 250
22 58 32 45 -11 20 0 0.00 M M 7.6 23 270 M M 0 35 280
23 62 39 51 -5 14 0 0.34 M M 4.9 15 150 M M 6 1 19 140
24 61 50 56 0 9 0 0.60 M M 6.2 13 60 M M 10 1 18 50
25 63 45 54 -3 11 0 0.16 M M 6.7 16 110 M M 6 12 21 100
26 66 50 58 1 7 0 0.12 M M 6.2 15 100 M M 10 1 19 110
27 57 45 51 -6 14 0 0.05 M M 7.0 15 330 M M 8 1 24 290
28 64 41 53 -5 12 0 0.00 M M 4.7 15 220 M M 4 20 230
29 73 52 63 5 2 0 0.00 M M 9.8 18 160 M M 2 26 160
30 73 58 66 8 0 1 0.48 M M 16.3 38 160 M M 7 1 50 170
================================================================================
SM 1911 1286 348 5 3.69 M 249.2 M 133
================================================================================
AV 63.7 42.9 8.3 FASTST M M 5 MAX(MPH)
MISC ----> 46 190 66 170
================================================================================
NOTES:
# LAST OF SEVERAL OCCURRENCES
COLUMN 17 PEAK WIND IN M.P.H.
PRELIMINARY LOCAL CLIMATOLOGICAL DATA (WS FORM: F-6) , PAGE 2
STATION: GEORGETOWN DE
MONTH: APRIL
YEAR: 2020
LATITUDE: 38 41 N
LONGITUDE: 75 22 W
[TEMPERATURE DATA] [PRECIPITATION DATA] SYMBOLS USED IN COLUMN 16
AVERAGE MONTHLY: 53.3 TOTAL FOR MONTH: 3.69 1 = FOG OR MIST
DPTR FM NORMAL: -0.7 DPTR FM NORMAL: 0.06 2 = FOG REDUCING VISIBILITY
HIGHEST: 78 ON 13, 8 GRTST 24HR 1.23 ON 12-13 TO 1/4 MILE OR LESS
LOWEST: 31 ON 19 3 = THUNDER
SNOW, ICE PELLETS, HAIL 4 = ICE PELLETS
TOTAL MONTH: M 5 = HAIL
GRTST 24HR M ON M 6 = FREEZING RAIN OR DRIZZLE
GRTST DEPTH: M ON M 7 = DUSTSTORM OR SANDSTORM:
VSBY 1/2 MILE OR LESS
8 = SMOKE OR HAZE
[NO. OF DAYS WITH] [WEATHER - DAYS WITH] 9 = BLOWING SNOW
X = TORNADO
MAX 32 OR BELOW: 0 0.01 INCH OR MORE: 17
MAX 90 OR ABOVE: 0 0.10 INCH OR MORE: 11
MIN 32 OR BELOW: 3 0.50 INCH OR MORE: 2
MIN 0 OR BELOW: 0 1.00 INCH OR MORE: 1
[HDD (BASE 65) ]
TOTAL THIS MO. 348 CLEAR (SCALE 0-3) 10
DPTR FM NORMAL 0 PTCLDY (SCALE 4-7) 15
TOTAL FM JUL 1 3556 CLOUDY (SCALE 8-10) 5
DPTR FM NORMAL -704
[CDD (BASE 65) ]
TOTAL THIS MO. 5
DPTR FM NORMAL -13 [PRESSURE DATA]
TOTAL FM JAN 1 11 HIGHEST SLP 30.37 ON 17
DPTR FM NORMAL -9 LOWEST SLP 29.22 ON 9
[REMARKS]
#FINAL-04-20#