000
CXUS53 KIND 010600
CF6GEZ
PRELIMINARY LOCAL CLIMATOLOGICAL DATA (WS FORM: F-6)
STATION: SHELBYVILLE IN
MONTH: APRIL
YEAR: 2020
LATITUDE: 39 35 N
LONGITUDE: 85 48 W
TEMPERATURE IN F: :PCPN: SNOW: WIND :SUNSHINE: SKY :PK WND
================================================================================
1 2 3 4 5 6A 6B 7 8 9 10 11 12 13 14 15 16 17 18
12Z AVG MX 2MIN
DY MAX MIN AVG DEP HDD CDD WTR SNW DPTH SPD SPD DIR MIN PSBL S-S WX SPD DR
================================================================================
1 54 41 48 0 17 0 0.00 M M 6.9 15 350 M M 9 19 350
2 62 34 48 0 17 0 0.00 M M 2.4 10 20 M M 0 18 15 10
3 70 44 57 8 8 0 0.00 M M 4.5 10 90 M M 3 12 50
4 65 48 57 8 8 0 T M M 7.3 16 340 M M 7 20 320
5 55 45 50 1 15 0 0.07 M M 6.9 13 30 M M 10 18 16 360
6 72 42 57 7 8 0 0.00 M M 5.6 13 260 M M 8 18 17 260
7 81 56 69 19 0 4 0.00 M M 11.6 21 230 M M 5 30 240
8 81 56 69 19 0 4 0.33 M M 8.3 41 340 M M 5 3 59 340
9 57 37 47 -4 18 0 T M M 18.1 30 310 M M 4 43 310
10 52 34 43 -8 22 0 0.00 M M 11.5 20 260 M M 2 28 290
11 64 39 52 1 13 0 0.07 M M 9.6 21 170 M M 5 29 150
12 63 48 56 4 9 0 0.09 M M 11.7 22 170 M M 10 30 160
13 56 40 48 -4 17 0 T M M 15.1 36 290 M M 8 18 49 290
14 48 33 41 -11 24 0 0.00 M M 8.9 22 250 M M 3 31 250
15 50 28 39 -14 26 0 T M M 12.2 31 230 M M 3 44 240
16 50 26 38 -15 27 0 0.01 M M 7.7 20 250 M M 4 27 270
17 51 38 45 -8 20 0 0.24 M M 12.1 22 320 M M 10 18 33 110
18 58 34 46 -8 19 0 0.00 M M 8.9 17 230 M M 4 18 23 210
19 62 40 51 -3 14 0 T M M 8.2 14 180 M M 2 20 190
20 67 38 53 -1 12 0 0.02 M M 9.0 32 250 M M 2 44 240
21 57 43 50 -5 15 0 0.00 M M 14.7 28 290 M M 2 41 290
22 75 32 54 -1 11 0 0.00 M M 9.0 21 210 M M 1 31 210
23 58 52 55 0 10 0 0.54 M M 7.6 13 110 M M 8 18 16 110
24 70 47 59 3 6 0 0.00 M M 5.4 15 20 M M 7 18 21 20
25 71 49 60 4 5 0 0.12 M M 11.1 23 150 M M 4 8 29 140
26 65 43 54 -2 11 0 0.16 M M 15.9 28 350 M M 5 1 41 350
27 69 36 53 -4 12 0 T M M 7.9 20 190 M M 2 29 200
28 79 56 68 11 0 3 0.00 M M 13.6 25 180 M M 7 33 200
29 67 51 59 2 6 0 0.36 M M 14.4 26 160 M M 8 18 36 160
30 52 46 49 -9 16 0 0.12 M M 14.5 26 310 M M 10 1 35 300
================================================================================
SM 1881 1256 386 11 2.13 M 300.6 M 158
================================================================================
AV 62.7 41.9 10.0 FASTST M M 5 MAX(MPH)
MISC ----> 41 340 59 340
================================================================================
NOTES:
# LAST OF SEVERAL OCCURRENCES
COLUMN 17 PEAK WIND IN M.P.H.
PRELIMINARY LOCAL CLIMATOLOGICAL DATA (WS FORM: F-6) , PAGE 2
STATION: SHELBYVILLE IN
MONTH: APRIL
YEAR: 2020
LATITUDE: 39 35 N
LONGITUDE: 85 48 W
[TEMPERATURE DATA] [PRECIPITATION DATA] SYMBOLS USED IN COLUMN 16
AVERAGE MONTHLY: 52.3 TOTAL FOR MONTH: 2.13 1 = FOG OR MIST
DPTR FM NORMAL: -0.5 DPTR FM NORMAL: -2.19 2 = FOG REDUCING VISIBILITY
HIGHEST: 81 ON 8, 7 GRTST 24HR 0.54 ON 23-23 TO 1/4 MILE OR LESS
LOWEST: 26 ON 16 3 = THUNDER
SNOW, ICE PELLETS, HAIL 4 = ICE PELLETS
TOTAL MONTH: M 5 = HAIL
GRTST 24HR M ON M 6 = FREEZING RAIN OR DRIZZLE
GRTST DEPTH: M ON M 7 = DUSTSTORM OR SANDSTORM:
VSBY 1/2 MILE OR LESS
8 = SMOKE OR HAZE
[NO. OF DAYS WITH] [WEATHER - DAYS WITH] 9 = BLOWING SNOW
X = TORNADO
MAX 32 OR BELOW: 0 0.01 INCH OR MORE: 12
MAX 90 OR ABOVE: 0 0.10 INCH OR MORE: 7
MIN 32 OR BELOW: 3 0.50 INCH OR MORE: 1
MIN 0 OR BELOW: 0 1.00 INCH OR MORE: 0
[HDD (BASE 65) ]
TOTAL THIS MO. 386 CLEAR (SCALE 0-3) 9
DPTR FM NORMAL 9 PTCLDY (SCALE 4-7) 15
TOTAL FM JUL 1 4559 CLOUDY (SCALE 8-10) 6
DPTR FM NORMAL -701
[CDD (BASE 65) ]
TOTAL THIS MO. 11
DPTR FM NORMAL -1 [PRESSURE DATA]
TOTAL FM JAN 1 12 HIGHEST SLP M ON M
DPTR FM NORMAL -1 LOWEST SLP 29.34 ON 13
[REMARKS]
#FINAL-04-20#