000
CXUS53 KFGF 010815
CF6GFK
PRELIMINARY LOCAL CLIMATOLOGICAL DATA (WS FORM: F-6)
STATION: GRAND FORKS INTL AP ND
MONTH: MARCH
YEAR: 2022
LATITUDE: 47 57 N
LONGITUDE: 97 11 W
TEMPERATURE IN F: :PCPN: SNOW: WIND :SUNSHINE: SKY :PK WND
================================================================================
1 2 3 4 5 6A 6B 7 8 9 10 11 12 13 14 15 16 17 18
12Z AVG MX 2MIN
DY MAX MIN AVG DEP HDD CDD WTR SNW DPTH SPD SPD DIR MIN PSBL S-S WX SPD DR
================================================================================
1 18 6 12 -4 53 0 T T 8 5.6 13 10 M M 8 18 15 10
2 17 -9 4 -13 61 0 0.01 0.1 7 12.5 23 360 M M 7 1 28 350
3 12 -12 0 -17 65 0 0.00 0.0 7 4.6 10 150 M M 5 13 180
4 23 8 16 -2 49 0 0.00 0.0 7 9.3 18 70 M M 10 23 80
5 27 19 23 5 42 0 0.00 0.0 7 14.0 24 350 M M 9 30 340
6 24 8 16 -3 49 0 T T 8 14.7 23 340 M M 8 18 30 330
7 25 3 14 -5 51 0 0.00 0.0 7 11.1 22 190 M M 2 27 200
8 31 8 20 0 45 0 0.02 0.4 7 19.6 28 300 M M 8 189 36 300
9 11 -3 4 -16 61 0 T T 7 11.9 21 330 M M 5 18 26 340
10 21 -10 6 -15 59 0 T T 6 18.2 35 300 M M 4 189 44 290
11 3 -8 -2 -24 67 0 0.00 0.0 7 17.9 30 340 M M 6 189 38 290
12 30 -14 8 -14 57 0 0.03 0.3 7 15.4 33 180 M M 6 9 42 180
13 30 7 19 -4 46 0 0.00 0.0 7 9.8 17 360 M M 7 30 350
14 28 8 18 -5 47 0 0.00 0.0 6 7.2 16 190 M M 7 M M
15 36 23 30 6 35 0 0.00 0.0 6 10.4 20 180 M M 7 25 180
16 45 30 38 14 27 0 0.00 0.0 6 10.5 20 280 M M 5 36 260
17 40 29 35 10 30 0 0.00 0.0 4 7.1 16 320 M M 5 1 21 310
18 41 23 32 6 33 0 0.00 0.0 4 8.0 15 180 M M 4 12 19 190
19 50 27 39 13 26 0 0.00 0.0 3 6.9 14 330 M M 2 18 330
20 52 25 39 12 26 0 0.00 0.0 2 11.2 23 120 M M 4 1 30 110
21 52 30 41 14 24 0 0.15 0.0 2 9.2 24 320 M M 8 16 32 320
22 45 27 36 8 29 0 T T 1 12.3 21 350 M M 8 28 320
23 37 29 33 5 32 0 0.00 0.0 T 19.2 31 350 M M 10 40 340
24 46 25 36 7 29 0 T 0.0 0 11.5 32 310 M M 7 46 300
25 35 16 26 -4 39 0 0.02 0.2 T 23.9 35 330 M M 8 18 45 330
26 18 6 12 -18 53 0 0.00 0.0 0 19.3 28 340 M M 1 38 330
27 24 3 14 -17 51 0 0.00 0.0 0 5.2 12 360 M M 2 16 360
28 38 16 27 -4 38 0 0.00 0.0 0 16.9 28 150 M M 6 35 140
29 43 29 36 4 29 0 0.05 0.0 0 13.6 23 160 M M 7 1 32 180
30 32 22 27 -5 38 0 0.02 T 0 21.3 32 350 M M 9 1 45 350
31 37 21 29 -4 36 0 0.00 0.0 0 9.7 20 360 M M 6 26 360
================================================================================
SM 971 392 1327 0 0.30 1.0 388.0 M 191
================================================================================
AV 31.3 12.6 12.5 FASTST M M 6 MAX(MPH)
MISC ----> # 35 300 46 300
================================================================================
NOTES:
# LAST OF SEVERAL OCCURRENCES
COLUMN 17 PEAK WIND IN M.P.H.
PRELIMINARY LOCAL CLIMATOLOGICAL DATA (WS FORM: F-6) , PAGE 2
STATION: GRAND FORKS INTL AP ND
MONTH: MARCH
YEAR: 2022
LATITUDE: 47 57 N
LONGITUDE: 97 11 W
[TEMPERATURE DATA] [PRECIPITATION DATA] SYMBOLS USED IN COLUMN 16
AVERAGE MONTHLY: 22.0 TOTAL FOR MONTH: 0.30 1 = FOG OR MIST
DPTR FM NORMAL: -2.4 DPTR FM NORMAL: -0.61 2 = FOG REDUCING VISIBILITY
HIGHEST: 52 ON 20,21 GRTST 24HR 0.15 ON 21-21 TO 1/4 MILE OR LESS
LOWEST: -14 ON 12 3 = THUNDER
SNOW, ICE PELLETS, HAIL 4 = ICE PELLETS
TOTAL MONTH: 1.0 INCH 5 = HAIL
GRTST 24HR 0.4 ON 8- 8 6 = FREEZING RAIN OR DRIZZLE
GRTST DEPTH: 8 ON 6, 1 7 = DUSTSTORM OR SANDSTORM:
VSBY 1/2 MILE OR LESS
8 = SMOKE OR HAZE
[NO. OF DAYS WITH] [WEATHER - DAYS WITH] 9 = BLOWING SNOW
X = TORNADO
MAX 32 OR BELOW: 17 0.01 INCH OR MORE: 7
MAX 90 OR ABOVE: 0 0.10 INCH OR MORE: 1
MIN 32 OR BELOW: 31 0.50 INCH OR MORE: 0
MIN 0 OR BELOW: 6 1.00 INCH OR MORE: 0
[HDD (BASE 65) ]
TOTAL THIS MO. 1327 CLEAR (SCALE 0-3) 4
DPTR FM NORMAL 70 PTCLDY (SCALE 4-7) 23
TOTAL FM JUL 1 8415 CLOUDY (SCALE 8-10) 4
DPTR FM NORMAL 51
[CDD (BASE 65) ]
TOTAL THIS MO. 0
DPTR FM NORMAL 0 [PRESSURE DATA]
TOTAL FM JAN 1 0 HIGHEST SLP M ON M
DPTR FM NORMAL 0 LOWEST SLP 29.62 ON 12
[REMARKS]
#FINAL-03-22#