400
CXUS54 KFWD 010730
CF6GKY
PRELIMINARY LOCAL CLIMATOLOGICAL DATA (WS FORM: F-6)
STATION: ARLINGTON
MONTH: OCTOBER
YEAR: 2020
LATITUDE: 32 39 N
LONGITUDE: 97 6 W
TEMPERATURE IN F: :PCPN: SNOW: WIND :SUNSHINE: SKY :PK WND
================================================================================
1 2 3 4 5 6A 6B 7 8 9 10 11 12 13 14 15 16 17 18
12Z AVG MX 2MIN
DY MAX MIN AVG DEP HDD CDD WTR SNW DPTH SPD SPD DIR MIN PSBL S-S WX SPD DR
================================================================================
1 85 53 69 -3 0 4 0.00 0.0 0 7.9 20 10 M M 0 25 20
2 79 49 64 -8 1 0 0.00 0.0 0 5.1 13 110 M M 0 18 130
3 86 57 72 1 0 7 0.00 0.0 0 7.8 17 160 M M 0 24 170
4 81 54 68 -3 0 3 0.00 0.0 0 6.9 17 30 M M 1 24 350
5 82 51 67 -4 0 2 0.00 0.0 0 7.4 16 120 M M 0 20 120
6 89 60 75 5 0 10 0.00 0.0 0 6.3 14 120 M M 0 21 140
7 89 61 75 5 0 10 0.00 0.0 0 5.4 14 120 M M 0 19 110
8 89 57 73 3 0 8 0.00 0.0 0 4.6 13 110 M M 1 17 120
9 88 67 78 9 0 13 0.00 0.0 0 5.0 16 60 M M 4 18 21 50
10 90 62 76 7 0 11 0.00 0.0 0 2.8 10 160 M M 2 1 14 190
11 98 68 83 14 0 18 0.00 0.0 0 9.4 16 160 M M 0 26 160
12 84 51 68 0 0 3 0.00 0.0 0 10.5 23 350 M M 1 8 32 330
13 86 47 67 -1 0 2 0.00 0.0 0 3.1 10 150 M M 0 1 16 120
14 93 53 73 5 0 8 0.00 0.0 0 11.0 21 160 M M 0 31 170
15 80 66 73 6 0 8 0.00 0.0 0 13.7 31 360 M M 6 41 10
16 74 49 62 -5 3 0 0.00 0.0 0 8.1 21 10 M M 1 29 30
17 78 48 63 -4 2 0 0.00 0.0 0 11.7 23 160 M M 3 39 150
18 91 61 76 10 0 11 0.00 0.0 0 12.8 23 190 M M 5 38 160
19 69 57 63 -3 2 0 0.00 0.0 0 7.0 12 310 M M 7 8 15 340
20 90 65 78 12 0 13 0.00 0.0 0 8.4 20 140 M M 6 26 150
21 88 71 80 14 0 15 0.00 0.0 0 12.0 20 130 M M 4 27 130
22 88 70 79 14 0 14 0.00 0.0 0 12.5 21 140 M M 4 1 29 150
23 76 52 64 -1 1 0 0.48 0.0 M 15.0 28 330 M M 9 13 38 340
24 61 49 55 -10 10 0 0.00 0.0 0 5.9 18 340 M M 7 25 350
25 66 51 59 -5 6 0 0.04 0.0 0 8.4 15 30 M M 7 18 22 50
26 57 40 49 -15 16 0 0.15 0.0 0 14.3 23 330 M M 9 1 28 320
27 42 40 41 -23 24 0 0.02 M 0 11.9 18 360 M M 10 1 24 330
28 49 37 43 -20 22 0 0.33 M 0 8.5 18 300 M M 7 1 26 310
29 63 37 50 -13 15 0 0.00 0.0 0 10.0 21 300 M M 6 32 310
30 70 35 53 -10 12 0 0.00 0.0 0 2.2 8 30 M M 0 11 40
31 74 39 57 -5 8 0 0.00 0.0 0 4.6 16 150 M M 0 1 22 150
================================================================================
SM 2435 1657 122 160 1.02 0.0 260.2 M 100
================================================================================
AV 78.6 53.5 8.4 FASTST M M 3 MAX(MPH)
MISC ----> # 31 360 # 41 10
================================================================================
NOTES:
# LAST OF SEVERAL OCCURRENCES
COLUMN 17 PEAK WIND IN M.P.H.
PRELIMINARY LOCAL CLIMATOLOGICAL DATA (WS FORM: F-6) , PAGE 2
STATION: ARLINGTON
MONTH: OCTOBER
YEAR: 2020
LATITUDE: 32 39 N
LONGITUDE: 97 6 W
[TEMPERATURE DATA] [PRECIPITATION DATA] SYMBOLS USED IN COLUMN 16
AVERAGE MONTHLY: 66.0 TOTAL FOR MONTH: 1.02 1 = FOG OR MIST
DPTR FM NORMAL: -1.2 DPTR FM NORMAL: -3.57 2 = FOG REDUCING VISIBILITY
HIGHEST: 98 ON 11 GRTST 24HR 0.48 ON 23-23 TO 1/4 MILE OR LESS
LOWEST: 35 ON 30 3 = THUNDER
SNOW, ICE PELLETS, HAIL 4 = ICE PELLETS
TOTAL MONTH: 0.0 INCH 5 = HAIL
GRTST 24HR 0.0 6 = FREEZING RAIN OR DRIZZLE
GRTST DEPTH: 0 7 = DUSTSTORM OR SANDSTORM:
VSBY 1/2 MILE OR LESS
8 = SMOKE OR HAZE
[NO. OF DAYS WITH] [WEATHER - DAYS WITH] 9 = BLOWING SNOW
X = TORNADO
MAX 32 OR BELOW: 0 0.01 INCH OR MORE: 5
MAX 90 OR ABOVE: 5 0.10 INCH OR MORE: 3
MIN 32 OR BELOW: 0 0.50 INCH OR MORE: 0
MIN 0 OR BELOW: 0 1.00 INCH OR MORE: 0
[HDD (BASE 65) ]
TOTAL THIS MO. 122 CLEAR (SCALE 0-3) 16
DPTR FM NORMAL 52 PTCLDY (SCALE 4-7) 12
TOTAL FM JUL 1 123 CLOUDY (SCALE 8-10) 3
DPTR FM NORMAL 49
[CDD (BASE 65) ]
TOTAL THIS MO. 160
DPTR FM NORMAL 23 [PRESSURE DATA]
TOTAL FM JAN 1 3053 HIGHEST SLP M ON M
DPTR FM NORMAL 465 LOWEST SLP 29.67 ON M
[REMARKS]
#FINAL-10-20#