000
CXUS54 KJAN 012034
CF6GLH
PRELIMINARY LOCAL CLIMATOLOGICAL DATA (WS FORM: F-6)
STATION: GREENVILLE
MONTH: APRIL
YEAR: 2023
LATITUDE: 33 29 N
LONGITUDE: 90 59 W
TEMPERATURE IN F: :PCPN: SNOW: WIND :SUNSHINE: SKY :PK WND
================================================================================
1 2 3 4 5 6A 6B 7 8 9 10 11 12 13 14 15 16 17 18
12Z AVG MX 2MIN
DY MAX MIN AVG DEP HDD CDD WTR SNW DPTH SPD SPD DIR MIN PSBL S-S WX SPD DR
================================================================================
1 80 52 66 6 0 1 0.01 0.0 0 10.5 20 270 M M 1 27 270
2 76 46 61 1 4 0 M 0.0 0 8.1 15 160 M M 1 3 25 160
3 82 46 64 4 1 0 0.03 0.0 0 9.0 20 190 M M 6 13 26 190
4 86 69 78 17 0 13 0.00 0.0 0 15.2 29 180 M M 3 1 38 180
5 82 65 74 13 0 9 0.48 0.0 0 11.7 28 240 M M 6 13 42 240
6 65 49 57 -4 8 0 2.28 0.0 0 15.6 29 30 M M 10 13 37 30
7 56 49 53 -9 12 0 0.33 0.0 0 12.8 24 50 M M 10 1 31 50
8 62 53 58 -4 7 0 T 0.0 0 10.5 17 20 M M 10 21 20
9 69 54 62 0 3 0 0.00 0.0 0 7.5 16 60 M M 7 1 21 50
10 73 49 61 -1 4 0 0.00 0.0 0 3.5 14 70 M M 4 12 17 70
11 76 50 63 0 2 0 0.00 0.0 0 4.4 14 40 M M 1 20 80
12 78 50 64 1 1 0 0.00 0.0 0 2.6 10 100 M M 1 8 15 120
13 75 57 66 3 0 1 0.09 0.0 0 9.4 28 20 M M 8 1 37 10
14 79 53 66 2 0 1 0.00 0.0 0 7.2 15 180 M M 2 23 190
15 78 60 69 5 0 4 0.22 0.0 0 11.6 22 170 M M 5 13 32 170
16 68 51 60 -4 5 0 0.00 0.0 0 12.3 23 310 M M 1 36 310
17 74 46 60 -4 5 0 0.00 0.0 0 6.8 14 330 M M 0 19 300
18 77 48 63 -2 2 0 0.00 0.0 0 8.6 18 180 M M 0 28 190
19 84 52 68 3 0 3 0.00 0.0 0 10.3 21 180 M M 0 8 27 170
20 82 60 71 6 0 6 0.00 0.0 0 12.2 21 170 M M 2 28 190
21 73 49 61 -5 4 0 1.00 0.0 0 8.1 30 300 M M 8 13 45 310
22 74 45 60 -6 5 0 T 0.0 0 4.4 17 10 M M 3 12 24 360
23 58 49 54 -12 11 0 0.00 0.0 0 11.1 24 30 M M 7 32 20
24 68 49 59 -7 6 0 0.00 0.0 0 9.2 17 50 M M 4 26 20
25 72 51 62 -5 3 0 T 0.0 0 10.0 18 40 M M 7 23 40
26 62 52 57 -10 8 0 0.27 0.0 0 9.0 23 330 M M 9 1 29 330
27 74 58 66 -1 0 1 0.07 0.0 0 5.2 17 130 M M 8 1 22 130
28 72 57 65 -3 0 0 0.00 0.0 0 5.1 12 320 M M 4 1 15 330
29 71 58 65 -3 0 0 2.17 0.0 0 8.5 23 340 M M 7 123 30 340
30 75 53 64 -4 1 0 0.00 0.0 0 9.4 21 290 M M 0 36 280
================================================================================
SM 2201 1580 92 39 6.95 0.0 269.8 M 135
================================================================================
AV 73.4 52.7 9.0 FASTST M M 5 MAX(MPH)
MISC ----> 30 300 45 310
================================================================================
NOTES:
# LAST OF SEVERAL OCCURRENCES
COLUMN 17 PEAK WIND IN M.P.H.
PRELIMINARY LOCAL CLIMATOLOGICAL DATA (WS FORM: F-6) , PAGE 2
STATION: GREENVILLE
MONTH: APRIL
YEAR: 2023
LATITUDE: 33 29 N
LONGITUDE: 90 59 W
[TEMPERATURE DATA] [PRECIPITATION DATA] SYMBOLS USED IN COLUMN 16
AVERAGE MONTHLY: 63.0 TOTAL FOR MONTH: 6.95 1 = FOG OR MIST
DPTR FM NORMAL: -1.0 DPTR FM NORMAL: 1.94 2 = FOG REDUCING VISIBILITY
HIGHEST: 86 ON 4 GRTST 24HR 2.35 ON 5- 6 TO 1/4 MILE OR LESS
LOWEST: 45 ON 22 3 = THUNDER
SNOW, ICE PELLETS, HAIL 4 = ICE PELLETS
TOTAL MONTH: 0.0 INCH 5 = HAIL
GRTST 24HR 0.0 6 = FREEZING RAIN OR DRIZZLE
GRTST DEPTH: 0 7 = DUSTSTORM OR SANDSTORM:
VSBY 1/2 MILE OR LESS
8 = SMOKE OR HAZE
[NO. OF DAYS WITH] [WEATHER - DAYS WITH] 9 = BLOWING SNOW
X = TORNADO
MAX 32 OR BELOW: 0 0.01 INCH OR MORE: 11
MAX 90 OR ABOVE: 0 0.10 INCH OR MORE: 7
MIN 32 OR BELOW: 0 0.50 INCH OR MORE: 3
MIN 0 OR BELOW: 0 1.00 INCH OR MORE: 3
[HDD (BASE 65) ]
TOTAL THIS MO. 92 CLEAR (SCALE 0-3) 13
DPTR FM NORMAL -13 PTCLDY (SCALE 4-7) 12
TOTAL FM JUL 1 1948 CLOUDY (SCALE 8-10) 5
DPTR FM NORMAL -657
[CDD (BASE 65) ]
TOTAL THIS MO. 39
DPTR FM NORMAL -37 [PRESSURE DATA]
TOTAL FM JAN 1 130 HIGHEST SLP 30.36 ON 10
DPTR FM NORMAL 27 LOWEST SLP 29.66 ON 29
[REMARKS]
#FINAL-04-23#